{"id":218332,"date":"2022-12-08T15:45:29","date_gmt":"2022-12-08T14:45:29","guid":{"rendered":"https:\/\/www.parispackagingweek.com\/?post_type=guest&#038;p=218332"},"modified":"2022-12-13T17:39:34","modified_gmt":"2022-12-13T16:39:34","slug":"jason-galley-ball","status":"publish","type":"guest","link":"https:\/\/www.parispackagingweek.com\/fr\/speaker\/jason-galley-ball\/","title":{"rendered":"Jason Galley, Ball Aerosol Packaging"},"content":{"rendered":"<p>Senior Director of Innovation &amp; Business Development<\/p>\n<p>Jason Galley a pass\u00e9 les 32 derni\u00e8res ann\u00e9es dans l&rsquo;industrie de l&#8217;emballage m\u00e9tallique. Il a occup\u00e9 divers postes au sein de l&rsquo;ing\u00e9nierie et des op\u00e9rations et est actuellement directeur de l&rsquo;innovation, de la durabilit\u00e9 et du d\u00e9veloppement commercial de Ball Aerosol Packaging. L&rsquo;expertise technologique mondiale de Ball Corporation, associ\u00e9e \u00e0 son exp\u00e9rience du march\u00e9 des a\u00e9rosols, fait de Ball Aerosol Packaging le partenaire privil\u00e9gi\u00e9 des principaux sp\u00e9cialistes du marketing et du remplissage des a\u00e9rosols.<\/p>\n","protected":false},"excerpt":{"rendered":"<p>Senior Director of Innovation &amp; Business Development Jason Galley a pass\u00e9 les 32 derni\u00e8res ann\u00e9es dans l&rsquo;industrie de l&#8217;emballage m\u00e9tallique. Il a occup\u00e9 divers postes au sein de l&rsquo;ing\u00e9nierie et des op\u00e9rations et est actuellement directeur de l&rsquo;innovation, de la durabilit\u00e9 et du d\u00e9veloppement commercial de Ball Aerosol Packaging. L&rsquo;expertise technologique mondiale de Ball Corporation, [&hellip;]<\/p>\n","protected":false},"featured_media":220204,"template":"","meta":{"_seopress_robots_primary_cat":"","_seopress_titles_title":"ADF Talks 2023 | Jason Galley, Ball Aerosol Packaging ","_seopress_titles_desc":"","_seopress_robots_index":"","_company_name":"","_job_title":"","_visit_me":"","_email":"","_linkedin":"","_twitter":"","_facebook":"","_instagram":"","_youtube":"","_imdb":"","footnotes":""},"edition":[585],"guest_type":[577],"work":[],"class_list":["post-218332","guest","type-guest","status-publish","has-post-thumbnail","hentry","edition-paris-packaging-week-speakers-2023","guest_type-adf-speakers-2023"],"_cover_image":null,"_links":{"self":[{"href":"https:\/\/www.parispackagingweek.com\/fr\/wp-json\/wp\/v2\/guest\/218332","targetHints":{"allow":["GET"]}}],"collection":[{"href":"https:\/\/www.parispackagingweek.com\/fr\/wp-json\/wp\/v2\/guest"}],"about":[{"href":"https:\/\/www.parispackagingweek.com\/fr\/wp-json\/wp\/v2\/types\/guest"}],"version-history":[{"count":2,"href":"https:\/\/www.parispackagingweek.com\/fr\/wp-json\/wp\/v2\/guest\/218332\/revisions"}],"predecessor-version":[{"id":220214,"href":"https:\/\/www.parispackagingweek.com\/fr\/wp-json\/wp\/v2\/guest\/218332\/revisions\/220214"}],"wp:featuredmedia":[{"embeddable":true,"href":"https:\/\/www.parispackagingweek.com\/fr\/wp-json\/wp\/v2\/media\/220204"}],"wp:attachment":[{"href":"https:\/\/www.parispackagingweek.com\/fr\/wp-json\/wp\/v2\/media?parent=218332"}],"wp:term":[{"taxonomy":"edition","embeddable":true,"href":"https:\/\/www.parispackagingweek.com\/fr\/wp-json\/wp\/v2\/edition?post=218332"},{"taxonomy":"guest_type","embeddable":true,"href":"https:\/\/www.parispackagingweek.com\/fr\/wp-json\/wp\/v2\/guest_type?post=218332"},{"taxonomy":"work","embeddable":true,"href":"https:\/\/www.parispackagingweek.com\/fr\/wp-json\/wp\/v2\/work?post=218332"}],"curies":[{"name":"wp","href":"https:\/\/api.w.org\/{rel}","templated":true}]}}

<p>Senior Director of Innovation &amp; Business Development</p>
<p>Jason Galley a passé les 32 dernières années dans l&rsquo;industrie de l&#8217;emballage métallique. Il a occupé divers postes au sein de l&rsquo;ingénierie et des opérations et est actuellement directeur de l&rsquo;innovation, de la durabilité et du développement commercial de Ball Aerosol Packaging. L&rsquo;expertise technologique mondiale de Ball Corporation, associée à son expérience du marché des aérosols, fait de Ball Aerosol Packaging le partenaire privilégié des principaux spécialistes du marketing et du remplissage des aérosols.</p>

<p>Senior Director of Innovation &amp; Business Development Jason Galley a passé les 32 dernières années dans l&rsquo;industrie de l&#8217;emballage métallique. Il a occupé divers postes au sein de l&rsquo;ingénierie et des opérations et est actuellement directeur de l&rsquo;innovation, de la durabilité et du développement commercial de Ball Aerosol Packaging. L&rsquo;expertise technologique mondiale de Ball Corporation, [&hellip;]</p>
