{"id":219653,"date":"2022-12-12T22:02:05","date_gmt":"2022-12-12T21:02:05","guid":{"rendered":"https:\/\/www.parispackagingweek.com\/?post_type=guest&#038;p=219653"},"modified":"2024-01-09T14:31:28","modified_gmt":"2024-01-09T13:31:28","slug":"martin-calmettes-eco-in-pack","status":"publish","type":"guest","link":"https:\/\/www.parispackagingweek.com\/fr\/speaker\/martin-calmettes-eco-in-pack\/","title":{"rendered":"Martin Calmettes"},"content":{"rendered":"<p>Ing\u00e9nieur packaging de formation, Martin Calmettes a acquis une vingtaine d\u2019ann\u00e9e d\u2019exp\u00e9rience dans le d\u00e9veloppement produit des secteurs des Vins &amp; Spiritueux et Parfums &amp; Cosm\u00e9tique, avec une sp\u00e9cialisation sur les sujets de la RSE et de l\u2019\u00e9co-conception.<br \/>\nPour faire face aux enjeux \u00e9nerg\u00e9tiques, sociaux et environnementaux, Martin a cofond\u00e9, avec Pierre Olivier Bouvry, la soci\u00e9t\u00e9 Eco In Pack, dont la raison d\u2019\u00eatre est d\u2019accompagner les marques dans la r\u00e9duction de l\u2019empreinte environnementale de leurs produits.<br \/>\nEco In Pack aborde l\u2019\u00e9co-conception au sens large : d\u00e8s la phase d\u2019id\u00e9ation des projets (\u00e9co-design) jusqu\u2019\u00e0 la phase de d\u00e9veloppement (\u00e9co-ex\u00e9cution), et en mettant en \u0153uvre des solutions d\u2019\u00e9conomie circulaire \u00e0 fort impact. Parmi ces solutions, Eco In Pack a d\u00e9velopp\u00e9 Clean Bottle, un dispositif innovant permettant la r\u00e9utilisation des contenants en verre quel que soit leur forme.<\/p>\n","protected":false},"excerpt":{"rendered":"<p>Ing\u00e9nieur packaging de formation, Martin Calmettes a acquis une vingtaine d\u2019ann\u00e9e d\u2019exp\u00e9rience dans le d\u00e9veloppement produit des secteurs des Vins &amp; Spiritueux et Parfums &amp; Cosm\u00e9tique, avec une sp\u00e9cialisation sur les sujets de la RSE et de l\u2019\u00e9co-conception. Pour faire face aux enjeux \u00e9nerg\u00e9tiques, sociaux et environnementaux, Martin a cofond\u00e9, avec Pierre Olivier Bouvry, la [&hellip;]<\/p>\n","protected":false},"featured_media":219656,"template":"","meta":{"_seopress_robots_primary_cat":"","_seopress_titles_title":"Circular Economy Stage | Martin Calmettes, Eco In Pack","_seopress_titles_desc":"","_seopress_robots_index":"","_company_name":"Eco In Pack","_job_title":"Co-Founder","_visit_me":"","_email":"","_linkedin":"","_twitter":"","_facebook":"","_instagram":"","_youtube":"","_imdb":"","footnotes":""},"edition":[744],"guest_type":[769],"work":[],"class_list":["post-219653","guest","type-guest","status-publish","has-post-thumbnail","hentry","edition-paris-packaging-week-speakers-2024","guest_type-circular-economy-stage"],"_cover_image":null,"_links":{"self":[{"href":"https:\/\/www.parispackagingweek.com\/fr\/wp-json\/wp\/v2\/guest\/219653","targetHints":{"allow":["GET"]}}],"collection":[{"href":"https:\/\/www.parispackagingweek.com\/fr\/wp-json\/wp\/v2\/guest"}],"about":[{"href":"https:\/\/www.parispackagingweek.com\/fr\/wp-json\/wp\/v2\/types\/guest"}],"version-history":[{"count":2,"href":"https:\/\/www.parispackagingweek.com\/fr\/wp-json\/wp\/v2\/guest\/219653\/revisions"}],"predecessor-version":[{"id":308851,"href":"https:\/\/www.parispackagingweek.com\/fr\/wp-json\/wp\/v2\/guest\/219653\/revisions\/308851"}],"wp:featuredmedia":[{"embeddable":true,"href":"https:\/\/www.parispackagingweek.com\/fr\/wp-json\/wp\/v2\/media\/219656"}],"wp:attachment":[{"href":"https:\/\/www.parispackagingweek.com\/fr\/wp-json\/wp\/v2\/media?parent=219653"}],"wp:term":[{"taxonomy":"edition","embeddable":true,"href":"https:\/\/www.parispackagingweek.com\/fr\/wp-json\/wp\/v2\/edition?post=219653"},{"taxonomy":"guest_type","embeddable":true,"href":"https:\/\/www.parispackagingweek.com\/fr\/wp-json\/wp\/v2\/guest_type?post=219653"},{"taxonomy":"work","embeddable":true,"href":"https:\/\/www.parispackagingweek.com\/fr\/wp-json\/wp\/v2\/work?post=219653"}],"curies":[{"name":"wp","href":"https:\/\/api.w.org\/{rel}","templated":true}]}}

<p>Ingénieur packaging de formation, Martin Calmettes a acquis une vingtaine d’année d’expérience dans le développement produit des secteurs des Vins &amp; Spiritueux et Parfums &amp; Cosmétique, avec une spécialisation sur les sujets de la RSE et de l’éco-conception.<br />
Pour faire face aux enjeux énergétiques, sociaux et environnementaux, Martin a cofondé, avec Pierre Olivier Bouvry, la société Eco In Pack, dont la raison d’être est d’accompagner les marques dans la réduction de l’empreinte environnementale de leurs produits.<br />
Eco In Pack aborde l’éco-conception au sens large : dès la phase d’idéation des projets (éco-design) jusqu’à la phase de développement (éco-exécution), et en mettant en œuvre des solutions d’économie circulaire à fort impact. Parmi ces solutions, Eco In Pack a développé Clean Bottle, un dispositif innovant permettant la réutilisation des contenants en verre quel que soit leur forme.</p>

<p>Ingénieur packaging de formation, Martin Calmettes a acquis une vingtaine d’année d’expérience dans le développement produit des secteurs des Vins &amp; Spiritueux et Parfums &amp; Cosmétique, avec une spécialisation sur les sujets de la RSE et de l’éco-conception. Pour faire face aux enjeux énergétiques, sociaux et environnementaux, Martin a cofondé, avec Pierre Olivier Bouvry, la [&hellip;]</p>
