{"id":223387,"date":"2022-12-27T10:24:25","date_gmt":"2022-12-27T09:24:25","guid":{"rendered":"https:\/\/www.parispackagingweek.com\/?post_type=guest&#038;p=223387"},"modified":"2022-12-27T10:24:25","modified_gmt":"2022-12-27T09:24:25","slug":"elsie-rutterford-bybi","status":"publish","type":"guest","link":"https:\/\/www.parispackagingweek.com\/fr\/speaker\/elsie-rutterford-bybi\/","title":{"rendered":"Elsie Rutterford, BYBI"},"content":{"rendered":"<p>Co-fondatrice<\/p>\n<p>Elsie Rutterford, co-fondatrice de BYBI, a toujours associ\u00e9 la beaut\u00e9 \u00e0 la cr\u00e9ativit\u00e9. Cette londonienne d&rsquo;origine a identifi\u00e9 son potentiel expressif d\u00e8s l&rsquo;enfance, en exp\u00e9rimentant la coiffure et le maquillage afin d&rsquo;imiter le zeitgeist de la mode avant-gardiste. \u00c0 bien des \u00e9gards, cette exp\u00e9rimentation pr\u00e9coce a ouvert la voie \u00e0 BYBI, l&rsquo;alternative visionnaire en mati\u00e8re de soins de la peau qu&rsquo;elle dirige aujourd&rsquo;hui aux c\u00f4t\u00e9s de la cofondatrice Dominika Minarovic.<\/p>\n","protected":false},"excerpt":{"rendered":"<p>Co-fondatrice Elsie Rutterford, co-fondatrice de BYBI, a toujours associ\u00e9 la beaut\u00e9 \u00e0 la cr\u00e9ativit\u00e9. Cette londonienne d&rsquo;origine a identifi\u00e9 son potentiel expressif d\u00e8s l&rsquo;enfance, en exp\u00e9rimentant la coiffure et le maquillage afin d&rsquo;imiter le zeitgeist de la mode avant-gardiste. \u00c0 bien des \u00e9gards, cette exp\u00e9rimentation pr\u00e9coce a ouvert la voie \u00e0 BYBI, l&rsquo;alternative visionnaire en [&hellip;]<\/p>\n","protected":false},"featured_media":223340,"template":"","meta":{"_seopress_robots_primary_cat":"","_seopress_titles_title":"PCD Talks 2023 | Elsie Rutterford, BYBI","_seopress_titles_desc":"","_seopress_robots_index":"","_company_name":"","_job_title":"","_visit_me":"","_email":"","_linkedin":"","_twitter":"","_facebook":"","_instagram":"","_youtube":"","_imdb":"","footnotes":""},"edition":[585],"guest_type":[578],"work":[],"class_list":["post-223387","guest","type-guest","status-publish","has-post-thumbnail","hentry","edition-paris-packaging-week-speakers-2023","guest_type-pcd-speakers-2023"],"_cover_image":null,"_links":{"self":[{"href":"https:\/\/www.parispackagingweek.com\/fr\/wp-json\/wp\/v2\/guest\/223387","targetHints":{"allow":["GET"]}}],"collection":[{"href":"https:\/\/www.parispackagingweek.com\/fr\/wp-json\/wp\/v2\/guest"}],"about":[{"href":"https:\/\/www.parispackagingweek.com\/fr\/wp-json\/wp\/v2\/types\/guest"}],"version-history":[{"count":1,"href":"https:\/\/www.parispackagingweek.com\/fr\/wp-json\/wp\/v2\/guest\/223387\/revisions"}],"predecessor-version":[{"id":223393,"href":"https:\/\/www.parispackagingweek.com\/fr\/wp-json\/wp\/v2\/guest\/223387\/revisions\/223393"}],"wp:featuredmedia":[{"embeddable":true,"href":"https:\/\/www.parispackagingweek.com\/fr\/wp-json\/wp\/v2\/media\/223340"}],"wp:attachment":[{"href":"https:\/\/www.parispackagingweek.com\/fr\/wp-json\/wp\/v2\/media?parent=223387"}],"wp:term":[{"taxonomy":"edition","embeddable":true,"href":"https:\/\/www.parispackagingweek.com\/fr\/wp-json\/wp\/v2\/edition?post=223387"},{"taxonomy":"guest_type","embeddable":true,"href":"https:\/\/www.parispackagingweek.com\/fr\/wp-json\/wp\/v2\/guest_type?post=223387"},{"taxonomy":"work","embeddable":true,"href":"https:\/\/www.parispackagingweek.com\/fr\/wp-json\/wp\/v2\/work?post=223387"}],"curies":[{"name":"wp","href":"https:\/\/api.w.org\/{rel}","templated":true}]}}

<p>Co-fondatrice</p>
<p>Elsie Rutterford, co-fondatrice de BYBI, a toujours associé la beauté à la créativité. Cette londonienne d&rsquo;origine a identifié son potentiel expressif dès l&rsquo;enfance, en expérimentant la coiffure et le maquillage afin d&rsquo;imiter le zeitgeist de la mode avant-gardiste. À bien des égards, cette expérimentation précoce a ouvert la voie à BYBI, l&rsquo;alternative visionnaire en matière de soins de la peau qu&rsquo;elle dirige aujourd&rsquo;hui aux côtés de la cofondatrice Dominika Minarovic.</p>

<p>Co-fondatrice Elsie Rutterford, co-fondatrice de BYBI, a toujours associé la beauté à la créativité. Cette londonienne d&rsquo;origine a identifié son potentiel expressif dès l&rsquo;enfance, en expérimentant la coiffure et le maquillage afin d&rsquo;imiter le zeitgeist de la mode avant-gardiste. À bien des égards, cette expérimentation précoce a ouvert la voie à BYBI, l&rsquo;alternative visionnaire en [&hellip;]</p>
