{"id":223477,"date":"2022-12-27T12:50:39","date_gmt":"2022-12-27T11:50:39","guid":{"rendered":"https:\/\/www.parispackagingweek.com\/?post_type=guest&#038;p=223477"},"modified":"2022-12-27T12:50:39","modified_gmt":"2022-12-27T11:50:39","slug":"matthieu-deboeuf-rouchon-capgemini-engineering","status":"publish","type":"guest","link":"https:\/\/www.parispackagingweek.com\/fr\/speaker\/matthieu-deboeuf-rouchon-capgemini-engineering\/","title":{"rendered":"Matthieu Deboeuf Rouchon, Capgemini Engineering"},"content":{"rendered":"<p>Innovation Manager France<\/p>\n<p>Plus de 12 ans d&rsquo;exp\u00e9rience dans le digital depuis les fonctions de conseil pour accompagner la transformation des grands comptes dans leur positionnement d&rsquo;innovation Partner pour les aider dans leur acc\u00e9l\u00e9ration de transformation.<\/p>\n<p>L&rsquo;\u00e9criture et la transmission sont un fil d&rsquo;Ariane. Je publie pour diff\u00e9rents magazines (Harvard Business Review France, l&rsquo;Usine Digitale, le Journal des Universit\u00e9s, .net), intervenant dans des universit\u00e9s &amp; \u00e9v\u00e9nements internationaux (CES, VivaTech&#8230;)<\/p>\n","protected":false},"excerpt":{"rendered":"<p>Innovation Manager France Plus de 12 ans d&rsquo;exp\u00e9rience dans le digital depuis les fonctions de conseil pour accompagner la transformation des grands comptes dans leur positionnement d&rsquo;innovation Partner pour les aider dans leur acc\u00e9l\u00e9ration de transformation. L&rsquo;\u00e9criture et la transmission sont un fil d&rsquo;Ariane. Je publie pour diff\u00e9rents magazines (Harvard Business Review France, l&rsquo;Usine Digitale, [&hellip;]<\/p>\n","protected":false},"featured_media":223358,"template":"","meta":{"_seopress_robots_primary_cat":"","_seopress_titles_title":"PCD Talks 2023 | Matthieu Deboeuf Rouchon, Capgemini Engineering","_seopress_titles_desc":"","_seopress_robots_index":"","_company_name":"","_job_title":"","_visit_me":"","_email":"","_linkedin":"","_twitter":"","_facebook":"","_instagram":"","_youtube":"","_imdb":"","footnotes":""},"edition":[585],"guest_type":[578],"work":[],"class_list":["post-223477","guest","type-guest","status-publish","has-post-thumbnail","hentry","edition-paris-packaging-week-speakers-2023","guest_type-pcd-speakers-2023"],"_cover_image":null,"_links":{"self":[{"href":"https:\/\/www.parispackagingweek.com\/fr\/wp-json\/wp\/v2\/guest\/223477","targetHints":{"allow":["GET"]}}],"collection":[{"href":"https:\/\/www.parispackagingweek.com\/fr\/wp-json\/wp\/v2\/guest"}],"about":[{"href":"https:\/\/www.parispackagingweek.com\/fr\/wp-json\/wp\/v2\/types\/guest"}],"version-history":[{"count":1,"href":"https:\/\/www.parispackagingweek.com\/fr\/wp-json\/wp\/v2\/guest\/223477\/revisions"}],"predecessor-version":[{"id":223479,"href":"https:\/\/www.parispackagingweek.com\/fr\/wp-json\/wp\/v2\/guest\/223477\/revisions\/223479"}],"wp:featuredmedia":[{"embeddable":true,"href":"https:\/\/www.parispackagingweek.com\/fr\/wp-json\/wp\/v2\/media\/223358"}],"wp:attachment":[{"href":"https:\/\/www.parispackagingweek.com\/fr\/wp-json\/wp\/v2\/media?parent=223477"}],"wp:term":[{"taxonomy":"edition","embeddable":true,"href":"https:\/\/www.parispackagingweek.com\/fr\/wp-json\/wp\/v2\/edition?post=223477"},{"taxonomy":"guest_type","embeddable":true,"href":"https:\/\/www.parispackagingweek.com\/fr\/wp-json\/wp\/v2\/guest_type?post=223477"},{"taxonomy":"work","embeddable":true,"href":"https:\/\/www.parispackagingweek.com\/fr\/wp-json\/wp\/v2\/work?post=223477"}],"curies":[{"name":"wp","href":"https:\/\/api.w.org\/{rel}","templated":true}]}}

<p>Innovation Manager France</p>
<p>Plus de 12 ans d&rsquo;expérience dans le digital depuis les fonctions de conseil pour accompagner la transformation des grands comptes dans leur positionnement d&rsquo;innovation Partner pour les aider dans leur accélération de transformation.</p>
<p>L&rsquo;écriture et la transmission sont un fil d&rsquo;Ariane. Je publie pour différents magazines (Harvard Business Review France, l&rsquo;Usine Digitale, le Journal des Universités, .net), intervenant dans des universités &amp; événements internationaux (CES, VivaTech&#8230;)</p>

<p>Innovation Manager France Plus de 12 ans d&rsquo;expérience dans le digital depuis les fonctions de conseil pour accompagner la transformation des grands comptes dans leur positionnement d&rsquo;innovation Partner pour les aider dans leur accélération de transformation. L&rsquo;écriture et la transmission sont un fil d&rsquo;Ariane. Je publie pour différents magazines (Harvard Business Review France, l&rsquo;Usine Digitale, [&hellip;]</p>
