{"id":223485,"date":"2022-12-27T12:55:27","date_gmt":"2022-12-27T11:55:27","guid":{"rendered":"https:\/\/www.parispackagingweek.com\/?post_type=guest&#038;p=223485"},"modified":"2023-12-01T15:37:31","modified_gmt":"2023-12-01T14:37:31","slug":"chris-joscelyne-butterfly-cannon-2","status":"publish","type":"guest","link":"https:\/\/www.parispackagingweek.com\/fr\/speaker\/chris-joscelyne-butterfly-cannon-2\/","title":{"rendered":"Chris Joscelyne, Butterfly Cannon"},"content":{"rendered":"<p>Marketing Manager<\/p>\n<p>Se d\u00e9crivant lui-m\u00eame comme \u00ab\u00a0un penseur et un faiseur cr\u00e9atif\u00a0\u00bb, Chris a plus de 19 ans d&rsquo;exp\u00e9rience dans l&rsquo;industrie du design, travaillant dans des r\u00f4les multidisciplinaires de conception, d&rsquo;innovation et de gestion, avec des marques au niveau local et mondial. Il a une exp\u00e9rience significative de la strat\u00e9gie cr\u00e9ative, de la direction d&rsquo;\u00e9quipes, du mentorat de talents et de l&rsquo;aide \u00e0 communiquer les histoires des marques avec des id\u00e9es de design originales et brillamment ex\u00e9cut\u00e9es.<\/p>\n<p>Ayant d\u00e9but\u00e9 chez Butterfly Cannon en 2013 en tant que directeur de compte pour Mo\u00ebt Hennessy, Chris a travaill\u00e9 sur des marques telles que Hennessy, Glenmorangie, C\u00ceROC, RedLeg Rum, Blackwoods Gin, Brugal Rum et Diageo India. Aujourd&rsquo;hui directeur du marketing chez Butterfly Cannon, il utilise ses connaissances en mati\u00e8re de design et d&rsquo;entreprise pour diffuser le message de Butterfly Cannon \u00ab\u00a0Des histoires fortes, magnifiquement racont\u00e9es\u00a0\u00bb et leur sp\u00e9cialisation dans les marques de beaut\u00e9, de boissons, d&rsquo;alimentation, de bien-\u00eatre et de style de vie au sens large.<\/p>\n","protected":false},"excerpt":{"rendered":"<p>Marketing Manager Se d\u00e9crivant lui-m\u00eame comme \u00ab\u00a0un penseur et un faiseur cr\u00e9atif\u00a0\u00bb, Chris a plus de 19 ans d&rsquo;exp\u00e9rience dans l&rsquo;industrie du design, travaillant dans des r\u00f4les multidisciplinaires de conception, d&rsquo;innovation et de gestion, avec des marques au niveau local et mondial. Il a une exp\u00e9rience significative de la strat\u00e9gie cr\u00e9ative, de la direction d&rsquo;\u00e9quipes, [&hellip;]<\/p>\n","protected":false},"featured_media":223336,"template":"","meta":{"_seopress_robots_primary_cat":"","_seopress_titles_title":"Packaging Premi\u00e8re Talks 2023 | Chris Joscelyne, Butterfly Cannon","_seopress_titles_desc":"","_seopress_robots_index":"","_company_name":"","_job_title":"","_visit_me":"","_email":"","_linkedin":"","_twitter":"","_facebook":"","_instagram":"","_youtube":"","_imdb":"","footnotes":""},"edition":[585],"guest_type":[600],"work":[],"class_list":["post-223485","guest","type-guest","status-publish","has-post-thumbnail","hentry","edition-paris-packaging-week-speakers-2023","guest_type-front-page"],"_cover_image":null,"_links":{"self":[{"href":"https:\/\/www.parispackagingweek.com\/fr\/wp-json\/wp\/v2\/guest\/223485","targetHints":{"allow":["GET"]}}],"collection":[{"href":"https:\/\/www.parispackagingweek.com\/fr\/wp-json\/wp\/v2\/guest"}],"about":[{"href":"https:\/\/www.parispackagingweek.com\/fr\/wp-json\/wp\/v2\/types\/guest"}],"version-history":[{"count":1,"href":"https:\/\/www.parispackagingweek.com\/fr\/wp-json\/wp\/v2\/guest\/223485\/revisions"}],"predecessor-version":[{"id":223487,"href":"https:\/\/www.parispackagingweek.com\/fr\/wp-json\/wp\/v2\/guest\/223485\/revisions\/223487"}],"wp:featuredmedia":[{"embeddable":true,"href":"https:\/\/www.parispackagingweek.com\/fr\/wp-json\/wp\/v2\/media\/223336"}],"wp:attachment":[{"href":"https:\/\/www.parispackagingweek.com\/fr\/wp-json\/wp\/v2\/media?parent=223485"}],"wp:term":[{"taxonomy":"edition","embeddable":true,"href":"https:\/\/www.parispackagingweek.com\/fr\/wp-json\/wp\/v2\/edition?post=223485"},{"taxonomy":"guest_type","embeddable":true,"href":"https:\/\/www.parispackagingweek.com\/fr\/wp-json\/wp\/v2\/guest_type?post=223485"},{"taxonomy":"work","embeddable":true,"href":"https:\/\/www.parispackagingweek.com\/fr\/wp-json\/wp\/v2\/work?post=223485"}],"curies":[{"name":"wp","href":"https:\/\/api.w.org\/{rel}","templated":true}]}}

<p>Marketing Manager</p>
<p>Se décrivant lui-même comme « un penseur et un faiseur créatif », Chris a plus de 19 ans d&rsquo;expérience dans l&rsquo;industrie du design, travaillant dans des rôles multidisciplinaires de conception, d&rsquo;innovation et de gestion, avec des marques au niveau local et mondial. Il a une expérience significative de la stratégie créative, de la direction d&rsquo;équipes, du mentorat de talents et de l&rsquo;aide à communiquer les histoires des marques avec des idées de design originales et brillamment exécutées.</p>
<p>Ayant débuté chez Butterfly Cannon en 2013 en tant que directeur de compte pour Moët Hennessy, Chris a travaillé sur des marques telles que Hennessy, Glenmorangie, CÎROC, RedLeg Rum, Blackwoods Gin, Brugal Rum et Diageo India. Aujourd&rsquo;hui directeur du marketing chez Butterfly Cannon, il utilise ses connaissances en matière de design et d&rsquo;entreprise pour diffuser le message de Butterfly Cannon « Des histoires fortes, magnifiquement racontées » et leur spécialisation dans les marques de beauté, de boissons, d&rsquo;alimentation, de bien-être et de style de vie au sens large.</p>

<p>Marketing Manager Se décrivant lui-même comme « un penseur et un faiseur créatif », Chris a plus de 19 ans d&rsquo;expérience dans l&rsquo;industrie du design, travaillant dans des rôles multidisciplinaires de conception, d&rsquo;innovation et de gestion, avec des marques au niveau local et mondial. Il a une expérience significative de la stratégie créative, de la direction d&rsquo;équipes, [&hellip;]</p>

Packaging Première Talks 2023 | Chris Joscelyne, Butterfly Cannon
