{"id":223499,"date":"2022-12-27T13:04:01","date_gmt":"2022-12-27T12:04:01","guid":{"rendered":"https:\/\/www.parispackagingweek.com\/?post_type=guest&#038;p=223499"},"modified":"2023-07-26T15:08:08","modified_gmt":"2023-07-26T13:08:08","slug":"solene-joulin-capgemini-engineering","status":"publish","type":"guest","link":"https:\/\/www.parispackagingweek.com\/fr\/speaker\/solene-joulin-capgemini-engineering\/","title":{"rendered":"Sol\u00e8ne Joulin,\u00a0Capgemini Engineering"},"content":{"rendered":"<p>Senior Business Development<\/p>\n<p>Avec plus de 20 ans d&rsquo;exp\u00e9rience dans le d\u00e9veloppement de produits cosm\u00e9tiques, j&rsquo;accompagne d\u00e9sormais la transformation num\u00e9rique des industries de produits de consommation.<\/p>\n","protected":false},"excerpt":{"rendered":"<p>Senior Business Development Avec plus de 20 ans d&rsquo;exp\u00e9rience dans le d\u00e9veloppement de produits cosm\u00e9tiques, j&rsquo;accompagne d\u00e9sormais la transformation num\u00e9rique des industries de produits de consommation.<\/p>\n","protected":false},"featured_media":223370,"template":"","meta":{"_seopress_robots_primary_cat":"","_seopress_titles_title":"Packaging Premi\u00e8re Paris | Sol\u00e8ne Joulin,\u00a0Capgemini Engineering","_seopress_titles_desc":"","_seopress_robots_index":"","_company_name":"","_job_title":"","_visit_me":"","_email":"","_linkedin":"","_twitter":"","_facebook":"","_instagram":"","_youtube":"","_imdb":"","footnotes":""},"edition":[585,744],"guest_type":[578,728],"work":[],"class_list":["post-223499","guest","type-guest","status-publish","has-post-thumbnail","hentry","edition-paris-packaging-week-speakers-2023","edition-paris-packaging-week-speakers-2024","guest_type-pcd-speakers-2023","guest_type-pp-ad-board"],"_cover_image":null,"_links":{"self":[{"href":"https:\/\/www.parispackagingweek.com\/fr\/wp-json\/wp\/v2\/guest\/223499","targetHints":{"allow":["GET"]}}],"collection":[{"href":"https:\/\/www.parispackagingweek.com\/fr\/wp-json\/wp\/v2\/guest"}],"about":[{"href":"https:\/\/www.parispackagingweek.com\/fr\/wp-json\/wp\/v2\/types\/guest"}],"version-history":[{"count":1,"href":"https:\/\/www.parispackagingweek.com\/fr\/wp-json\/wp\/v2\/guest\/223499\/revisions"}],"predecessor-version":[{"id":223501,"href":"https:\/\/www.parispackagingweek.com\/fr\/wp-json\/wp\/v2\/guest\/223499\/revisions\/223501"}],"wp:featuredmedia":[{"embeddable":true,"href":"https:\/\/www.parispackagingweek.com\/fr\/wp-json\/wp\/v2\/media\/223370"}],"wp:attachment":[{"href":"https:\/\/www.parispackagingweek.com\/fr\/wp-json\/wp\/v2\/media?parent=223499"}],"wp:term":[{"taxonomy":"edition","embeddable":true,"href":"https:\/\/www.parispackagingweek.com\/fr\/wp-json\/wp\/v2\/edition?post=223499"},{"taxonomy":"guest_type","embeddable":true,"href":"https:\/\/www.parispackagingweek.com\/fr\/wp-json\/wp\/v2\/guest_type?post=223499"},{"taxonomy":"work","embeddable":true,"href":"https:\/\/www.parispackagingweek.com\/fr\/wp-json\/wp\/v2\/work?post=223499"}],"curies":[{"name":"wp","href":"https:\/\/api.w.org\/{rel}","templated":true}]}}

Solène Joulin, Capgemini Engineering

<p>Senior Business Development</p>
<p>Avec plus de 20 ans d&rsquo;expérience dans le développement de produits cosmétiques, j&rsquo;accompagne désormais la transformation numérique des industries de produits de consommation.</p>

<p>Senior Business Development Avec plus de 20 ans d&rsquo;expérience dans le développement de produits cosmétiques, j&rsquo;accompagne désormais la transformation numérique des industries de produits de consommation.</p>

Packaging Première Paris | Solène Joulin, Capgemini Engineering
