{"id":223523,"date":"2022-12-27T13:21:31","date_gmt":"2022-12-27T12:21:31","guid":{"rendered":"https:\/\/www.parispackagingweek.com\/?post_type=guest&#038;p=223523"},"modified":"2023-12-01T15:48:23","modified_gmt":"2023-12-01T14:48:23","slug":"jenny-wassenaar-trivium-packaging","status":"publish","type":"guest","link":"https:\/\/www.parispackagingweek.com\/fr\/speaker\/jenny-wassenaar-trivium-packaging\/","title":{"rendered":"Jenny Wassenaar, Trivium Packaging"},"content":{"rendered":"<p>Chief Sustainability Officer &amp; SVP Global R&amp;D<\/p>\n<p>Jenny est Chief Sustainability Officer et SVP Global R&amp;D chez Trivium Packaging. Une dirigeante internationale chevronn\u00e9e qui a acquis son exp\u00e9rience aupr\u00e8s de grandes marques comme Shell et Avery Dennison. De nationalit\u00e9 n\u00e9erlandaise, la durabilit\u00e9 fait partie de son ADN et de sa v\u00e9ritable passion. Elle pense que la durabilit\u00e9 n&rsquo;est plus un choix, mais un imp\u00e9ratif pour le succ\u00e8s de toute entreprise. Chez Trivium, elle s&rsquo;engage \u00e0 avoir un impact positif sur la vie de millions de personnes gr\u00e2ce \u00e0 l&rsquo;offre de produits durables et circulaires de l&rsquo;entreprise.<\/p>\n","protected":false},"excerpt":{"rendered":"<p>Chief Sustainability Officer &amp; SVP Global R&amp;D Jenny est Chief Sustainability Officer et SVP Global R&amp;D chez Trivium Packaging. Une dirigeante internationale chevronn\u00e9e qui a acquis son exp\u00e9rience aupr\u00e8s de grandes marques comme Shell et Avery Dennison. De nationalit\u00e9 n\u00e9erlandaise, la durabilit\u00e9 fait partie de son ADN et de sa v\u00e9ritable passion. Elle pense que [&hellip;]<\/p>\n","protected":false},"featured_media":223515,"template":"","meta":{"_seopress_robots_primary_cat":"","_seopress_titles_title":"ADF Talks 2023 | Jenny Wassenaar, Trivium Packaging","_seopress_titles_desc":"","_seopress_robots_index":"","_company_name":"","_job_title":"","_visit_me":"","_email":"","_linkedin":"","_twitter":"","_facebook":"","_instagram":"","_youtube":"","_imdb":"","footnotes":""},"edition":[585],"guest_type":[581,577],"work":[],"class_list":["post-223523","guest","type-guest","status-publish","has-post-thumbnail","hentry","edition-paris-packaging-week-speakers-2023","guest_type-adf-speakers-2023-en","guest_type-adf-speakers-2023"],"_cover_image":null,"_links":{"self":[{"href":"https:\/\/www.parispackagingweek.com\/fr\/wp-json\/wp\/v2\/guest\/223523","targetHints":{"allow":["GET"]}}],"collection":[{"href":"https:\/\/www.parispackagingweek.com\/fr\/wp-json\/wp\/v2\/guest"}],"about":[{"href":"https:\/\/www.parispackagingweek.com\/fr\/wp-json\/wp\/v2\/types\/guest"}],"version-history":[{"count":1,"href":"https:\/\/www.parispackagingweek.com\/fr\/wp-json\/wp\/v2\/guest\/223523\/revisions"}],"predecessor-version":[{"id":223525,"href":"https:\/\/www.parispackagingweek.com\/fr\/wp-json\/wp\/v2\/guest\/223523\/revisions\/223525"}],"wp:featuredmedia":[{"embeddable":true,"href":"https:\/\/www.parispackagingweek.com\/fr\/wp-json\/wp\/v2\/media\/223515"}],"wp:attachment":[{"href":"https:\/\/www.parispackagingweek.com\/fr\/wp-json\/wp\/v2\/media?parent=223523"}],"wp:term":[{"taxonomy":"edition","embeddable":true,"href":"https:\/\/www.parispackagingweek.com\/fr\/wp-json\/wp\/v2\/edition?post=223523"},{"taxonomy":"guest_type","embeddable":true,"href":"https:\/\/www.parispackagingweek.com\/fr\/wp-json\/wp\/v2\/guest_type?post=223523"},{"taxonomy":"work","embeddable":true,"href":"https:\/\/www.parispackagingweek.com\/fr\/wp-json\/wp\/v2\/work?post=223523"}],"curies":[{"name":"wp","href":"https:\/\/api.w.org\/{rel}","templated":true}]}}

<p>Chief Sustainability Officer &amp; SVP Global R&amp;D</p>
<p>Jenny est Chief Sustainability Officer et SVP Global R&amp;D chez Trivium Packaging. Une dirigeante internationale chevronnée qui a acquis son expérience auprès de grandes marques comme Shell et Avery Dennison. De nationalité néerlandaise, la durabilité fait partie de son ADN et de sa véritable passion. Elle pense que la durabilité n&rsquo;est plus un choix, mais un impératif pour le succès de toute entreprise. Chez Trivium, elle s&rsquo;engage à avoir un impact positif sur la vie de millions de personnes grâce à l&rsquo;offre de produits durables et circulaires de l&rsquo;entreprise.</p>

<p>Chief Sustainability Officer &amp; SVP Global R&amp;D Jenny est Chief Sustainability Officer et SVP Global R&amp;D chez Trivium Packaging. Une dirigeante internationale chevronnée qui a acquis son expérience auprès de grandes marques comme Shell et Avery Dennison. De nationalité néerlandaise, la durabilité fait partie de son ADN et de sa véritable passion. Elle pense que [&hellip;]</p>
