{"id":223527,"date":"2022-12-27T13:23:19","date_gmt":"2022-12-27T12:23:19","guid":{"rendered":"https:\/\/www.parispackagingweek.com\/?post_type=guest&#038;p=223527"},"modified":"2022-12-27T13:23:19","modified_gmt":"2022-12-27T12:23:19","slug":"idil-yurdakul-dow","status":"publish","type":"guest","link":"https:\/\/www.parispackagingweek.com\/fr\/speaker\/idil-yurdakul-dow\/","title":{"rendered":"Idil Yurdakul, Dow"},"content":{"rendered":"<p>EMEA Group Senior Marketing Director<\/p>\n<p>Idil Yurdakul est la directrice marketing senior du groupe EMEA pour Dow Packaging &amp; Specialty Plastics, responsable de l&rsquo;infrastructure, des produits de consommation et du transport, bas\u00e9e \u00e0 Horgen, en Suisse. Outre son r\u00f4le r\u00e9gional, elle coordonne \u00e9galement ces march\u00e9s au niveau mondial dans le cadre d&rsquo;une organisation matricielle, couvrant un large \u00e9ventail de march\u00e9s et de technologies. La carri\u00e8re d&rsquo;Idil s&rsquo;\u00e9tend sur plus de 25 ans d&rsquo;exp\u00e9rience de direction dans le marketing, le d\u00e9veloppement commercial, les ventes, l&rsquo;innovation et la gestion de produits.<\/p>\n<p>Avant de rejoindre Dow Packaging &amp; Speciality Plastics, elle \u00e9tait directrice des produits EMEAI chez Dow Consumer Solutions, responsable du P&amp;L des \u00e9lastom\u00e8res silicon\u00e9s et des mat\u00e9riaux d&rsquo;ing\u00e9nierie. Avant cela, Idil a occup\u00e9 divers r\u00f4les dans l&rsquo;ancienne soci\u00e9t\u00e9 Dow Corning pendant 11 ans et chez Sika pendant 11 ans, en \u00e9tant bas\u00e9e en Belgique et en Turquie. En outre, elle a \u00e9t\u00e9 active dans plusieurs organisations externes, notamment au sein du conseil d&rsquo;administration de la FEICA, en tant que coach \u00e0 Capacity Zurich, et elle est un membre passionn\u00e9 du groupe de ressources des employ\u00e9s du Women&rsquo;s Inclusion Network (WIN). Elle est une ma\u00eetre-nageuse passionn\u00e9e, tant en eau libre que, r\u00e9cemment, au Schwimmverein de Wadenswil.<\/p>\n<p>Idil est titulaire d&rsquo;une licence de l&rsquo;universit\u00e9 technique d&rsquo;Istanbul, d&rsquo;une ma\u00eetrise d&rsquo;ing\u00e9nierie structurelle de l&rsquo;universit\u00e9 de Bogazici et d&rsquo;un MBA de l&rsquo;universit\u00e9 Bilgi d&rsquo;Istanbul.<\/p>\n","protected":false},"excerpt":{"rendered":"<p>EMEA Group Senior Marketing Director Idil Yurdakul est la directrice marketing senior du groupe EMEA pour Dow Packaging &amp; Specialty Plastics, responsable de l&rsquo;infrastructure, des produits de consommation et du transport, bas\u00e9e \u00e0 Horgen, en Suisse. Outre son r\u00f4le r\u00e9gional, elle coordonne \u00e9galement ces march\u00e9s au niveau mondial dans le cadre d&rsquo;une organisation matricielle, couvrant [&hellip;]<\/p>\n","protected":false},"featured_media":223509,"template":"","meta":{"_seopress_robots_primary_cat":"","_seopress_titles_title":"PCD Talks 2023 | Idil Yurdakul, Dow","_seopress_titles_desc":"","_seopress_robots_index":"","_company_name":"","_job_title":"","_visit_me":"","_email":"","_linkedin":"","_twitter":"","_facebook":"","_instagram":"","_youtube":"","_imdb":"","footnotes":""},"edition":[585],"guest_type":[578],"work":[],"class_list":["post-223527","guest","type-guest","status-publish","has-post-thumbnail","hentry","edition-paris-packaging-week-speakers-2023","guest_type-pcd-speakers-2023"],"_cover_image":null,"_links":{"self":[{"href":"https:\/\/www.parispackagingweek.com\/fr\/wp-json\/wp\/v2\/guest\/223527","targetHints":{"allow":["GET"]}}],"collection":[{"href":"https:\/\/www.parispackagingweek.com\/fr\/wp-json\/wp\/v2\/guest"}],"about":[{"href":"https:\/\/www.parispackagingweek.com\/fr\/wp-json\/wp\/v2\/types\/guest"}],"version-history":[{"count":1,"href":"https:\/\/www.parispackagingweek.com\/fr\/wp-json\/wp\/v2\/guest\/223527\/revisions"}],"predecessor-version":[{"id":223529,"href":"https:\/\/www.parispackagingweek.com\/fr\/wp-json\/wp\/v2\/guest\/223527\/revisions\/223529"}],"wp:featuredmedia":[{"embeddable":true,"href":"https:\/\/www.parispackagingweek.com\/fr\/wp-json\/wp\/v2\/media\/223509"}],"wp:attachment":[{"href":"https:\/\/www.parispackagingweek.com\/fr\/wp-json\/wp\/v2\/media?parent=223527"}],"wp:term":[{"taxonomy":"edition","embeddable":true,"href":"https:\/\/www.parispackagingweek.com\/fr\/wp-json\/wp\/v2\/edition?post=223527"},{"taxonomy":"guest_type","embeddable":true,"href":"https:\/\/www.parispackagingweek.com\/fr\/wp-json\/wp\/v2\/guest_type?post=223527"},{"taxonomy":"work","embeddable":true,"href":"https:\/\/www.parispackagingweek.com\/fr\/wp-json\/wp\/v2\/work?post=223527"}],"curies":[{"name":"wp","href":"https:\/\/api.w.org\/{rel}","templated":true}]}}

<p>EMEA Group Senior Marketing Director</p>
<p>Idil Yurdakul est la directrice marketing senior du groupe EMEA pour Dow Packaging &amp; Specialty Plastics, responsable de l&rsquo;infrastructure, des produits de consommation et du transport, basée à Horgen, en Suisse. Outre son rôle régional, elle coordonne également ces marchés au niveau mondial dans le cadre d&rsquo;une organisation matricielle, couvrant un large éventail de marchés et de technologies. La carrière d&rsquo;Idil s&rsquo;étend sur plus de 25 ans d&rsquo;expérience de direction dans le marketing, le développement commercial, les ventes, l&rsquo;innovation et la gestion de produits.</p>
<p>Avant de rejoindre Dow Packaging &amp; Speciality Plastics, elle était directrice des produits EMEAI chez Dow Consumer Solutions, responsable du P&amp;L des élastomères siliconés et des matériaux d&rsquo;ingénierie. Avant cela, Idil a occupé divers rôles dans l&rsquo;ancienne société Dow Corning pendant 11 ans et chez Sika pendant 11 ans, en étant basée en Belgique et en Turquie. En outre, elle a été active dans plusieurs organisations externes, notamment au sein du conseil d&rsquo;administration de la FEICA, en tant que coach à Capacity Zurich, et elle est un membre passionné du groupe de ressources des employés du Women&rsquo;s Inclusion Network (WIN). Elle est une maître-nageuse passionnée, tant en eau libre que, récemment, au Schwimmverein de Wadenswil.</p>
<p>Idil est titulaire d&rsquo;une licence de l&rsquo;université technique d&rsquo;Istanbul, d&rsquo;une maîtrise d&rsquo;ingénierie structurelle de l&rsquo;université de Bogazici et d&rsquo;un MBA de l&rsquo;université Bilgi d&rsquo;Istanbul.</p>

<p>EMEA Group Senior Marketing Director Idil Yurdakul est la directrice marketing senior du groupe EMEA pour Dow Packaging &amp; Specialty Plastics, responsable de l&rsquo;infrastructure, des produits de consommation et du transport, basée à Horgen, en Suisse. Outre son rôle régional, elle coordonne également ces marchés au niveau mondial dans le cadre d&rsquo;une organisation matricielle, couvrant [&hellip;]</p>
