{"id":251086,"date":"2023-01-12T18:29:03","date_gmt":"2023-01-12T17:29:03","guid":{"rendered":"https:\/\/www.parispackagingweek.com\/?post_type=guest&#038;p=251086"},"modified":"2023-01-18T13:04:18","modified_gmt":"2023-01-18T12:04:18","slug":"thierry-denis-ateliers-a","status":"publish","type":"guest","link":"https:\/\/www.parispackagingweek.com\/fr\/speaker\/thierry-denis-ateliers-a\/","title":{"rendered":"Thierry Denis, Ateliers-A"},"content":{"rendered":"<p>Dirigeant<\/p>\n<p>Thierry Denis, entrepreneur issu de la grande distribution, a choisi de changer de voie il y a 15 ans<br \/>\npour se consacrer \u00e0 l\u2019impression et au travail d\u2019ennoblissement du papier en reprenant les ateliers<br \/>\nAsdourian &amp; Gustave Gernez puis les Etablissements L.Andr\u00e9 &amp; Cie pour cr\u00e9er Ateliers-A.<br \/>\nSon positionnement et sa vision du travail des artisans ont offert un nouvel essor \u00e0 ces ateliers<br \/>\nd\u2019exception.<br \/>\nIls sont les orf\u00e8vres d\u2019invitations, cartes de v\u0153ux et de visite ou encore d\u2019enveloppes qui peuvent<br \/>\n\u00eatre r\u00e9alis\u00e9s sur la base des huit techniques traditionnelles maitris\u00e9es au sein des ateliers par les<br \/>\nouvriers artisans : la gravure, la taille-douce, le timbrage, la typo, la typo-relief, le gaufrage, la<br \/>\ndorure et l\u2019Offset.<br \/>\nThierry Denis accompagne ainsi de grands groupes de luxe, des institutionnels comme le S\u00e9nat,<br \/>\nl&rsquo;Assembl\u00e9e Nationale, le bureau du Premier ministre et de nombreuses ambassades dans le<br \/>\nmonde, ainsi que de grands cabinets d&rsquo;avocats et de strat\u00e9gie. Un vaste r\u00e9seau de client\u00e8le haut<br \/>\nde gamme qui permet \u00e0 l&rsquo;entreprise de jouir d&rsquo;une renomm\u00e9e internationale, labellis\u00e9e<br \/>\n\u00ab Entreprise du Patrimoine Vivant \u00bb et \u00ab Made in France \u00bb.<br \/>\nThierry Denis a \u00e9galement le souci de la transmission du savoir-faire. \u00ab Il y a un v\u00e9ritable enjeu<br \/>\nconcernant la comp\u00e9tence \u00e0 transmettre. Le savoir-faire des ateliers est tr\u00e8s reconnu en termes<br \/>\nde qualit\u00e9. La rel\u00e8ve des plus jeunes qui travaillent en bin\u00f4me avec les plus anciens est<br \/>\nessentielle \u00bb, explique-t-il.<br \/>\nC\u2019est dans cette optique qu\u2019il intervient au sein de Format A5, un groupe de professionnels des<br \/>\narts graphiques, qui partagent leur expertise et leur passion du print lors de conf\u00e9rences et de<br \/>\nformations.<\/p>\n","protected":false},"excerpt":{"rendered":"<p>Dirigeant Thierry Denis, entrepreneur issu de la grande distribution, a choisi de changer de voie il y a 15 ans pour se consacrer \u00e0 l\u2019impression et au travail d\u2019ennoblissement du papier en reprenant les ateliers Asdourian &amp; Gustave Gernez puis les Etablissements L.Andr\u00e9 &amp; Cie pour cr\u00e9er Ateliers-A. Son positionnement et sa vision du travail [&hellip;]<\/p>\n","protected":false},"featured_media":253164,"template":"","meta":{"_seopress_robots_primary_cat":"","_seopress_titles_title":"Packaging Premi\u00e8re Talks 2023 | Thierry Denis, Ateliers-A","_seopress_titles_desc":"","_seopress_robots_index":"","_company_name":"","_job_title":"","_visit_me":"","_email":"","_linkedin":"","_twitter":"","_facebook":"","_instagram":"","_youtube":"","_imdb":"","footnotes":""},"edition":[585],"guest_type":[],"work":[],"class_list":["post-251086","guest","type-guest","status-publish","has-post-thumbnail","hentry","edition-paris-packaging-week-speakers-2023"],"_cover_image":null,"_links":{"self":[{"href":"https:\/\/www.parispackagingweek.com\/fr\/wp-json\/wp\/v2\/guest\/251086","targetHints":{"allow":["GET"]}}],"collection":[{"href":"https:\/\/www.parispackagingweek.com\/fr\/wp-json\/wp\/v2\/guest"}],"about":[{"href":"https:\/\/www.parispackagingweek.com\/fr\/wp-json\/wp\/v2\/types\/guest"}],"version-history":[{"count":3,"href":"https:\/\/www.parispackagingweek.com\/fr\/wp-json\/wp\/v2\/guest\/251086\/revisions"}],"predecessor-version":[{"id":253167,"href":"https:\/\/www.parispackagingweek.com\/fr\/wp-json\/wp\/v2\/guest\/251086\/revisions\/253167"}],"wp:featuredmedia":[{"embeddable":true,"href":"https:\/\/www.parispackagingweek.com\/fr\/wp-json\/wp\/v2\/media\/253164"}],"wp:attachment":[{"href":"https:\/\/www.parispackagingweek.com\/fr\/wp-json\/wp\/v2\/media?parent=251086"}],"wp:term":[{"taxonomy":"edition","embeddable":true,"href":"https:\/\/www.parispackagingweek.com\/fr\/wp-json\/wp\/v2\/edition?post=251086"},{"taxonomy":"guest_type","embeddable":true,"href":"https:\/\/www.parispackagingweek.com\/fr\/wp-json\/wp\/v2\/guest_type?post=251086"},{"taxonomy":"work","embeddable":true,"href":"https:\/\/www.parispackagingweek.com\/fr\/wp-json\/wp\/v2\/work?post=251086"}],"curies":[{"name":"wp","href":"https:\/\/api.w.org\/{rel}","templated":true}]}}

<p>Dirigeant</p>
<p>Thierry Denis, entrepreneur issu de la grande distribution, a choisi de changer de voie il y a 15 ans<br />
pour se consacrer à l’impression et au travail d’ennoblissement du papier en reprenant les ateliers<br />
Asdourian &amp; Gustave Gernez puis les Etablissements L.André &amp; Cie pour créer Ateliers-A.<br />
Son positionnement et sa vision du travail des artisans ont offert un nouvel essor à ces ateliers<br />
d’exception.<br />
Ils sont les orfèvres d’invitations, cartes de vœux et de visite ou encore d’enveloppes qui peuvent<br />
être réalisés sur la base des huit techniques traditionnelles maitrisées au sein des ateliers par les<br />
ouvriers artisans : la gravure, la taille-douce, le timbrage, la typo, la typo-relief, le gaufrage, la<br />
dorure et l’Offset.<br />
Thierry Denis accompagne ainsi de grands groupes de luxe, des institutionnels comme le Sénat,<br />
l&rsquo;Assemblée Nationale, le bureau du Premier ministre et de nombreuses ambassades dans le<br />
monde, ainsi que de grands cabinets d&rsquo;avocats et de stratégie. Un vaste réseau de clientèle haut<br />
de gamme qui permet à l&rsquo;entreprise de jouir d&rsquo;une renommée internationale, labellisée<br />
« Entreprise du Patrimoine Vivant » et « Made in France ».<br />
Thierry Denis a également le souci de la transmission du savoir-faire. « Il y a un véritable enjeu<br />
concernant la compétence à transmettre. Le savoir-faire des ateliers est très reconnu en termes<br />
de qualité. La relève des plus jeunes qui travaillent en binôme avec les plus anciens est<br />
essentielle », explique-t-il.<br />
C’est dans cette optique qu’il intervient au sein de Format A5, un groupe de professionnels des<br />
arts graphiques, qui partagent leur expertise et leur passion du print lors de conférences et de<br />
formations.</p>

<p>Dirigeant Thierry Denis, entrepreneur issu de la grande distribution, a choisi de changer de voie il y a 15 ans pour se consacrer à l’impression et au travail d’ennoblissement du papier en reprenant les ateliers Asdourian &amp; Gustave Gernez puis les Etablissements L.André &amp; Cie pour créer Ateliers-A. Son positionnement et sa vision du travail [&hellip;]</p>

Packaging Première Talks 2023 | Thierry Denis, Ateliers-A
