{"id":252404,"date":"2023-01-17T12:33:31","date_gmt":"2023-01-17T11:33:31","guid":{"rendered":"https:\/\/www.parispackagingweek.com\/?post_type=guest&#038;p=252404"},"modified":"2023-01-17T12:33:31","modified_gmt":"2023-01-17T11:33:31","slug":"format-a5","status":"publish","type":"guest","link":"https:\/\/www.parispackagingweek.com\/fr\/speaker\/format-a5\/","title":{"rendered":"Format A5"},"content":{"rendered":"<p>Format A5 est un groupe qui organise des conf\u00e9rences et des ateliers \u00e0 destination des professionnels et des \u00e9tudiants avec l\u2019id\u00e9e de sensibiliser au papier, donner go\u00fbt aux jeux typographiques et transmettre un savoir faire.<\/p>\n<p>5 profils, 5 parcours, 5 approches.Un go\u00fbt partag\u00e9 pour le toucher du papier et comment le<br \/>\nsublimer :<\/p>\n<p>Christophe Balaresque<br \/>\nAIDOMA\/ Marketing<br \/>\nLe monde du papier, un passeport pour la communication.<\/p>\n<p>Olivier Nineuil<br \/>\nTYPOFACTO\/ Typographie<br \/>\nLe dessin des lettres sur-mesure, une narration incarn\u00e9e.<\/p>\n<p>Anne Rodeno<br \/>\nSWEET PLANET\/ Design graphique<br \/>\nDonner un visage \u00e0 une marque et raconter une histoire en un signe.<\/p>\n<p>Aurore Amouroux<br \/>\nA.A. Conseil\/ Fabrication<br \/>\nOrchestrer la production et donner vie au projet par le papier.<\/p>\n<p>Thierry Denis<br \/>\nAteliers-A\/ Imprimerie<br \/>\nSavoir-faire historique, la bonne impression passe par l\u2019embellissement.<\/p>\n<p><a href=\"http:\/\/www.format-a5.com\">www.format-a5.com<\/a><\/p>\n","protected":false},"excerpt":{"rendered":"<p>Format A5 est un groupe qui organise des conf\u00e9rences et des ateliers \u00e0 destination des professionnels et des \u00e9tudiants avec l\u2019id\u00e9e de sensibiliser au papier, donner go\u00fbt aux jeux typographiques et transmettre un savoir faire. 5 profils, 5 parcours, 5 approches.Un go\u00fbt partag\u00e9 pour le toucher du papier et comment le sublimer : Christophe Balaresque [&hellip;]<\/p>\n","protected":false},"featured_media":252410,"template":"","meta":{"_seopress_robots_primary_cat":"","_seopress_titles_title":"Packaging Premi\u00e8re Talks 2023 | Format A5","_seopress_titles_desc":"","_seopress_robots_index":"","_company_name":"","_job_title":"","_visit_me":"","_email":"","_linkedin":"","_twitter":"","_facebook":"","_instagram":"","_youtube":"","_imdb":"","footnotes":""},"edition":[585],"guest_type":[],"work":[],"class_list":["post-252404","guest","type-guest","status-publish","has-post-thumbnail","hentry","edition-paris-packaging-week-speakers-2023"],"_cover_image":null,"_links":{"self":[{"href":"https:\/\/www.parispackagingweek.com\/fr\/wp-json\/wp\/v2\/guest\/252404","targetHints":{"allow":["GET"]}}],"collection":[{"href":"https:\/\/www.parispackagingweek.com\/fr\/wp-json\/wp\/v2\/guest"}],"about":[{"href":"https:\/\/www.parispackagingweek.com\/fr\/wp-json\/wp\/v2\/types\/guest"}],"version-history":[{"count":1,"href":"https:\/\/www.parispackagingweek.com\/fr\/wp-json\/wp\/v2\/guest\/252404\/revisions"}],"predecessor-version":[{"id":252437,"href":"https:\/\/www.parispackagingweek.com\/fr\/wp-json\/wp\/v2\/guest\/252404\/revisions\/252437"}],"wp:featuredmedia":[{"embeddable":true,"href":"https:\/\/www.parispackagingweek.com\/fr\/wp-json\/wp\/v2\/media\/252410"}],"wp:attachment":[{"href":"https:\/\/www.parispackagingweek.com\/fr\/wp-json\/wp\/v2\/media?parent=252404"}],"wp:term":[{"taxonomy":"edition","embeddable":true,"href":"https:\/\/www.parispackagingweek.com\/fr\/wp-json\/wp\/v2\/edition?post=252404"},{"taxonomy":"guest_type","embeddable":true,"href":"https:\/\/www.parispackagingweek.com\/fr\/wp-json\/wp\/v2\/guest_type?post=252404"},{"taxonomy":"work","embeddable":true,"href":"https:\/\/www.parispackagingweek.com\/fr\/wp-json\/wp\/v2\/work?post=252404"}],"curies":[{"name":"wp","href":"https:\/\/api.w.org\/{rel}","templated":true}]}}

<p>Format A5 est un groupe qui organise des conférences et des ateliers à destination des professionnels et des étudiants avec l’idée de sensibiliser au papier, donner goût aux jeux typographiques et transmettre un savoir faire.</p>
<p>5 profils, 5 parcours, 5 approches.Un goût partagé pour le toucher du papier et comment le<br />
sublimer :</p>
<p>Christophe Balaresque<br />
AIDOMA/ Marketing<br />
Le monde du papier, un passeport pour la communication.</p>
<p>Olivier Nineuil<br />
TYPOFACTO/ Typographie<br />
Le dessin des lettres sur-mesure, une narration incarnée.</p>
<p>Anne Rodeno<br />
SWEET PLANET/ Design graphique<br />
Donner un visage à une marque et raconter une histoire en un signe.</p>
<p>Aurore Amouroux<br />
A.A. Conseil/ Fabrication<br />
Orchestrer la production et donner vie au projet par le papier.</p>
<p>Thierry Denis<br />
Ateliers-A/ Imprimerie<br />
Savoir-faire historique, la bonne impression passe par l’embellissement.</p>
<p><a href="http://www.format-a5.com">www.format-a5.com</a></p>

<p>Format A5 est un groupe qui organise des conférences et des ateliers à destination des professionnels et des étudiants avec l’idée de sensibiliser au papier, donner goût aux jeux typographiques et transmettre un savoir faire. 5 profils, 5 parcours, 5 approches.Un goût partagé pour le toucher du papier et comment le sublimer : Christophe Balaresque [&hellip;]</p>

Packaging Première Talks 2023 | Format A5
