{"id":297729,"date":"2023-09-29T11:58:45","date_gmt":"2023-09-29T09:58:45","guid":{"rendered":"https:\/\/www.parispackagingweek.com\/?post_type=guest&#038;p=297729"},"modified":"2023-12-07T11:50:19","modified_gmt":"2023-12-07T10:50:19","slug":"tiffany-schollmeyer-tico","status":"publish","type":"guest","link":"https:\/\/www.parispackagingweek.com\/fr\/speaker\/tiffany-schollmeyer-tico\/","title":{"rendered":"Tiffany Schollmeyer"},"content":{"rendered":"\n<p><\/p>\n\n\n\n<p>Tiffany est co-fondatrice de BYE, une marque de dermocosm\u00e9tique fra\u00eeche, avec des s\u00e9rums innovants et un engagement fort envers un packaging responsable et consign\u00e9. Elle est d\u00e9termin\u00e9e \u00e0 continuer \u00e0 apporter des solutions novatrices et durables, tout en \u00e9tant ouverte \u00e0 l&rsquo;apprentissage et \u00e0 la collaboration avec d&rsquo;autres leaders \u00e9mergents du domaine. Participer \u00e0 ce programme est une opportunit\u00e9 pr\u00e9cieuse pour d\u00e9velopper ses comp\u00e9tences et contribuer activement \u00e0 fa\u00e7onner l&rsquo;avenir de l&#8217;emballage. <a href=\"https:\/\/www.parispackagingweek.com\/fr\/future-leaders-promotion-2024\/\" data-type=\"URL\" data-id=\"https:\/\/www.parispackagingweek.com\/fr\/future-leaders-promotion-2024\/\">D\u00e9couvrir nos Future Leaders ici<\/a><\/p>\n","protected":false},"excerpt":{"rendered":"<p>Tiffany est co-fondatrice de BYE, une marque de dermocosm\u00e9tique fra\u00eeche, avec des s\u00e9rums innovants et un engagement fort envers un packaging responsable et consign\u00e9. Elle est d\u00e9termin\u00e9e \u00e0 continuer \u00e0 apporter des solutions novatrices et durables, tout en \u00e9tant ouverte \u00e0 l&rsquo;apprentissage et \u00e0 la collaboration avec d&rsquo;autres leaders \u00e9mergents du domaine. Participer \u00e0 ce [&hellip;]<\/p>\n","protected":false},"featured_media":297731,"template":"","meta":{"_seopress_robots_primary_cat":"","_seopress_titles_title":" Paris Packaging Week FL Paris Packaging Week | Future Leader | Tiffany Schollmeyer, TICO","_seopress_titles_desc":"Co-fondatrice","_seopress_robots_index":"","_company_name":"TICO","_job_title":"Co-fondatrice","_visit_me":"","_email":"","_linkedin":"","_twitter":"","_facebook":"","_instagram":"","_youtube":"","_imdb":"","footnotes":""},"edition":[744],"guest_type":[],"work":[],"class_list":["post-297729","guest","type-guest","status-publish","has-post-thumbnail","hentry","edition-paris-packaging-week-speakers-2024"],"_cover_image":null,"_links":{"self":[{"href":"https:\/\/www.parispackagingweek.com\/fr\/wp-json\/wp\/v2\/guest\/297729","targetHints":{"allow":["GET"]}}],"collection":[{"href":"https:\/\/www.parispackagingweek.com\/fr\/wp-json\/wp\/v2\/guest"}],"about":[{"href":"https:\/\/www.parispackagingweek.com\/fr\/wp-json\/wp\/v2\/types\/guest"}],"version-history":[{"count":3,"href":"https:\/\/www.parispackagingweek.com\/fr\/wp-json\/wp\/v2\/guest\/297729\/revisions"}],"predecessor-version":[{"id":316435,"href":"https:\/\/www.parispackagingweek.com\/fr\/wp-json\/wp\/v2\/guest\/297729\/revisions\/316435"}],"wp:featuredmedia":[{"embeddable":true,"href":"https:\/\/www.parispackagingweek.com\/fr\/wp-json\/wp\/v2\/media\/297731"}],"wp:attachment":[{"href":"https:\/\/www.parispackagingweek.com\/fr\/wp-json\/wp\/v2\/media?parent=297729"}],"wp:term":[{"taxonomy":"edition","embeddable":true,"href":"https:\/\/www.parispackagingweek.com\/fr\/wp-json\/wp\/v2\/edition?post=297729"},{"taxonomy":"guest_type","embeddable":true,"href":"https:\/\/www.parispackagingweek.com\/fr\/wp-json\/wp\/v2\/guest_type?post=297729"},{"taxonomy":"work","embeddable":true,"href":"https:\/\/www.parispackagingweek.com\/fr\/wp-json\/wp\/v2\/work?post=297729"}],"curies":[{"name":"wp","href":"https:\/\/api.w.org\/{rel}","templated":true}]}}

<p></p>



<p>Tiffany est co-fondatrice de BYE, une marque de dermocosmétique fraîche, avec des sérums innovants et un engagement fort envers un packaging responsable et consigné. Elle est déterminée à continuer à apporter des solutions novatrices et durables, tout en étant ouverte à l&rsquo;apprentissage et à la collaboration avec d&rsquo;autres leaders émergents du domaine. Participer à ce programme est une opportunité précieuse pour développer ses compétences et contribuer activement à façonner l&rsquo;avenir de l&#8217;emballage. <a href="https://www.parispackagingweek.com/fr/future-leaders-promotion-2024/" data-type="URL" data-id="https://www.parispackagingweek.com/fr/future-leaders-promotion-2024/">Découvrir nos Future Leaders ici</a></p>

<p>Tiffany est co-fondatrice de BYE, une marque de dermocosmétique fraîche, avec des sérums innovants et un engagement fort envers un packaging responsable et consigné. Elle est déterminée à continuer à apporter des solutions novatrices et durables, tout en étant ouverte à l&rsquo;apprentissage et à la collaboration avec d&rsquo;autres leaders émergents du domaine. Participer à ce [&hellip;]</p>
