{"id":325106,"date":"2023-11-24T15:49:20","date_gmt":"2023-11-24T14:49:20","guid":{"rendered":"https:\/\/www.parispackagingweek.com\/?post_type=guest&#038;p=325106"},"modified":"2023-12-04T13:59:32","modified_gmt":"2023-12-04T12:59:32","slug":"elisabeth-monteiller","status":"publish","type":"guest","link":"https:\/\/www.parispackagingweek.com\/fr\/speaker\/elisabeth-monteiller\/","title":{"rendered":"Elisabeth Monteiller"},"content":{"rendered":"\n<p>Elisabeth Monteiller est responsable des ventes chez Visionairy, poste qu&rsquo;elle occupe depuis 2022. Dipl\u00f4m\u00e9e de l&rsquo;ESCP Europe, elle a d\u00e9but\u00e9 sa carri\u00e8re chez Textron Aviation. Avant de rejoindre Visionairy, elle \u00e9tait responsable r\u00e9gionale des ventes chez Safety Line. Elle dispose d&rsquo;une exp\u00e9rience professionnelle dans l&rsquo;IA et les solutions de donn\u00e9es d\u00e9di\u00e9es \u00e0 l&rsquo;industrie.<\/p>\n","protected":false},"excerpt":{"rendered":"<p>Elisabeth Monteiller est responsable des ventes chez Visionairy, poste qu&rsquo;elle occupe depuis 2022. Dipl\u00f4m\u00e9e de l&rsquo;ESCP Europe, elle a d\u00e9but\u00e9 sa carri\u00e8re chez Textron Aviation. Avant de rejoindre Visionairy, elle \u00e9tait responsable r\u00e9gionale des ventes chez Safety Line. Elle dispose d&rsquo;une exp\u00e9rience professionnelle dans l&rsquo;IA et les solutions de donn\u00e9es d\u00e9di\u00e9es \u00e0 l&rsquo;industrie.<\/p>\n","protected":false},"featured_media":325108,"template":"","meta":{"_seopress_titles_title":"Global Aerosol Summit | Elisabeth Monteiller, Head of Sales, Visionairy","_seopress_titles_desc":"Elisabeth Monteiller est responsable des ventes chez Visionairy, poste qu&#039;elle occupe depuis 2022. Dipl\u00f4m\u00e9e de l&#039;ESCP Europe, elle a d\u00e9but\u00e9 sa carri\u00e8re chez Textron Aviation. Avant de rejoindre Visionairy, elle \u00e9tait responsable r\u00e9gionale des ventes chez Safety Line. Elle dispose d&#039;une exp\u00e9rience professionnelle dans l&#039;IA et les solutions de donn\u00e9es d\u00e9di\u00e9es \u00e0 l&#039;industrie.","_seopress_robots_index":"","_seopress_robots_follow":"","_seopress_robots_imageindex":"","_seopress_robots_snippet":"","_seopress_robots_primary_cat":"","_seopress_robots_breadcrumbs":"","_seopress_robots_freeze_modified_date":"","_seopress_robots_custom_modified_date":"","_seopress_robots_canonical":"","_seopress_social_fb_title":"Global Aerosol Summit | Elisabeth Monteiller, Head of Sales, Visionairy","_seopress_social_fb_desc":"Elisabeth Monteiller est responsable des ventes chez Visionairy, poste qu&#039;elle occupe depuis 2022. Dipl\u00f4m\u00e9e de l&#039;ESCP Europe, elle a d\u00e9but\u00e9 sa carri\u00e8re chez Textron Aviation. Avant de rejoindre Visionairy, elle \u00e9tait responsable r\u00e9gionale des ventes chez Safety Line. Elle dispose d&#039;une exp\u00e9rience professionnelle dans l&#039;IA et les solutions de donn\u00e9es d\u00e9di\u00e9es \u00e0 l&#039;industrie.","_seopress_social_fb_img":"https:\/\/easyfairsassets.com\/sites\/61\/2023\/11\/elizabeeth.png","_seopress_social_fb_img_attachment_id":0,"_seopress_social_fb_img_width":0,"_seopress_social_fb_img_height":0,"_seopress_social_twitter_title":"Global Aerosol Summit | Elisabeth Monteiller, Head of Sales, Visionairy","_seopress_social_twitter_desc":"Elisabeth Monteiller est responsable des ventes chez Visionairy, poste qu&#039;elle occupe depuis 2022. Dipl\u00f4m\u00e9e de l&#039;ESCP Europe, elle a d\u00e9but\u00e9 sa carri\u00e8re chez Textron Aviation. Avant de rejoindre Visionairy, elle \u00e9tait responsable r\u00e9gionale des ventes chez Safety Line. Elle dispose d&#039;une exp\u00e9rience professionnelle dans l&#039;IA et les solutions de donn\u00e9es d\u00e9di\u00e9es \u00e0 l&#039;industrie.","_seopress_social_twitter_img":"https:\/\/easyfairsassets.com\/sites\/61\/2023\/11\/elizabeeth.png","_seopress_social_twitter_img_attachment_id":0,"_seopress_social_twitter_img_width":0,"_seopress_social_twitter_img_height":0,"_seopress_redirections_value":"","_seopress_redirections_enabled":"","_seopress_redirections_enabled_regex":"","_seopress_redirections_logged_status":"both","_seopress_redirections_param":"","_seopress_redirections_type":301,"_seopress_analysis_target_kw":"","_seopress_news_disabled":"","_seopress_video_disabled":"","_seopress_video":[{"url":"","title":"","desc":"","thumbnail":"","duration":"","rating":"","view_count":"","tag":""}],"_seopress_pro_schemas_manual":[],"_seopress_pro_rich_snippets_disable_all":"","_seopress_pro_rich_snippets_disable":[],"_seopress_pro_schemas":[],"_company_name":"Visionairy","_job_title":"Head of Sales","_visit_me":"","_email":"","_linkedin":"","_twitter":"","_facebook":"","_instagram":"","_youtube":"","_imdb":"","footnotes":""},"edition":[744],"guest_type":[794],"work":[],"class_list":["post-325106","guest","type-guest","status-publish","has-post-thumbnail","hentry","edition-paris-packaging-week-speakers-2024","guest_type-the-aerosol-dispensing-summit"],"_cover_image":null,"_links":{"self":[{"href":"https:\/\/www.parispackagingweek.com\/fr\/wp-json\/wp\/v2\/guest\/325106","targetHints":{"allow":["GET"]}}],"collection":[{"href":"https:\/\/www.parispackagingweek.com\/fr\/wp-json\/wp\/v2\/guest"}],"about":[{"href":"https:\/\/www.parispackagingweek.com\/fr\/wp-json\/wp\/v2\/types\/guest"}],"version-history":[{"count":0,"href":"https:\/\/www.parispackagingweek.com\/fr\/wp-json\/wp\/v2\/guest\/325106\/revisions"}],"wp:featuredmedia":[{"embeddable":true,"href":"https:\/\/www.parispackagingweek.com\/fr\/wp-json\/wp\/v2\/media\/325108"}],"wp:attachment":[{"href":"https:\/\/www.parispackagingweek.com\/fr\/wp-json\/wp\/v2\/media?parent=325106"}],"wp:term":[{"taxonomy":"edition","embeddable":true,"href":"https:\/\/www.parispackagingweek.com\/fr\/wp-json\/wp\/v2\/edition?post=325106"},{"taxonomy":"guest_type","embeddable":true,"href":"https:\/\/www.parispackagingweek.com\/fr\/wp-json\/wp\/v2\/guest_type?post=325106"},{"taxonomy":"work","embeddable":true,"href":"https:\/\/www.parispackagingweek.com\/fr\/wp-json\/wp\/v2\/work?post=325106"}],"curies":[{"name":"wp","href":"https:\/\/api.w.org\/{rel}","templated":true}]}}

<p>Elisabeth Monteiller est responsable des ventes chez Visionairy, poste qu&rsquo;elle occupe depuis 2022. Diplômée de l&rsquo;ESCP Europe, elle a débuté sa carrière chez Textron Aviation. Avant de rejoindre Visionairy, elle était responsable régionale des ventes chez Safety Line. Elle dispose d&rsquo;une expérience professionnelle dans l&rsquo;IA et les solutions de données dédiées à l&rsquo;industrie.</p>

Elisabeth Monteiller est responsable des ventes chez Visionairy, poste qu&#039;elle occupe depuis 2022. Diplômée de l&#039;ESCP Europe, elle a débuté sa carrière chez Textron Aviation. Avant de rejoindre Visionairy, elle était responsable régionale des ventes chez Safety Line. Elle dispose d&#039;une expérience professionnelle dans l&#039;IA et les solutions de données dédiées à l&#039;industrie.
