{"id":325115,"date":"2023-11-24T16:28:02","date_gmt":"2023-11-24T15:28:02","guid":{"rendered":"https:\/\/www.parispackagingweek.com\/?post_type=guest&#038;p=325115"},"modified":"2023-12-04T14:02:14","modified_gmt":"2023-12-04T13:02:14","slug":"ester-vagnozzi-phd","status":"publish","type":"guest","link":"https:\/\/www.parispackagingweek.com\/fr\/speaker\/ester-vagnozzi-phd\/","title":{"rendered":"Ester Vagnozzi PhD"},"content":{"rendered":"\n<p>Ester Vagnozzi PhD, coordinatrice R&amp;D chez TekniPlex Gaggiano, Italie. Ester a soutenu sa th\u00e8se de doctorat sur \u00ab\u00a0l&rsquo;organisation supramol\u00e9culaire des d\u00e9riv\u00e9s du dyketopyrrolopyrrole\u00a0\u00bb en 2016. Apr\u00e8s s&rsquo;\u00eatre sp\u00e9cialis\u00e9e dans la gestion de la propri\u00e9t\u00e9 intellectuelle, elle a rejoint TekniPlex en 2017 o\u00f9 elle s&rsquo;est sp\u00e9cialis\u00e9e dans la caract\u00e9risation chimique des compos\u00e9s de caoutchouc. Ester dirige des projets d&rsquo;innovation visant \u00e0 d\u00e9velopper de nouveaux compos\u00e9s plus respectueux de l&rsquo;environnement et plus durables.<\/p>\n","protected":false},"excerpt":{"rendered":"<p>Ester Vagnozzi PhD, coordinatrice R&amp;D chez TekniPlex Gaggiano, Italie. Ester a soutenu sa th\u00e8se de doctorat sur \u00ab\u00a0l&rsquo;organisation supramol\u00e9culaire des d\u00e9riv\u00e9s du dyketopyrrolopyrrole\u00a0\u00bb en 2016. Apr\u00e8s s&rsquo;\u00eatre sp\u00e9cialis\u00e9e dans la gestion de la propri\u00e9t\u00e9 intellectuelle, elle a rejoint TekniPlex en 2017 o\u00f9 elle s&rsquo;est sp\u00e9cialis\u00e9e dans la caract\u00e9risation chimique des compos\u00e9s de caoutchouc. Ester dirige [&hellip;]<\/p>\n","protected":false},"featured_media":325117,"template":"","meta":{"_seopress_titles_title":"Global Aerosol Summit | Ester Vagnozzi PhD, R&amp;D coordinator, Tekni-Plex","_seopress_titles_desc":"Ester Vagnozzi PhD, coordinatrice R&amp;D chez TekniPlex Gaggiano, Italie. Ester a soutenu sa th\u00e8se de doctorat sur &quot;l&#039;organisation supramol\u00e9culaire des d\u00e9riv\u00e9s du dyketopyrrolopyrrole&quot; en 2016. Apr\u00e8s s&#039;\u00eatre sp\u00e9cialis\u00e9e dans la gestion de la propri\u00e9t\u00e9 intellectuelle, elle a rejoint TekniPlex en 2017 o\u00f9 elle s&#039;est sp\u00e9cialis\u00e9e dans la caract\u00e9risation chimique des compos\u00e9s de caoutchouc. Ester dirige des projets d&#039;innovation visant \u00e0 d\u00e9velopper de nouveaux compos\u00e9s plus respectueux de l&#039;environnement et plus durables.","_seopress_robots_index":"","_seopress_robots_follow":"","_seopress_robots_imageindex":"","_seopress_robots_snippet":"","_seopress_robots_primary_cat":"","_seopress_robots_breadcrumbs":"","_seopress_robots_freeze_modified_date":"","_seopress_robots_custom_modified_date":"","_seopress_robots_canonical":"","_seopress_social_fb_title":"Global Aerosol Summit | Ester Vagnozzi PhD, R&amp;D coordinator, Tekni-Plex","_seopress_social_fb_desc":"Ester Vagnozzi PhD, coordinatrice R&amp;D chez TekniPlex Gaggiano, Italie. Ester a soutenu sa th\u00e8se de doctorat sur &quot;l&#039;organisation supramol\u00e9culaire des d\u00e9riv\u00e9s du dyketopyrrolopyrrole&quot; en 2016. Apr\u00e8s s&#039;\u00eatre sp\u00e9cialis\u00e9e dans la gestion de la propri\u00e9t\u00e9 intellectuelle, elle a rejoint TekniPlex en 2017 o\u00f9 elle s&#039;est sp\u00e9cialis\u00e9e dans la caract\u00e9risation chimique des compos\u00e9s de caoutchouc. Ester dirige des projets d&#039;innovation visant \u00e0 d\u00e9velopper de nouveaux compos\u00e9s plus respectueux de l&#039;environnement et plus durables.","_seopress_social_fb_img":"https:\/\/easyfairsassets.com\/sites\/61\/2023\/11\/ester.png","_seopress_social_fb_img_attachment_id":0,"_seopress_social_fb_img_width":0,"_seopress_social_fb_img_height":0,"_seopress_social_twitter_title":"Global Aerosol Summit | Ester Vagnozzi PhD, R&amp;D coordinator, Tekni-Plex","_seopress_social_twitter_desc":"Ester Vagnozzi PhD, coordinatrice R&amp;D chez TekniPlex Gaggiano, Italie. Ester a soutenu sa th\u00e8se de doctorat sur &quot;l&#039;organisation supramol\u00e9culaire des d\u00e9riv\u00e9s du dyketopyrrolopyrrole&quot; en 2016. Apr\u00e8s s&#039;\u00eatre sp\u00e9cialis\u00e9e dans la gestion de la propri\u00e9t\u00e9 intellectuelle, elle a rejoint TekniPlex en 2017 o\u00f9 elle s&#039;est sp\u00e9cialis\u00e9e dans la caract\u00e9risation chimique des compos\u00e9s de caoutchouc. Ester dirige des projets d&#039;innovation visant \u00e0 d\u00e9velopper de nouveaux compos\u00e9s plus respectueux de l&#039;environnement et plus durables.","_seopress_social_twitter_img":"https:\/\/easyfairsassets.com\/sites\/61\/2023\/11\/ester.png","_seopress_social_twitter_img_attachment_id":0,"_seopress_social_twitter_img_width":0,"_seopress_social_twitter_img_height":0,"_seopress_redirections_value":"","_seopress_redirections_enabled":"","_seopress_redirections_enabled_regex":"","_seopress_redirections_logged_status":"both","_seopress_redirections_param":"","_seopress_redirections_type":301,"_seopress_analysis_target_kw":"","_seopress_news_disabled":"","_seopress_video_disabled":"","_seopress_video":[{"url":"","title":"","desc":"","thumbnail":"","duration":"","rating":"","view_count":"","tag":""}],"_seopress_pro_schemas_manual":[],"_seopress_pro_rich_snippets_disable_all":"","_seopress_pro_rich_snippets_disable":[],"_seopress_pro_schemas":[],"_company_name":"Tekni-Plex","_job_title":"R&D coordinator","_visit_me":"","_email":"","_linkedin":"","_twitter":"","_facebook":"","_instagram":"","_youtube":"","_imdb":"","footnotes":""},"edition":[744],"guest_type":[794],"work":[],"class_list":["post-325115","guest","type-guest","status-publish","has-post-thumbnail","hentry","edition-paris-packaging-week-speakers-2024","guest_type-the-aerosol-dispensing-summit"],"_cover_image":null,"_links":{"self":[{"href":"https:\/\/www.parispackagingweek.com\/fr\/wp-json\/wp\/v2\/guest\/325115","targetHints":{"allow":["GET"]}}],"collection":[{"href":"https:\/\/www.parispackagingweek.com\/fr\/wp-json\/wp\/v2\/guest"}],"about":[{"href":"https:\/\/www.parispackagingweek.com\/fr\/wp-json\/wp\/v2\/types\/guest"}],"version-history":[{"count":0,"href":"https:\/\/www.parispackagingweek.com\/fr\/wp-json\/wp\/v2\/guest\/325115\/revisions"}],"wp:featuredmedia":[{"embeddable":true,"href":"https:\/\/www.parispackagingweek.com\/fr\/wp-json\/wp\/v2\/media\/325117"}],"wp:attachment":[{"href":"https:\/\/www.parispackagingweek.com\/fr\/wp-json\/wp\/v2\/media?parent=325115"}],"wp:term":[{"taxonomy":"edition","embeddable":true,"href":"https:\/\/www.parispackagingweek.com\/fr\/wp-json\/wp\/v2\/edition?post=325115"},{"taxonomy":"guest_type","embeddable":true,"href":"https:\/\/www.parispackagingweek.com\/fr\/wp-json\/wp\/v2\/guest_type?post=325115"},{"taxonomy":"work","embeddable":true,"href":"https:\/\/www.parispackagingweek.com\/fr\/wp-json\/wp\/v2\/work?post=325115"}],"curies":[{"name":"wp","href":"https:\/\/api.w.org\/{rel}","templated":true}]}}

<p>Ester Vagnozzi PhD, coordinatrice R&amp;D chez TekniPlex Gaggiano, Italie. Ester a soutenu sa thèse de doctorat sur « l&rsquo;organisation supramoléculaire des dérivés du dyketopyrrolopyrrole » en 2016. Après s&rsquo;être spécialisée dans la gestion de la propriété intellectuelle, elle a rejoint TekniPlex en 2017 où elle s&rsquo;est spécialisée dans la caractérisation chimique des composés de caoutchouc. Ester dirige des projets d&rsquo;innovation visant à développer de nouveaux composés plus respectueux de l&rsquo;environnement et plus durables.</p>

<p>Ester Vagnozzi PhD, coordinatrice R&amp;D chez TekniPlex Gaggiano, Italie. Ester a soutenu sa thèse de doctorat sur « l&rsquo;organisation supramoléculaire des dérivés du dyketopyrrolopyrrole » en 2016. Après s&rsquo;être spécialisée dans la gestion de la propriété intellectuelle, elle a rejoint TekniPlex en 2017 où elle s&rsquo;est spécialisée dans la caractérisation chimique des composés de caoutchouc. Ester dirige [&hellip;]</p>

Ester Vagnozzi PhD, coordinatrice R&amp;D chez TekniPlex Gaggiano, Italie. Ester a soutenu sa thèse de doctorat sur &quot;l&#039;organisation supramoléculaire des dérivés du dyketopyrrolopyrrole&quot; en 2016. Après s&#039;être spécialisée dans la gestion de la propriété intellectuelle, elle a rejoint TekniPlex en 2017 où elle s&#039;est spécialisée dans la caractérisation chimique des composés de caoutchouc. Ester dirige des projets d&#039;innovation visant à développer de nouveaux composés plus respectueux de l&#039;environnement et plus durables.
