{"id":326520,"date":"2023-11-28T16:07:32","date_gmt":"2023-11-28T15:07:32","guid":{"rendered":"https:\/\/www.parispackagingweek.com\/?post_type=guest&#038;p=326520"},"modified":"2023-12-19T17:58:31","modified_gmt":"2023-12-19T16:58:31","slug":"evelio-mattos","status":"publish","type":"guest","link":"https:\/\/www.parispackagingweek.com\/fr\/speaker\/evelio-mattos\/","title":{"rendered":"Evelio Mattos"},"content":{"rendered":"\n<p><\/p>\n\n\n\n<p>Evelio Mattos est un visionnaire dans le monde de la conception d&#8217;emballages. Il allie son expertise en mati\u00e8re de conception d&#8217;emballages \u00e0 son utilisation avant-gardiste de l&rsquo;intelligence artificielle. R\u00e9put\u00e9 pour son travail transformateur avec des marques telles que Tesla et Google, ou Marc Jacobs et Nespresso, il joue un r\u00f4le influent dans l&rsquo;enseignement mondial du design. Son r\u00f4le influent dans l&rsquo;enseignement mondial du design le place \u00e0 l&rsquo;avant-garde de la red\u00e9finition de la conception et de la fabrication d&#8217;emballages pour l&rsquo;avenir.<\/p>\n","protected":false},"excerpt":{"rendered":"<p>Evelio Mattos est un visionnaire dans le monde de la conception d&#8217;emballages. Il allie son expertise en mati\u00e8re de conception d&#8217;emballages \u00e0 son utilisation avant-gardiste de l&rsquo;intelligence artificielle. R\u00e9put\u00e9 pour son travail transformateur avec des marques telles que Tesla et Google, ou Marc Jacobs et Nespresso, il joue un r\u00f4le influent dans l&rsquo;enseignement mondial du [&hellip;]<\/p>\n","protected":false},"featured_media":326530,"template":"","meta":{"_seopress_titles_title":"Circular Economy Stage | Evelio Mattos, Creative Director, IDPdirect.com","_seopress_titles_desc":"Evelio Mattos est un visionnaire dans le monde de la conception d&#039;emballages. Il allie son expertise en mati\u00e8re de conception d&#039;emballages \u00e0 son utilisation avant-gardiste de l&#039;intelligence artificielle. R\u00e9put\u00e9 pour son travail transformateur avec des marques telles que Tesla et Google, ou Marc Jacobs et Nespresso, il joue un r\u00f4le influent dans l&#039;enseignement mondial du design. Son r\u00f4le influent dans l&#039;enseignement mondial du design le place \u00e0 l&#039;avant-garde de la red\u00e9finition de la conception et de la fabrication d&#039;emballages pour l&#039;avenir.","_seopress_robots_index":"","_seopress_robots_follow":"","_seopress_robots_imageindex":"","_seopress_robots_snippet":"","_seopress_robots_primary_cat":"","_seopress_robots_breadcrumbs":"","_seopress_robots_freeze_modified_date":"","_seopress_robots_custom_modified_date":"","_seopress_robots_canonical":"","_seopress_social_fb_title":"Circular Economy Stage | Evelio Mattos, Creative Director, IDPdirect.com","_seopress_social_fb_desc":"Evelio Mattos est un visionnaire dans le monde de la conception d&#039;emballages. Il allie son expertise en mati\u00e8re de conception d&#039;emballages \u00e0 son utilisation avant-gardiste de l&#039;intelligence artificielle. R\u00e9put\u00e9 pour son travail transformateur avec des marques telles que Tesla et Google, ou Marc Jacobs et Nespresso, il joue un r\u00f4le influent dans l&#039;enseignement mondial du design. Son r\u00f4le influent dans l&#039;enseignement mondial du design le place \u00e0 l&#039;avant-garde de la red\u00e9finition de la conception et de la fabrication d&#039;emballages pour l&#039;avenir.","_seopress_social_fb_img":"https:\/\/easyfairsassets.com\/sites\/61\/2023\/11\/Evelio-Mattos.png","_seopress_social_fb_img_attachment_id":0,"_seopress_social_fb_img_width":0,"_seopress_social_fb_img_height":0,"_seopress_social_twitter_title":"Circular Economy Stage | Evelio Mattos, Creative Director, IDPdirect.com","_seopress_social_twitter_desc":"Evelio Mattos est un visionnaire dans le monde de la conception d&#039;emballages. Il allie son expertise en mati\u00e8re de conception d&#039;emballages \u00e0 son utilisation avant-gardiste de l&#039;intelligence artificielle. R\u00e9put\u00e9 pour son travail transformateur avec des marques telles que Tesla et Google, ou Marc Jacobs et Nespresso, il joue un r\u00f4le influent dans l&#039;enseignement mondial du design. Son r\u00f4le influent dans l&#039;enseignement mondial du design le place \u00e0 l&#039;avant-garde de la red\u00e9finition de la conception et de la fabrication d&#039;emballages pour l&#039;avenir.","_seopress_social_twitter_img":"https:\/\/easyfairsassets.com\/sites\/61\/2023\/11\/Evelio-Mattos.png","_seopress_social_twitter_img_attachment_id":0,"_seopress_social_twitter_img_width":0,"_seopress_social_twitter_img_height":0,"_seopress_redirections_value":"","_seopress_redirections_enabled":"","_seopress_redirections_enabled_regex":"","_seopress_redirections_logged_status":"both","_seopress_redirections_param":"","_seopress_redirections_type":301,"_seopress_analysis_target_kw":"","_seopress_news_disabled":"","_seopress_video_disabled":"","_seopress_video":[{"url":"","title":"","desc":"","thumbnail":"","duration":"","rating":"","view_count":"","tag":""}],"_seopress_pro_schemas_manual":[],"_seopress_pro_rich_snippets_disable_all":"","_seopress_pro_rich_snippets_disable":[],"_seopress_pro_schemas":[],"_company_name":"IDPdirect.com","_job_title":"Creative Director","_visit_me":"","_email":"","_linkedin":"","_twitter":"","_facebook":"","_instagram":"","_youtube":"","_imdb":"","footnotes":""},"edition":[744],"guest_type":[801],"work":[],"class_list":["post-326520","guest","type-guest","status-publish","has-post-thumbnail","hentry","edition-paris-packaging-week-speakers-2024","guest_type-the-future-innovation-forum-fr"],"_cover_image":null,"_links":{"self":[{"href":"https:\/\/www.parispackagingweek.com\/fr\/wp-json\/wp\/v2\/guest\/326520","targetHints":{"allow":["GET"]}}],"collection":[{"href":"https:\/\/www.parispackagingweek.com\/fr\/wp-json\/wp\/v2\/guest"}],"about":[{"href":"https:\/\/www.parispackagingweek.com\/fr\/wp-json\/wp\/v2\/types\/guest"}],"version-history":[{"count":0,"href":"https:\/\/www.parispackagingweek.com\/fr\/wp-json\/wp\/v2\/guest\/326520\/revisions"}],"wp:featuredmedia":[{"embeddable":true,"href":"https:\/\/www.parispackagingweek.com\/fr\/wp-json\/wp\/v2\/media\/326530"}],"wp:attachment":[{"href":"https:\/\/www.parispackagingweek.com\/fr\/wp-json\/wp\/v2\/media?parent=326520"}],"wp:term":[{"taxonomy":"edition","embeddable":true,"href":"https:\/\/www.parispackagingweek.com\/fr\/wp-json\/wp\/v2\/edition?post=326520"},{"taxonomy":"guest_type","embeddable":true,"href":"https:\/\/www.parispackagingweek.com\/fr\/wp-json\/wp\/v2\/guest_type?post=326520"},{"taxonomy":"work","embeddable":true,"href":"https:\/\/www.parispackagingweek.com\/fr\/wp-json\/wp\/v2\/work?post=326520"}],"curies":[{"name":"wp","href":"https:\/\/api.w.org\/{rel}","templated":true}]}}

<p></p>



<p>Evelio Mattos est un visionnaire dans le monde de la conception d&#8217;emballages. Il allie son expertise en matière de conception d&#8217;emballages à son utilisation avant-gardiste de l&rsquo;intelligence artificielle. Réputé pour son travail transformateur avec des marques telles que Tesla et Google, ou Marc Jacobs et Nespresso, il joue un rôle influent dans l&rsquo;enseignement mondial du design. Son rôle influent dans l&rsquo;enseignement mondial du design le place à l&rsquo;avant-garde de la redéfinition de la conception et de la fabrication d&#8217;emballages pour l&rsquo;avenir.</p>

<p>Evelio Mattos est un visionnaire dans le monde de la conception d&#8217;emballages. Il allie son expertise en matière de conception d&#8217;emballages à son utilisation avant-gardiste de l&rsquo;intelligence artificielle. Réputé pour son travail transformateur avec des marques telles que Tesla et Google, ou Marc Jacobs et Nespresso, il joue un rôle influent dans l&rsquo;enseignement mondial du [&hellip;]</p>

Evelio Mattos est un visionnaire dans le monde de la conception d&#039;emballages. Il allie son expertise en matière de conception d&#039;emballages à son utilisation avant-gardiste de l&#039;intelligence artificielle. Réputé pour son travail transformateur avec des marques telles que Tesla et Google, ou Marc Jacobs et Nespresso, il joue un rôle influent dans l&#039;enseignement mondial du design. Son rôle influent dans l&#039;enseignement mondial du design le place à l&#039;avant-garde de la redéfinition de la conception et de la fabrication d&#039;emballages pour l&#039;avenir.
