{"id":331969,"date":"2023-12-13T14:25:22","date_gmt":"2023-12-13T13:25:22","guid":{"rendered":"https:\/\/www.parispackagingweek.com\/?post_type=guest&#038;p=331969"},"modified":"2026-01-26T16:36:02","modified_gmt":"2026-01-26T15:36:02","slug":"giovanni-catalano","status":"publish","type":"guest","link":"https:\/\/www.parispackagingweek.com\/fr\/speaker\/giovanni-catalano\/","title":{"rendered":"Giovanni Catalano"},"content":{"rendered":"\n<p>Giovanni poss\u00e8de une solide exp\u00e9rience en mati\u00e8re d&rsquo;excellence op\u00e9rationnelle dans le domaine de l&#8217;emballage m\u00e9tallique, qu&rsquo;il s&rsquo;agisse d&rsquo;aluminium ou de fer-blanc. Il a ensuite assum\u00e9 le r\u00f4le de directeur commercial et technique dans le secteur des valves et des actionneurs d&rsquo;a\u00e9rosols. Il occupe actuellement le poste de directeur des ventes mondiales dans le secteur des bouchons d&rsquo;a\u00e9rosol et des bouchons de pulv\u00e9risation. Son expertise couvre diff\u00e9rents domaines, notamment la gestion de la qualit\u00e9, l&rsquo;excellence op\u00e9rationnelle, le service technique \u00e0 la client\u00e8le et le d\u00e9veloppement de produits.<\/p>\n\n\n\n<p>L&rsquo;engagement actif dans les associations nationales caract\u00e9rise l&rsquo;engagement de Giovanni, puisqu&rsquo;il est membre du conseil d&rsquo;administration et directeur du comit\u00e9 technique de l&rsquo;Association italienne des a\u00e9rosols (AIA). En outre, il joue un r\u00f4le essentiel au sein de la F\u00e9d\u00e9ration europ\u00e9enne des a\u00e9rosols (FEA), en occupant des postes tels que pr\u00e9sident de la normalisation, membre du comit\u00e9 directeur et membre du conseil d&rsquo;administration.<\/p>\n","protected":false},"excerpt":{"rendered":"<p>Giovanni poss\u00e8de une solide exp\u00e9rience en mati\u00e8re d&rsquo;excellence op\u00e9rationnelle dans le domaine de l&#8217;emballage m\u00e9tallique, qu&rsquo;il s&rsquo;agisse d&rsquo;aluminium ou de fer-blanc. Il a ensuite assum\u00e9 le r\u00f4le de directeur commercial et technique dans le secteur des valves et des actionneurs d&rsquo;a\u00e9rosols. Il occupe actuellement le poste de directeur des ventes mondiales dans le secteur des [&hellip;]<\/p>\n","protected":false},"featured_media":494631,"template":"","meta":{"_seopress_robots_primary_cat":"","_seopress_titles_title":"Global Aerosol Summit | Relever les d\u00e9fis techniques dans la transition des plastiques vierges aux plastiques recycl\u00e9s apr\u00e8s consommation (PCR)","_seopress_titles_desc":"Le Global Aerosol & Dispensing Summit d'ADF vous apportera des informations cl\u00e9s sur les derniers d\u00e9fis techniques, de durabilit\u00e9 et de r\u00e9glementation du march\u00e9. Produit en \u00e9troite collaboration avec la FEA, le Global Aerosol & Dispensing Summit accueillera des intervenants experts de la communaut\u00e9 internationale des a\u00e9rosols et du dispensing pour vous aider \u00e0 comprendre l'avenir du march\u00e9 et \u00e0 cr\u00e9er le packaging parfait pour votre prochain lancement.","_seopress_robots_index":"","_company_name":"Crisan Plast","_job_title":"Sales Global Director","_visit_me":"","_email":"","_linkedin":"","_twitter":"","_facebook":"","_instagram":"","_youtube":"","_imdb":"","footnotes":""},"edition":[744,1084],"guest_type":[1080,794],"work":[],"class_list":["post-331969","guest","type-guest","status-publish","has-post-thumbnail","hentry","edition-paris-packaging-week-speakers-2024","edition-paris-packaging-week-2026","guest_type-global-aerosol-dispensing-forum-2026","guest_type-the-aerosol-dispensing-summit"],"_cover_image":null,"_links":{"self":[{"href":"https:\/\/www.parispackagingweek.com\/fr\/wp-json\/wp\/v2\/guest\/331969","targetHints":{"allow":["GET"]}}],"collection":[{"href":"https:\/\/www.parispackagingweek.com\/fr\/wp-json\/wp\/v2\/guest"}],"about":[{"href":"https:\/\/www.parispackagingweek.com\/fr\/wp-json\/wp\/v2\/types\/guest"}],"version-history":[{"count":1,"href":"https:\/\/www.parispackagingweek.com\/fr\/wp-json\/wp\/v2\/guest\/331969\/revisions"}],"predecessor-version":[{"id":331977,"href":"https:\/\/www.parispackagingweek.com\/fr\/wp-json\/wp\/v2\/guest\/331969\/revisions\/331977"}],"wp:featuredmedia":[{"embeddable":true,"href":"https:\/\/www.parispackagingweek.com\/fr\/wp-json\/wp\/v2\/media\/494631"}],"wp:attachment":[{"href":"https:\/\/www.parispackagingweek.com\/fr\/wp-json\/wp\/v2\/media?parent=331969"}],"wp:term":[{"taxonomy":"edition","embeddable":true,"href":"https:\/\/www.parispackagingweek.com\/fr\/wp-json\/wp\/v2\/edition?post=331969"},{"taxonomy":"guest_type","embeddable":true,"href":"https:\/\/www.parispackagingweek.com\/fr\/wp-json\/wp\/v2\/guest_type?post=331969"},{"taxonomy":"work","embeddable":true,"href":"https:\/\/www.parispackagingweek.com\/fr\/wp-json\/wp\/v2\/work?post=331969"}],"curies":[{"name":"wp","href":"https:\/\/api.w.org\/{rel}","templated":true}]}}

<p>Giovanni possède une solide expérience en matière d&rsquo;excellence opérationnelle dans le domaine de l&#8217;emballage métallique, qu&rsquo;il s&rsquo;agisse d&rsquo;aluminium ou de fer-blanc. Il a ensuite assumé le rôle de directeur commercial et technique dans le secteur des valves et des actionneurs d&rsquo;aérosols. Il occupe actuellement le poste de directeur des ventes mondiales dans le secteur des bouchons d&rsquo;aérosol et des bouchons de pulvérisation. Son expertise couvre différents domaines, notamment la gestion de la qualité, l&rsquo;excellence opérationnelle, le service technique à la clientèle et le développement de produits.</p>



<p>L&rsquo;engagement actif dans les associations nationales caractérise l&rsquo;engagement de Giovanni, puisqu&rsquo;il est membre du conseil d&rsquo;administration et directeur du comité technique de l&rsquo;Association italienne des aérosols (AIA). En outre, il joue un rôle essentiel au sein de la Fédération européenne des aérosols (FEA), en occupant des postes tels que président de la normalisation, membre du comité directeur et membre du conseil d&rsquo;administration.</p>

<p>Giovanni possède une solide expérience en matière d&rsquo;excellence opérationnelle dans le domaine de l&#8217;emballage métallique, qu&rsquo;il s&rsquo;agisse d&rsquo;aluminium ou de fer-blanc. Il a ensuite assumé le rôle de directeur commercial et technique dans le secteur des valves et des actionneurs d&rsquo;aérosols. Il occupe actuellement le poste de directeur des ventes mondiales dans le secteur des [&hellip;]</p>

Global Aerosol Summit | Relever les défis techniques dans la transition des plastiques vierges aux plastiques recyclés après consommation (PCR)

Le Global Aerosol & Dispensing Summit d'ADF vous apportera des informations clés sur les derniers défis techniques, de durabilité et de réglementation du marché. Produit en étroite collaboration avec la FEA, le Global Aerosol & Dispensing Summit accueillera des intervenants experts de la communauté internationale des aérosols et du dispensing pour vous aider à comprendre l'avenir du marché et à créer le packaging parfait pour votre prochain lancement.
