{"id":334390,"date":"2023-12-22T09:16:02","date_gmt":"2023-12-22T08:16:02","guid":{"rendered":"https:\/\/www.parispackagingweek.com\/?post_type=guest&#038;p=334390"},"modified":"2023-12-22T09:20:25","modified_gmt":"2023-12-22T08:20:25","slug":"shelley-ranii","status":"publish","type":"guest","link":"https:\/\/www.parispackagingweek.com\/fr\/speaker\/shelley-ranii\/","title":{"rendered":"Shelley Ranii"},"content":{"rendered":"\n<p>Shelley E. Ranii est la directrice du marketing mondial d&rsquo;Alcoa, charg\u00e9e de d\u00e9velopper des points de vue sur le march\u00e9 mondial et des strat\u00e9gies de mise sur le march\u00e9 pour les produits de bauxite, d&rsquo;alumine et d&rsquo;aluminium de l&rsquo;entreprise \u00e0 l&rsquo;\u00e9chelle mondiale, y compris la gamme Sustana\u2122 de produits \u00e0 faible teneur en carbone d&rsquo;Alcoa. Auparavant, chez Alcoa, elle a travaill\u00e9 en tant que directrice mondiale de l&rsquo;analyse de l&rsquo;industrie et dans la strat\u00e9gie d&rsquo;entreprise, ayant rejoint l&rsquo;entreprise en 2015. Avant de rejoindre Alcoa, Shelley a travaill\u00e9 au Center on International Cooperation de NYU, \u00e0 la Banque mondiale et au minist\u00e8re am\u00e9ricain de la D\u00e9fense sur une s\u00e9rie de questions li\u00e9es \u00e0 l&rsquo;\u00e9conomie internationale, au d\u00e9veloppement et \u00e0 la s\u00e9curit\u00e9.<\/p>\n\n\n\n<p>Shelley a rejoint Alcoa en 2015 et est bas\u00e9e au si\u00e8ge europ\u00e9en d&rsquo;Alcoa \u00e0 Rotterdam, aux Pays-Bas. Elle est titulaire d&rsquo;une ma\u00eetrise en relations internationales et en \u00e9conomie internationale de la Johns Hopkins University School of Advanced International Studies (SAIS) et d&rsquo;un baccalaur\u00e9at en administration publique de l&rsquo;Universit\u00e9 de Harvard. Elle est titulaire du titre de Chartered Financial Analyst et est membre du Council on Foreign Relations. Elle est citoyenne am\u00e9ricaine et italienne.<\/p>\n","protected":false},"excerpt":{"rendered":"<p>Shelley E. Ranii est la directrice du marketing mondial d&rsquo;Alcoa, charg\u00e9e de d\u00e9velopper des points de vue sur le march\u00e9 mondial et des strat\u00e9gies de mise sur le march\u00e9 pour les produits de bauxite, d&rsquo;alumine et d&rsquo;aluminium de l&rsquo;entreprise \u00e0 l&rsquo;\u00e9chelle mondiale, y compris la gamme Sustana\u2122 de produits \u00e0 faible teneur en carbone d&rsquo;Alcoa. [&hellip;]<\/p>\n","protected":false},"featured_media":334395,"template":"","meta":{"_seopress_robots_primary_cat":"","_seopress_titles_title":"Global Aerosol Summit |  Shelley Ranii, Alcoa","_seopress_titles_desc":"Shelley E. Ranii est la directrice du marketing mondial d&#039;Alcoa, charg\u00e9e de d\u00e9velopper des points de vue sur le march\u00e9 mondial et des strat\u00e9gies de mise sur le march\u00e9 pour les produits de bauxite, d&#039;alumine et d&#039;aluminium de l&#039;entreprise \u00e0 l&#039;\u00e9chelle mondiale, y compris la gamme Sustana\u2122 de produits \u00e0 faible teneur en carbone d&#039;Alcoa. Auparavant, chez Alcoa, elle a travaill\u00e9 en tant que directrice mondiale de l&#039;analyse de l&#039;industrie et dans la strat\u00e9gie d&#039;entreprise, ayant rejoint l&#039;entreprise en 2015. Avant de rejoindre Alcoa, Shelley a travaill\u00e9 au Center on International Cooperation de NYU, \u00e0 la Banque mondiale et au minist\u00e8re am\u00e9ricain de la D\u00e9fense sur une s\u00e9rie de questions li\u00e9es \u00e0 l&#039;\u00e9conomie internationale, au d\u00e9veloppement et \u00e0 la s\u00e9curit\u00e9.","_seopress_robots_index":"","_company_name":"Alcoa","_job_title":"Director of Global Marketing","_visit_me":"","_email":"","_linkedin":"","_twitter":"","_facebook":"","_instagram":"","_youtube":"","_imdb":"","footnotes":""},"edition":[744],"guest_type":[794],"work":[],"class_list":["post-334390","guest","type-guest","status-publish","has-post-thumbnail","hentry","edition-paris-packaging-week-speakers-2024","guest_type-the-aerosol-dispensing-summit"],"_cover_image":null,"_links":{"self":[{"href":"https:\/\/www.parispackagingweek.com\/fr\/wp-json\/wp\/v2\/guest\/334390","targetHints":{"allow":["GET"]}}],"collection":[{"href":"https:\/\/www.parispackagingweek.com\/fr\/wp-json\/wp\/v2\/guest"}],"about":[{"href":"https:\/\/www.parispackagingweek.com\/fr\/wp-json\/wp\/v2\/types\/guest"}],"version-history":[{"count":1,"href":"https:\/\/www.parispackagingweek.com\/fr\/wp-json\/wp\/v2\/guest\/334390\/revisions"}],"predecessor-version":[{"id":334392,"href":"https:\/\/www.parispackagingweek.com\/fr\/wp-json\/wp\/v2\/guest\/334390\/revisions\/334392"}],"wp:featuredmedia":[{"embeddable":true,"href":"https:\/\/www.parispackagingweek.com\/fr\/wp-json\/wp\/v2\/media\/334395"}],"wp:attachment":[{"href":"https:\/\/www.parispackagingweek.com\/fr\/wp-json\/wp\/v2\/media?parent=334390"}],"wp:term":[{"taxonomy":"edition","embeddable":true,"href":"https:\/\/www.parispackagingweek.com\/fr\/wp-json\/wp\/v2\/edition?post=334390"},{"taxonomy":"guest_type","embeddable":true,"href":"https:\/\/www.parispackagingweek.com\/fr\/wp-json\/wp\/v2\/guest_type?post=334390"},{"taxonomy":"work","embeddable":true,"href":"https:\/\/www.parispackagingweek.com\/fr\/wp-json\/wp\/v2\/work?post=334390"}],"curies":[{"name":"wp","href":"https:\/\/api.w.org\/{rel}","templated":true}]}}

<p>Shelley E. Ranii est la directrice du marketing mondial d&rsquo;Alcoa, chargée de développer des points de vue sur le marché mondial et des stratégies de mise sur le marché pour les produits de bauxite, d&rsquo;alumine et d&rsquo;aluminium de l&rsquo;entreprise à l&rsquo;échelle mondiale, y compris la gamme Sustana™ de produits à faible teneur en carbone d&rsquo;Alcoa. Auparavant, chez Alcoa, elle a travaillé en tant que directrice mondiale de l&rsquo;analyse de l&rsquo;industrie et dans la stratégie d&rsquo;entreprise, ayant rejoint l&rsquo;entreprise en 2015. Avant de rejoindre Alcoa, Shelley a travaillé au Center on International Cooperation de NYU, à la Banque mondiale et au ministère américain de la Défense sur une série de questions liées à l&rsquo;économie internationale, au développement et à la sécurité.</p>



<p>Shelley a rejoint Alcoa en 2015 et est basée au siège européen d&rsquo;Alcoa à Rotterdam, aux Pays-Bas. Elle est titulaire d&rsquo;une maîtrise en relations internationales et en économie internationale de la Johns Hopkins University School of Advanced International Studies (SAIS) et d&rsquo;un baccalauréat en administration publique de l&rsquo;Université de Harvard. Elle est titulaire du titre de Chartered Financial Analyst et est membre du Council on Foreign Relations. Elle est citoyenne américaine et italienne.</p>

<p>Shelley E. Ranii est la directrice du marketing mondial d&rsquo;Alcoa, chargée de développer des points de vue sur le marché mondial et des stratégies de mise sur le marché pour les produits de bauxite, d&rsquo;alumine et d&rsquo;aluminium de l&rsquo;entreprise à l&rsquo;échelle mondiale, y compris la gamme Sustana™ de produits à faible teneur en carbone d&rsquo;Alcoa. [&hellip;]</p>

Shelley E. Ranii est la directrice du marketing mondial d&#039;Alcoa, chargée de développer des points de vue sur le marché mondial et des stratégies de mise sur le marché pour les produits de bauxite, d&#039;alumine et d&#039;aluminium de l&#039;entreprise à l&#039;échelle mondiale, y compris la gamme Sustana™ de produits à faible teneur en carbone d&#039;Alcoa. Auparavant, chez Alcoa, elle a travaillé en tant que directrice mondiale de l&#039;analyse de l&#039;industrie et dans la stratégie d&#039;entreprise, ayant rejoint l&#039;entreprise en 2015. Avant de rejoindre Alcoa, Shelley a travaillé au Center on International Cooperation de NYU, à la Banque mondiale et au ministère américain de la Défense sur une série de questions liées à l&#039;économie internationale, au développement et à la sécurité.
