{"id":337002,"date":"2024-01-08T17:28:14","date_gmt":"2024-01-08T16:28:14","guid":{"rendered":"https:\/\/www.parispackagingweek.com\/?post_type=guest&#038;p=337002"},"modified":"2024-01-08T17:28:18","modified_gmt":"2024-01-08T16:28:18","slug":"lili-turban","status":"publish","type":"guest","link":"https:\/\/www.parispackagingweek.com\/fr\/speaker\/lili-turban\/","title":{"rendered":"Lili Turban"},"content":{"rendered":"\n<p>Ing\u00e9nieure en design industriel, Lili est sp\u00e9cialis\u00e9e en conception centr\u00e9e utilisateur et design thinking. Elle est responsable du d\u00e9veloppement de l&rsquo;application SafePAC et de la conception des interfaces au sein du projet Cosmebooste pour KREATiS afin d\u2019\u00e9valuer la s\u00e9curit\u00e9 pour la sant\u00e9 humaine des emballages cosm\u00e9tiques en plastique recycl\u00e9.\u00a0<\/p>\n","protected":false},"excerpt":{"rendered":"<p>Ing\u00e9nieure en design industriel, Lili est sp\u00e9cialis\u00e9e en conception centr\u00e9e utilisateur et design thinking. Elle est responsable du d\u00e9veloppement de l&rsquo;application SafePAC et de la conception des interfaces au sein du projet Cosmebooste pour KREATiS afin d\u2019\u00e9valuer la s\u00e9curit\u00e9 pour la sant\u00e9 humaine des emballages cosm\u00e9tiques en plastique recycl\u00e9.\u00a0<\/p>\n","protected":false},"featured_media":337004,"template":"","meta":{"_seopress_robots_primary_cat":"","_seopress_titles_title":"Circular Economy Stage | Lili Turban, KREATIS","_seopress_titles_desc":"Ing\u00e9nieure en design industriel, Lili est sp\u00e9cialis\u00e9e en conception centr\u00e9e utilisateur et design thinking. Elle est responsable du d\u00e9veloppement de l&#039;application SafePAC et de la conception des interfaces au sein du projet Cosmebooste pour KREATiS afin d\u2019\u00e9valuer la s\u00e9curit\u00e9 pour la sant\u00e9 humaine des emballages cosm\u00e9tiques en plastique recycl\u00e9.\u00a0","_seopress_robots_index":"","_company_name":"Industrial Design Engineer","_job_title":"KREATIS","_visit_me":"","_email":"","_linkedin":"","_twitter":"","_facebook":"","_instagram":"","_youtube":"","_imdb":"","footnotes":""},"edition":[744],"guest_type":[769],"work":[],"class_list":["post-337002","guest","type-guest","status-publish","has-post-thumbnail","hentry","edition-paris-packaging-week-speakers-2024","guest_type-circular-economy-stage"],"_cover_image":null,"_links":{"self":[{"href":"https:\/\/www.parispackagingweek.com\/fr\/wp-json\/wp\/v2\/guest\/337002","targetHints":{"allow":["GET"]}}],"collection":[{"href":"https:\/\/www.parispackagingweek.com\/fr\/wp-json\/wp\/v2\/guest"}],"about":[{"href":"https:\/\/www.parispackagingweek.com\/fr\/wp-json\/wp\/v2\/types\/guest"}],"version-history":[{"count":1,"href":"https:\/\/www.parispackagingweek.com\/fr\/wp-json\/wp\/v2\/guest\/337002\/revisions"}],"predecessor-version":[{"id":337006,"href":"https:\/\/www.parispackagingweek.com\/fr\/wp-json\/wp\/v2\/guest\/337002\/revisions\/337006"}],"wp:featuredmedia":[{"embeddable":true,"href":"https:\/\/www.parispackagingweek.com\/fr\/wp-json\/wp\/v2\/media\/337004"}],"wp:attachment":[{"href":"https:\/\/www.parispackagingweek.com\/fr\/wp-json\/wp\/v2\/media?parent=337002"}],"wp:term":[{"taxonomy":"edition","embeddable":true,"href":"https:\/\/www.parispackagingweek.com\/fr\/wp-json\/wp\/v2\/edition?post=337002"},{"taxonomy":"guest_type","embeddable":true,"href":"https:\/\/www.parispackagingweek.com\/fr\/wp-json\/wp\/v2\/guest_type?post=337002"},{"taxonomy":"work","embeddable":true,"href":"https:\/\/www.parispackagingweek.com\/fr\/wp-json\/wp\/v2\/work?post=337002"}],"curies":[{"name":"wp","href":"https:\/\/api.w.org\/{rel}","templated":true}]}}

<p>Ingénieure en design industriel, Lili est spécialisée en conception centrée utilisateur et design thinking. Elle est responsable du développement de l&rsquo;application SafePAC et de la conception des interfaces au sein du projet Cosmebooste pour KREATiS afin d’évaluer la sécurité pour la santé humaine des emballages cosmétiques en plastique recyclé. </p>

Ingénieure en design industriel, Lili est spécialisée en conception centrée utilisateur et design thinking. Elle est responsable du développement de l&#039;application SafePAC et de la conception des interfaces au sein du projet Cosmebooste pour KREATiS afin d’évaluer la sécurité pour la santé humaine des emballages cosmétiques en plastique recyclé.
