{"id":340269,"date":"2024-01-16T15:01:07","date_gmt":"2024-01-16T14:01:07","guid":{"rendered":"https:\/\/www.parispackagingweek.com\/?post_type=guest&#038;p=340269"},"modified":"2024-01-16T15:12:29","modified_gmt":"2024-01-16T14:12:29","slug":"gaelle-daireaux","status":"publish","type":"guest","link":"https:\/\/www.parispackagingweek.com\/fr\/speaker\/gaelle-daireaux\/","title":{"rendered":"Ga\u00eblle Daireaux"},"content":{"rendered":"","protected":false},"excerpt":{"rendered":"","protected":false},"featured_media":340282,"template":"","meta":{"_seopress_robots_primary_cat":"","_seopress_titles_title":"Future Innovation Forum | Ga\u00eblle Daireaux, Le Bon March\u00e9","_seopress_titles_desc":"","_seopress_robots_index":"","_company_name":"Le Bon March\u00e9","_job_title":"Operation Director","_visit_me":"","_email":"","_linkedin":"","_twitter":"","_facebook":"","_instagram":"","_youtube":"","_imdb":"","footnotes":""},"edition":[744],"guest_type":[801],"work":[],"class_list":["post-340269","guest","type-guest","status-publish","has-post-thumbnail","hentry","edition-paris-packaging-week-speakers-2024","guest_type-the-future-innovation-forum-fr"],"_cover_image":null,"_links":{"self":[{"href":"https:\/\/www.parispackagingweek.com\/fr\/wp-json\/wp\/v2\/guest\/340269","targetHints":{"allow":["GET"]}}],"collection":[{"href":"https:\/\/www.parispackagingweek.com\/fr\/wp-json\/wp\/v2\/guest"}],"about":[{"href":"https:\/\/www.parispackagingweek.com\/fr\/wp-json\/wp\/v2\/types\/guest"}],"version-history":[{"count":1,"href":"https:\/\/www.parispackagingweek.com\/fr\/wp-json\/wp\/v2\/guest\/340269\/revisions"}],"predecessor-version":[{"id":340272,"href":"https:\/\/www.parispackagingweek.com\/fr\/wp-json\/wp\/v2\/guest\/340269\/revisions\/340272"}],"wp:featuredmedia":[{"embeddable":true,"href":"https:\/\/www.parispackagingweek.com\/fr\/wp-json\/wp\/v2\/media\/340282"}],"wp:attachment":[{"href":"https:\/\/www.parispackagingweek.com\/fr\/wp-json\/wp\/v2\/media?parent=340269"}],"wp:term":[{"taxonomy":"edition","embeddable":true,"href":"https:\/\/www.parispackagingweek.com\/fr\/wp-json\/wp\/v2\/edition?post=340269"},{"taxonomy":"guest_type","embeddable":true,"href":"https:\/\/www.parispackagingweek.com\/fr\/wp-json\/wp\/v2\/guest_type?post=340269"},{"taxonomy":"work","embeddable":true,"href":"https:\/\/www.parispackagingweek.com\/fr\/wp-json\/wp\/v2\/work?post=340269"}],"curies":[{"name":"wp","href":"https:\/\/api.w.org\/{rel}","templated":true}]}}

Gaëlle Daireaux

Future Innovation Forum | Gaëlle Daireaux, Le Bon Marché

Le Bon Marché
