{"id":417051,"date":"2024-12-04T14:52:12","date_gmt":"2024-12-04T13:52:12","guid":{"rendered":"https:\/\/www.parispackagingweek.com\/?post_type=guest&#038;p=417051"},"modified":"2024-12-09T12:34:06","modified_gmt":"2024-12-09T11:34:06","slug":"pleun-van-dalen","status":"publish","type":"guest","link":"https:\/\/www.parispackagingweek.com\/fr\/speaker\/pleun-van-dalen\/","title":{"rendered":"Pleun van Dalen"},"content":{"rendered":"\n<p>Titulaire d&rsquo;un dipl\u00f4me d&rsquo;ing\u00e9nieur en m\u00e9canique et d&rsquo;un MBA, j&rsquo;ai acquis une vaste exp\u00e9rience dans les secteurs de l&#8217;emballage et de la construction de machines, o\u00f9 j&rsquo;ai relev\u00e9 des d\u00e9fis op\u00e9rationnels et de d\u00e9veloppement commercial. J&rsquo;ai rejoint Bud\u00e9 Aerosols il y a pr\u00e8s de deux ans pour d\u00e9velopper le march\u00e9 des a\u00e9rosols en dehors du segment des a\u00e9rosols de cr\u00e8me fouett\u00e9e, dont Bud\u00e9 est le leader incontest\u00e9 gr\u00e2ce \u00e0 sa technologie unique d&rsquo;agitation.<\/p>\n","protected":false},"excerpt":{"rendered":"<p>Titulaire d&rsquo;un dipl\u00f4me d&rsquo;ing\u00e9nieur en m\u00e9canique et d&rsquo;un MBA, j&rsquo;ai acquis une vaste exp\u00e9rience dans les secteurs de l&#8217;emballage et de la construction de machines, o\u00f9 j&rsquo;ai relev\u00e9 des d\u00e9fis op\u00e9rationnels et de d\u00e9veloppement commercial. J&rsquo;ai rejoint Bud\u00e9 Aerosols il y a pr\u00e8s de deux ans pour d\u00e9velopper le march\u00e9 des a\u00e9rosols en dehors du [&hellip;]<\/p>\n","protected":false},"featured_media":418313,"template":"","meta":{"_seopress_titles_title":"Paris Packaging Week | Pleun van Dalen, Business Development, Bud\u00e9 Aerosols","_seopress_titles_desc":"Titulaire d&#039;un dipl\u00f4me d&#039;ing\u00e9nieur en m\u00e9canique et d&#039;un MBA, j&#039;ai acquis une vaste exp\u00e9rience dans les secteurs de l&#039;emballage et de la construction de machines, o\u00f9 j&#039;ai relev\u00e9 des d\u00e9fis op\u00e9rationnels et de d\u00e9veloppement commercial. J&#039;ai rejoint Bud\u00e9 Aerosols il y a pr\u00e8s de deux ans pour d\u00e9velopper le march\u00e9 des a\u00e9rosols en dehors du segment des a\u00e9rosols de cr\u00e8me fouett\u00e9e, dont Bud\u00e9 est le leader incontest\u00e9 gr\u00e2ce \u00e0 sa technologie unique d&#039;agitation.","_seopress_robots_index":"","_seopress_robots_follow":"","_seopress_robots_imageindex":"","_seopress_robots_snippet":"","_seopress_robots_primary_cat":"","_seopress_robots_breadcrumbs":"","_seopress_robots_freeze_modified_date":"","_seopress_robots_custom_modified_date":"","_seopress_robots_canonical":"","_seopress_social_fb_title":"Paris Packaging Week | Pleun van Dalen, Business Development, Bud\u00e9 Aerosols","_seopress_social_fb_desc":"Titulaire d&#039;un dipl\u00f4me d&#039;ing\u00e9nieur en m\u00e9canique et d&#039;un MBA, j&#039;ai acquis une vaste exp\u00e9rience dans les secteurs de l&#039;emballage et de la construction de machines, o\u00f9 j&#039;ai relev\u00e9 des d\u00e9fis op\u00e9rationnels et de d\u00e9veloppement commercial. J&#039;ai rejoint Bud\u00e9 Aerosols il y a pr\u00e8s de deux ans pour d\u00e9velopper le march\u00e9 des a\u00e9rosols en dehors du segment des a\u00e9rosols de cr\u00e8me fouett\u00e9e, dont Bud\u00e9 est le leader incontest\u00e9 gr\u00e2ce \u00e0 sa technologie unique d&#039;agitation.","_seopress_social_fb_img":"","_seopress_social_fb_img_attachment_id":0,"_seopress_social_fb_img_width":0,"_seopress_social_fb_img_height":0,"_seopress_social_twitter_title":"Paris Packaging Week | Pleun van Dalen, Business Development, Bud\u00e9 Aerosols","_seopress_social_twitter_desc":"","_seopress_social_twitter_img":"","_seopress_social_twitter_img_attachment_id":0,"_seopress_social_twitter_img_width":0,"_seopress_social_twitter_img_height":0,"_seopress_redirections_value":"","_seopress_redirections_enabled":"","_seopress_redirections_enabled_regex":"","_seopress_redirections_logged_status":"both","_seopress_redirections_param":"","_seopress_redirections_type":301,"_seopress_analysis_target_kw":"","_seopress_news_disabled":"","_seopress_video_disabled":"","_seopress_video":[{"url":"","title":"","desc":"","thumbnail":"","duration":"","rating":"","view_count":"","tag":""}],"_seopress_pro_schemas_manual":[],"_seopress_pro_rich_snippets_disable_all":"","_seopress_pro_rich_snippets_disable":[],"_seopress_pro_schemas":[],"_company_name":"Bud\u00e9 Aerosols","_job_title":"Business Development","_visit_me":"","_email":"","_linkedin":"","_twitter":"","_facebook":"","_instagram":"","_youtube":"","_imdb":"","footnotes":""},"edition":[924],"guest_type":[923],"work":[],"class_list":["post-417051","guest","type-guest","status-publish","has-post-thumbnail","hentry","edition-paris-packaging-week-2025","guest_type-global-aerosol-dispensing-summit-2025"],"_cover_image":null,"_links":{"self":[{"href":"https:\/\/www.parispackagingweek.com\/fr\/wp-json\/wp\/v2\/guest\/417051","targetHints":{"allow":["GET"]}}],"collection":[{"href":"https:\/\/www.parispackagingweek.com\/fr\/wp-json\/wp\/v2\/guest"}],"about":[{"href":"https:\/\/www.parispackagingweek.com\/fr\/wp-json\/wp\/v2\/types\/guest"}],"version-history":[{"count":0,"href":"https:\/\/www.parispackagingweek.com\/fr\/wp-json\/wp\/v2\/guest\/417051\/revisions"}],"wp:featuredmedia":[{"embeddable":true,"href":"https:\/\/www.parispackagingweek.com\/fr\/wp-json\/wp\/v2\/media\/418313"}],"wp:attachment":[{"href":"https:\/\/www.parispackagingweek.com\/fr\/wp-json\/wp\/v2\/media?parent=417051"}],"wp:term":[{"taxonomy":"edition","embeddable":true,"href":"https:\/\/www.parispackagingweek.com\/fr\/wp-json\/wp\/v2\/edition?post=417051"},{"taxonomy":"guest_type","embeddable":true,"href":"https:\/\/www.parispackagingweek.com\/fr\/wp-json\/wp\/v2\/guest_type?post=417051"},{"taxonomy":"work","embeddable":true,"href":"https:\/\/www.parispackagingweek.com\/fr\/wp-json\/wp\/v2\/work?post=417051"}],"curies":[{"name":"wp","href":"https:\/\/api.w.org\/{rel}","templated":true}]}}

<p>Titulaire d&rsquo;un diplôme d&rsquo;ingénieur en mécanique et d&rsquo;un MBA, j&rsquo;ai acquis une vaste expérience dans les secteurs de l&#8217;emballage et de la construction de machines, où j&rsquo;ai relevé des défis opérationnels et de développement commercial. J&rsquo;ai rejoint Budé Aerosols il y a près de deux ans pour développer le marché des aérosols en dehors du segment des aérosols de crème fouettée, dont Budé est le leader incontesté grâce à sa technologie unique d&rsquo;agitation.</p>

<p>Titulaire d&rsquo;un diplôme d&rsquo;ingénieur en mécanique et d&rsquo;un MBA, j&rsquo;ai acquis une vaste expérience dans les secteurs de l&#8217;emballage et de la construction de machines, où j&rsquo;ai relevé des défis opérationnels et de développement commercial. J&rsquo;ai rejoint Budé Aerosols il y a près de deux ans pour développer le marché des aérosols en dehors du [&hellip;]</p>

Paris Packaging Week | Pleun van Dalen, Business Development, Budé Aerosols

Titulaire d&#039;un diplôme d&#039;ingénieur en mécanique et d&#039;un MBA, j&#039;ai acquis une vaste expérience dans les secteurs de l&#039;emballage et de la construction de machines, où j&#039;ai relevé des défis opérationnels et de développement commercial. J&#039;ai rejoint Budé Aerosols il y a près de deux ans pour développer le marché des aérosols en dehors du segment des aérosols de crème fouettée, dont Budé est le leader incontesté grâce à sa technologie unique d&#039;agitation.

Budé Aerosols
