{"id":419046,"date":"2024-12-09T13:13:27","date_gmt":"2024-12-09T12:13:27","guid":{"rendered":"https:\/\/www.parispackagingweek.com\/?post_type=guest&#038;p=419046"},"modified":"2025-01-13T17:32:07","modified_gmt":"2025-01-13T16:32:07","slug":"predrag-ozmo-2","status":"publish","type":"guest","link":"https:\/\/www.parispackagingweek.com\/fr\/speaker\/predrag-ozmo-2\/","title":{"rendered":"Predrag Ozmo"},"content":{"rendered":"\n<p>Predrag Ozmo dirige les efforts de durabilit\u00e9 pour les Growth Ventures de Ball, en se concentrant sur les produits d&#8217;emballage pour les soins personnels et \u00e0 domicile, y compris les a\u00e9rosols et les bouteilles en aluminium.<br>Il favorise l&rsquo;engagement avec les comptes cl\u00e9s mondiaux, contribue \u00e0 la strat\u00e9gie de durabilit\u00e9 globale de Ball et dirige les initiatives pour des solutions d&#8217;emballage rechargeables et r\u00e9utilisables.<br>Predrag conseille les \u00e9quipes commerciales et d&rsquo;approvisionnement mondiales sur les strat\u00e9gies commerciales ax\u00e9es sur la durabilit\u00e9 et supervise les plans d&rsquo;action conjoints en mati\u00e8re de durabilit\u00e9 avec les principaux clients. Son travail couvre des projets li\u00e9s \u00e0 l&rsquo;optimisation des emballages, \u00e0 la r\u00e9duction de l&#8217;empreinte carbone, \u00e0 l&rsquo;approvisionnement en mat\u00e9riaux durables et \u00e0 l&rsquo;am\u00e9lioration du recyclage et de la circularit\u00e9.<\/p>\n","protected":false},"excerpt":{"rendered":"<p>Predrag Ozmo dirige les efforts de durabilit\u00e9 pour les Growth Ventures de Ball, en se concentrant sur les produits d&#8217;emballage pour les soins personnels et \u00e0 domicile, y compris les a\u00e9rosols et les bouteilles en aluminium.Il favorise l&rsquo;engagement avec les comptes cl\u00e9s mondiaux, contribue \u00e0 la strat\u00e9gie de durabilit\u00e9 globale de Ball et dirige les [&hellip;]<\/p>\n","protected":false},"featured_media":419049,"template":"","meta":{"_seopress_robots_primary_cat":"","_seopress_titles_title":"Paris Packaging Week | Predrag Ozmo, Director Personal and Home Care, Ball","_seopress_titles_desc":"","_seopress_robots_index":"","_company_name":"Ball Corporation","_job_title":"Sustainability Director, Personal & Home Care","_visit_me":"","_email":"","_linkedin":"","_twitter":"","_facebook":"","_instagram":"","_youtube":"","_imdb":"","footnotes":""},"edition":[924],"guest_type":[923],"work":[],"class_list":["post-419046","guest","type-guest","status-publish","has-post-thumbnail","hentry","edition-paris-packaging-week-2025","guest_type-global-aerosol-dispensing-summit-2025"],"_cover_image":null,"_links":{"self":[{"href":"https:\/\/www.parispackagingweek.com\/fr\/wp-json\/wp\/v2\/guest\/419046","targetHints":{"allow":["GET"]}}],"collection":[{"href":"https:\/\/www.parispackagingweek.com\/fr\/wp-json\/wp\/v2\/guest"}],"about":[{"href":"https:\/\/www.parispackagingweek.com\/fr\/wp-json\/wp\/v2\/types\/guest"}],"version-history":[{"count":2,"href":"https:\/\/www.parispackagingweek.com\/fr\/wp-json\/wp\/v2\/guest\/419046\/revisions"}],"predecessor-version":[{"id":431411,"href":"https:\/\/www.parispackagingweek.com\/fr\/wp-json\/wp\/v2\/guest\/419046\/revisions\/431411"}],"wp:featuredmedia":[{"embeddable":true,"href":"https:\/\/www.parispackagingweek.com\/fr\/wp-json\/wp\/v2\/media\/419049"}],"wp:attachment":[{"href":"https:\/\/www.parispackagingweek.com\/fr\/wp-json\/wp\/v2\/media?parent=419046"}],"wp:term":[{"taxonomy":"edition","embeddable":true,"href":"https:\/\/www.parispackagingweek.com\/fr\/wp-json\/wp\/v2\/edition?post=419046"},{"taxonomy":"guest_type","embeddable":true,"href":"https:\/\/www.parispackagingweek.com\/fr\/wp-json\/wp\/v2\/guest_type?post=419046"},{"taxonomy":"work","embeddable":true,"href":"https:\/\/www.parispackagingweek.com\/fr\/wp-json\/wp\/v2\/work?post=419046"}],"curies":[{"name":"wp","href":"https:\/\/api.w.org\/{rel}","templated":true}]}}

<p>Predrag Ozmo dirige les efforts de durabilité pour les Growth Ventures de Ball, en se concentrant sur les produits d&#8217;emballage pour les soins personnels et à domicile, y compris les aérosols et les bouteilles en aluminium.<br>Il favorise l&rsquo;engagement avec les comptes clés mondiaux, contribue à la stratégie de durabilité globale de Ball et dirige les initiatives pour des solutions d&#8217;emballage rechargeables et réutilisables.<br>Predrag conseille les équipes commerciales et d&rsquo;approvisionnement mondiales sur les stratégies commerciales axées sur la durabilité et supervise les plans d&rsquo;action conjoints en matière de durabilité avec les principaux clients. Son travail couvre des projets liés à l&rsquo;optimisation des emballages, à la réduction de l&#8217;empreinte carbone, à l&rsquo;approvisionnement en matériaux durables et à l&rsquo;amélioration du recyclage et de la circularité.</p>

<p>Predrag Ozmo dirige les efforts de durabilité pour les Growth Ventures de Ball, en se concentrant sur les produits d&#8217;emballage pour les soins personnels et à domicile, y compris les aérosols et les bouteilles en aluminium.Il favorise l&rsquo;engagement avec les comptes clés mondiaux, contribue à la stratégie de durabilité globale de Ball et dirige les [&hellip;]</p>
