{"id":423269,"date":"2024-12-18T14:40:49","date_gmt":"2024-12-18T13:40:49","guid":{"rendered":"https:\/\/www.parispackagingweek.com\/?post_type=guest&#038;p=423269"},"modified":"2024-12-18T16:35:07","modified_gmt":"2024-12-18T15:35:07","slug":"to-hong-chan","status":"publish","type":"guest","link":"https:\/\/www.parispackagingweek.com\/fr\/speaker\/to-hong-chan\/","title":{"rendered":"To Hong Chan"},"content":{"rendered":"\n<p>To Hong Chan est le co-fondateur et COO de Gravel AI. Fort de 15 ans d&rsquo;exp\u00e9rience dans la cr\u00e9ation de plateformes centr\u00e9es sur les donn\u00e9es et d&rsquo;une formation en science des mat\u00e9riaux, To Hong combine des pratiques de pointe en mati\u00e8re d&rsquo;IA et de science des donn\u00e9es avec une compr\u00e9hension scientifique pour cr\u00e9er la plateforme d&rsquo;intelligence des ingr\u00e9dients de Gravel AI. To Hong Chan est dipl\u00f4m\u00e9 de l&rsquo;Universit\u00e9 d&rsquo;Oxford avec un premier dipl\u00f4me en science des mat\u00e9riaux.<\/p>\n","protected":false},"excerpt":{"rendered":"<p>To Hong Chan est le co-fondateur et COO de Gravel AI. Fort de 15 ans d&rsquo;exp\u00e9rience dans la cr\u00e9ation de plateformes centr\u00e9es sur les donn\u00e9es et d&rsquo;une formation en science des mat\u00e9riaux, To Hong combine des pratiques de pointe en mati\u00e8re d&rsquo;IA et de science des donn\u00e9es avec une compr\u00e9hension scientifique pour cr\u00e9er la plateforme [&hellip;]<\/p>\n","protected":false},"featured_media":423276,"template":"","meta":{"_seopress_titles_title":"Discovery Zone | To Hong Chan, Gravel AI ","_seopress_titles_desc":"","_seopress_robots_index":"","_seopress_robots_follow":"","_seopress_robots_imageindex":"","_seopress_robots_snippet":"","_seopress_robots_primary_cat":"","_seopress_robots_breadcrumbs":"","_seopress_robots_freeze_modified_date":"","_seopress_robots_custom_modified_date":"","_seopress_robots_canonical":"","_seopress_social_fb_title":"Discovery Zone | To Hong Chan, Gravel AI ","_seopress_social_fb_desc":"","_seopress_social_fb_img":"https:\/\/easyfairsassets.com\/sites\/61\/2024\/12\/To-.png","_seopress_social_fb_img_attachment_id":423276,"_seopress_social_fb_img_width":500,"_seopress_social_fb_img_height":500,"_seopress_social_twitter_title":"Discovery Zone | To Hong Chan, Gravel AI ","_seopress_social_twitter_desc":"","_seopress_social_twitter_img":"https:\/\/easyfairsassets.com\/sites\/61\/2024\/12\/To-.png","_seopress_social_twitter_img_attachment_id":423276,"_seopress_social_twitter_img_width":500,"_seopress_social_twitter_img_height":500,"_seopress_redirections_value":"","_seopress_redirections_enabled":"","_seopress_redirections_enabled_regex":"","_seopress_redirections_logged_status":"both","_seopress_redirections_param":"","_seopress_redirections_type":301,"_seopress_analysis_target_kw":"","_seopress_news_disabled":"","_seopress_video_disabled":"","_seopress_video":[{"url":"","title":"","desc":"","thumbnail":"","duration":"","rating":"","view_count":"","tag":""}],"_seopress_pro_schemas_manual":[],"_seopress_pro_rich_snippets_disable_all":"","_seopress_pro_rich_snippets_disable":[],"_seopress_pro_schemas":[],"_company_name":"Gravel AI","_job_title":"Co-Founder and COO","_visit_me":"","_email":"","_linkedin":"","_twitter":"","_facebook":"","_instagram":"","_youtube":"","_imdb":"","footnotes":""},"edition":[924],"guest_type":[970],"work":[],"class_list":["post-423269","guest","type-guest","status-publish","has-post-thumbnail","hentry","edition-paris-packaging-week-2025","guest_type-discovery-zone-2025"],"_cover_image":null,"_links":{"self":[{"href":"https:\/\/www.parispackagingweek.com\/fr\/wp-json\/wp\/v2\/guest\/423269","targetHints":{"allow":["GET"]}}],"collection":[{"href":"https:\/\/www.parispackagingweek.com\/fr\/wp-json\/wp\/v2\/guest"}],"about":[{"href":"https:\/\/www.parispackagingweek.com\/fr\/wp-json\/wp\/v2\/types\/guest"}],"version-history":[{"count":0,"href":"https:\/\/www.parispackagingweek.com\/fr\/wp-json\/wp\/v2\/guest\/423269\/revisions"}],"wp:featuredmedia":[{"embeddable":true,"href":"https:\/\/www.parispackagingweek.com\/fr\/wp-json\/wp\/v2\/media\/423276"}],"wp:attachment":[{"href":"https:\/\/www.parispackagingweek.com\/fr\/wp-json\/wp\/v2\/media?parent=423269"}],"wp:term":[{"taxonomy":"edition","embeddable":true,"href":"https:\/\/www.parispackagingweek.com\/fr\/wp-json\/wp\/v2\/edition?post=423269"},{"taxonomy":"guest_type","embeddable":true,"href":"https:\/\/www.parispackagingweek.com\/fr\/wp-json\/wp\/v2\/guest_type?post=423269"},{"taxonomy":"work","embeddable":true,"href":"https:\/\/www.parispackagingweek.com\/fr\/wp-json\/wp\/v2\/work?post=423269"}],"curies":[{"name":"wp","href":"https:\/\/api.w.org\/{rel}","templated":true}]}}

<p>To Hong Chan est le co-fondateur et COO de Gravel AI. Fort de 15 ans d&rsquo;expérience dans la création de plateformes centrées sur les données et d&rsquo;une formation en science des matériaux, To Hong combine des pratiques de pointe en matière d&rsquo;IA et de science des données avec une compréhension scientifique pour créer la plateforme d&rsquo;intelligence des ingrédients de Gravel AI. To Hong Chan est diplômé de l&rsquo;Université d&rsquo;Oxford avec un premier diplôme en science des matériaux.</p>

<p>To Hong Chan est le co-fondateur et COO de Gravel AI. Fort de 15 ans d&rsquo;expérience dans la création de plateformes centrées sur les données et d&rsquo;une formation en science des matériaux, To Hong combine des pratiques de pointe en matière d&rsquo;IA et de science des données avec une compréhension scientifique pour créer la plateforme [&hellip;]</p>
