{"id":426412,"date":"2024-12-20T09:55:54","date_gmt":"2024-12-20T08:55:54","guid":{"rendered":"https:\/\/www.parispackagingweek.com\/?post_type=guest&#038;p=426412"},"modified":"2024-12-20T09:56:00","modified_gmt":"2024-12-20T08:56:00","slug":"marleen-swart","status":"publish","type":"guest","link":"https:\/\/www.parispackagingweek.com\/fr\/speaker\/marleen-swart\/","title":{"rendered":"Marleen Swart"},"content":{"rendered":"\n<p>Marleen Swart est directrice du d\u00e9veloppement durable chez Quadpack, un fabricant et fournisseur mondial de solutions d&#8217;emballage. Elle dirige la strat\u00e9gie de durabilit\u00e9 de Quadpack, veillant \u00e0 ce qu&rsquo;elle s&rsquo;aligne sur la vision et les op\u00e9rations de l&rsquo;entreprise. Elle collabore \u00e9troitement avec les fournisseurs, les clients et les \u00e9quipes internes pour amplifier l&rsquo;impact, boucler la boucle et impulser des changements significatifs. Marleen soutient l&rsquo;\u00e9quipe commerciale et les clients en fournissant des informations sur les r\u00e9glementations en mati\u00e8re de durabilit\u00e9 (UE) et supervise les principales certifications, notamment B Corp, EcoVadis, SEDEX et Cradle to Cradle pour Woodacity, le syst\u00e8me de fermeture en bois brevet\u00e9 de Quadpack fabriqu\u00e9 \u00e0 partir de bois issu de sources responsables.<\/p>\n","protected":false},"excerpt":{"rendered":"<p>Marleen Swart est directrice du d\u00e9veloppement durable chez Quadpack, un fabricant et fournisseur mondial de solutions d&#8217;emballage. Elle dirige la strat\u00e9gie de durabilit\u00e9 de Quadpack, veillant \u00e0 ce qu&rsquo;elle s&rsquo;aligne sur la vision et les op\u00e9rations de l&rsquo;entreprise. Elle collabore \u00e9troitement avec les fournisseurs, les clients et les \u00e9quipes internes pour amplifier l&rsquo;impact, boucler la [&hellip;]<\/p>\n","protected":false},"featured_media":426415,"template":"","meta":{"_seopress_titles_title":"Circular Economy Stage | Marleen Swart, Quadpack ","_seopress_titles_desc":"","_seopress_robots_index":"","_seopress_robots_follow":"","_seopress_robots_imageindex":"","_seopress_robots_snippet":"","_seopress_robots_primary_cat":"","_seopress_robots_breadcrumbs":"","_seopress_robots_freeze_modified_date":"","_seopress_robots_custom_modified_date":"","_seopress_robots_canonical":"","_seopress_social_fb_title":"Circular Economy Stage | Marleen Swart, Quadpack ","_seopress_social_fb_desc":"","_seopress_social_fb_img":"","_seopress_social_fb_img_attachment_id":0,"_seopress_social_fb_img_width":0,"_seopress_social_fb_img_height":0,"_seopress_social_twitter_title":"Circular Economy Stage | Marleen Swart, Quadpack ","_seopress_social_twitter_desc":"","_seopress_social_twitter_img":"","_seopress_social_twitter_img_attachment_id":0,"_seopress_social_twitter_img_width":0,"_seopress_social_twitter_img_height":0,"_seopress_redirections_value":"","_seopress_redirections_enabled":"","_seopress_redirections_enabled_regex":"","_seopress_redirections_logged_status":"both","_seopress_redirections_param":"","_seopress_redirections_type":301,"_seopress_analysis_target_kw":"","_seopress_news_disabled":"","_seopress_video_disabled":"","_seopress_video":[{"url":"","title":"","desc":"","thumbnail":"","duration":"","rating":"","view_count":"","tag":""}],"_seopress_pro_schemas_manual":[],"_seopress_pro_rich_snippets_disable_all":"","_seopress_pro_rich_snippets_disable":[],"_seopress_pro_schemas":[],"_company_name":"Quadpack","_job_title":"Sustainability Director","_visit_me":"","_email":"","_linkedin":"","_twitter":"","_facebook":"","_instagram":"","_youtube":"","_imdb":"","footnotes":""},"edition":[924],"guest_type":[921],"work":[],"class_list":["post-426412","guest","type-guest","status-publish","has-post-thumbnail","hentry","edition-paris-packaging-week-2025","guest_type-circular-economy-stage-2025"],"_cover_image":null,"_links":{"self":[{"href":"https:\/\/www.parispackagingweek.com\/fr\/wp-json\/wp\/v2\/guest\/426412","targetHints":{"allow":["GET"]}}],"collection":[{"href":"https:\/\/www.parispackagingweek.com\/fr\/wp-json\/wp\/v2\/guest"}],"about":[{"href":"https:\/\/www.parispackagingweek.com\/fr\/wp-json\/wp\/v2\/types\/guest"}],"version-history":[{"count":0,"href":"https:\/\/www.parispackagingweek.com\/fr\/wp-json\/wp\/v2\/guest\/426412\/revisions"}],"wp:featuredmedia":[{"embeddable":true,"href":"https:\/\/www.parispackagingweek.com\/fr\/wp-json\/wp\/v2\/media\/426415"}],"wp:attachment":[{"href":"https:\/\/www.parispackagingweek.com\/fr\/wp-json\/wp\/v2\/media?parent=426412"}],"wp:term":[{"taxonomy":"edition","embeddable":true,"href":"https:\/\/www.parispackagingweek.com\/fr\/wp-json\/wp\/v2\/edition?post=426412"},{"taxonomy":"guest_type","embeddable":true,"href":"https:\/\/www.parispackagingweek.com\/fr\/wp-json\/wp\/v2\/guest_type?post=426412"},{"taxonomy":"work","embeddable":true,"href":"https:\/\/www.parispackagingweek.com\/fr\/wp-json\/wp\/v2\/work?post=426412"}],"curies":[{"name":"wp","href":"https:\/\/api.w.org\/{rel}","templated":true}]}}

<p>Marleen Swart est directrice du développement durable chez Quadpack, un fabricant et fournisseur mondial de solutions d&#8217;emballage. Elle dirige la stratégie de durabilité de Quadpack, veillant à ce qu&rsquo;elle s&rsquo;aligne sur la vision et les opérations de l&rsquo;entreprise. Elle collabore étroitement avec les fournisseurs, les clients et les équipes internes pour amplifier l&rsquo;impact, boucler la boucle et impulser des changements significatifs. Marleen soutient l&rsquo;équipe commerciale et les clients en fournissant des informations sur les réglementations en matière de durabilité (UE) et supervise les principales certifications, notamment B Corp, EcoVadis, SEDEX et Cradle to Cradle pour Woodacity, le système de fermeture en bois breveté de Quadpack fabriqué à partir de bois issu de sources responsables.</p>

<p>Marleen Swart est directrice du développement durable chez Quadpack, un fabricant et fournisseur mondial de solutions d&#8217;emballage. Elle dirige la stratégie de durabilité de Quadpack, veillant à ce qu&rsquo;elle s&rsquo;aligne sur la vision et les opérations de l&rsquo;entreprise. Elle collabore étroitement avec les fournisseurs, les clients et les équipes internes pour amplifier l&rsquo;impact, boucler la [&hellip;]</p>
