{"id":426668,"date":"2024-12-20T15:49:41","date_gmt":"2024-12-20T14:49:41","guid":{"rendered":"https:\/\/www.parispackagingweek.com\/?post_type=guest&#038;p=426668"},"modified":"2024-12-20T15:49:46","modified_gmt":"2024-12-20T14:49:46","slug":"jay-billings","status":"publish","type":"guest","link":"https:\/\/www.parispackagingweek.com\/fr\/speaker\/jay-billings\/","title":{"rendered":"Jay Billings"},"content":{"rendered":"\n<p>Jay Billings est le Pr\u00e9sident des Growth Ventures chez Ball Corporation, o\u00f9 il pilote l&rsquo;expansion strat\u00e9gique et l&rsquo;innovation pour la division Personal &amp; Home Care. Fort de plus de 18 ans d&rsquo;exp\u00e9rience chez Ball, Jay a occup\u00e9 des postes de direction cl\u00e9s, dont celui de Pr\u00e9sident de Ball Aerosol Packaging, Vice-Pr\u00e9sident Commercial pour l&rsquo;Am\u00e9rique centrale et du Nord, et Vice-Pr\u00e9sident de l&rsquo;Innovation Globale, d\u00e9montrant son expertise dans l&rsquo;\u00e9laboration de strat\u00e9gies commerciales et la fourniture de solutions innovantes.<\/p>\n\n\n\n<p>Jay poss\u00e8de un solide bilan en ventes, marketing, innovation et strat\u00e9gie, menant des projets de premier plan sur plusieurs secteurs, de l&#8217;emballage de boissons aux innovations durables. Tout au long de sa carri\u00e8re, Jay a dirig\u00e9 des initiatives transformantes qui ont renforc\u00e9 le leadership de Ball dans l&rsquo;industrie, apportant de la valeur aux clients tout en faisant progresser les objectifs de durabilit\u00e9.<\/p>\n","protected":false},"excerpt":{"rendered":"<p>Jay Billings est le Pr\u00e9sident des Growth Ventures chez Ball Corporation, o\u00f9 il pilote l&rsquo;expansion strat\u00e9gique et l&rsquo;innovation pour la division Personal &amp; Home Care. Fort de plus de 18 ans d&rsquo;exp\u00e9rience chez Ball, Jay a occup\u00e9 des postes de direction cl\u00e9s, dont celui de Pr\u00e9sident de Ball Aerosol Packaging, Vice-Pr\u00e9sident Commercial pour l&rsquo;Am\u00e9rique centrale [&hellip;]<\/p>\n","protected":false},"featured_media":426671,"template":"","meta":{"_seopress_titles_title":"Future Innovation Forum | Jay Billings , Ball Corporation","_seopress_titles_desc":"","_seopress_robots_index":"","_seopress_robots_follow":"","_seopress_robots_imageindex":"","_seopress_robots_snippet":"","_seopress_robots_primary_cat":"","_seopress_robots_breadcrumbs":"","_seopress_robots_freeze_modified_date":"","_seopress_robots_custom_modified_date":"","_seopress_robots_canonical":"","_seopress_social_fb_title":"Future Innovation Forum | Jay Billings , Ball Corporation","_seopress_social_fb_desc":"","_seopress_social_fb_img":"","_seopress_social_fb_img_attachment_id":0,"_seopress_social_fb_img_width":0,"_seopress_social_fb_img_height":0,"_seopress_social_twitter_title":"Future Innovation Forum | Jay Billings , Ball Corporation","_seopress_social_twitter_desc":"","_seopress_social_twitter_img":"","_seopress_social_twitter_img_attachment_id":0,"_seopress_social_twitter_img_width":0,"_seopress_social_twitter_img_height":0,"_seopress_redirections_value":"","_seopress_redirections_enabled":"","_seopress_redirections_enabled_regex":"","_seopress_redirections_logged_status":"both","_seopress_redirections_param":"","_seopress_redirections_type":301,"_seopress_analysis_target_kw":"","_seopress_news_disabled":"","_seopress_video_disabled":"","_seopress_video":[{"url":"","title":"","desc":"","thumbnail":"","duration":"","rating":"","view_count":"","tag":""}],"_seopress_pro_schemas_manual":[],"_seopress_pro_rich_snippets_disable_all":"","_seopress_pro_rich_snippets_disable":[],"_seopress_pro_schemas":[],"_company_name":"Ball Corporation","_job_title":"President of Growth Ventures","_visit_me":"","_email":"","_linkedin":"","_twitter":"","_facebook":"","_instagram":"","_youtube":"","_imdb":"","footnotes":""},"edition":[924],"guest_type":[922],"work":[],"class_list":["post-426668","guest","type-guest","status-publish","has-post-thumbnail","hentry","edition-paris-packaging-week-2025","guest_type-future-innovation-forum-2025"],"_cover_image":null,"_links":{"self":[{"href":"https:\/\/www.parispackagingweek.com\/fr\/wp-json\/wp\/v2\/guest\/426668","targetHints":{"allow":["GET"]}}],"collection":[{"href":"https:\/\/www.parispackagingweek.com\/fr\/wp-json\/wp\/v2\/guest"}],"about":[{"href":"https:\/\/www.parispackagingweek.com\/fr\/wp-json\/wp\/v2\/types\/guest"}],"version-history":[{"count":0,"href":"https:\/\/www.parispackagingweek.com\/fr\/wp-json\/wp\/v2\/guest\/426668\/revisions"}],"wp:featuredmedia":[{"embeddable":true,"href":"https:\/\/www.parispackagingweek.com\/fr\/wp-json\/wp\/v2\/media\/426671"}],"wp:attachment":[{"href":"https:\/\/www.parispackagingweek.com\/fr\/wp-json\/wp\/v2\/media?parent=426668"}],"wp:term":[{"taxonomy":"edition","embeddable":true,"href":"https:\/\/www.parispackagingweek.com\/fr\/wp-json\/wp\/v2\/edition?post=426668"},{"taxonomy":"guest_type","embeddable":true,"href":"https:\/\/www.parispackagingweek.com\/fr\/wp-json\/wp\/v2\/guest_type?post=426668"},{"taxonomy":"work","embeddable":true,"href":"https:\/\/www.parispackagingweek.com\/fr\/wp-json\/wp\/v2\/work?post=426668"}],"curies":[{"name":"wp","href":"https:\/\/api.w.org\/{rel}","templated":true}]}}

<p>Jay Billings est le Président des Growth Ventures chez Ball Corporation, où il pilote l&rsquo;expansion stratégique et l&rsquo;innovation pour la division Personal &amp; Home Care. Fort de plus de 18 ans d&rsquo;expérience chez Ball, Jay a occupé des postes de direction clés, dont celui de Président de Ball Aerosol Packaging, Vice-Président Commercial pour l&rsquo;Amérique centrale et du Nord, et Vice-Président de l&rsquo;Innovation Globale, démontrant son expertise dans l&rsquo;élaboration de stratégies commerciales et la fourniture de solutions innovantes.</p>



<p>Jay possède un solide bilan en ventes, marketing, innovation et stratégie, menant des projets de premier plan sur plusieurs secteurs, de l&#8217;emballage de boissons aux innovations durables. Tout au long de sa carrière, Jay a dirigé des initiatives transformantes qui ont renforcé le leadership de Ball dans l&rsquo;industrie, apportant de la valeur aux clients tout en faisant progresser les objectifs de durabilité.</p>

<p>Jay Billings est le Président des Growth Ventures chez Ball Corporation, où il pilote l&rsquo;expansion stratégique et l&rsquo;innovation pour la division Personal &amp; Home Care. Fort de plus de 18 ans d&rsquo;expérience chez Ball, Jay a occupé des postes de direction clés, dont celui de Président de Ball Aerosol Packaging, Vice-Président Commercial pour l&rsquo;Amérique centrale [&hellip;]</p>
