{"id":427002,"date":"2024-12-26T11:42:33","date_gmt":"2024-12-26T10:42:33","guid":{"rendered":"https:\/\/www.parispackagingweek.com\/?post_type=guest&#038;p=427002"},"modified":"2024-12-26T11:42:37","modified_gmt":"2024-12-26T10:42:37","slug":"laura-dos-santos","status":"publish","type":"guest","link":"https:\/\/www.parispackagingweek.com\/fr\/speaker\/laura-dos-santos\/","title":{"rendered":"Laura Dos Santos"},"content":{"rendered":"\n<p>Bonjour, je m&rsquo;appelle Laura. Je suis chimiste sp\u00e9cialis\u00e9e en formulation, avec plus de 5 ans d&rsquo;exp\u00e9rience dans le d\u00e9veloppement de solutions innovantes.<br>J&rsquo;ai commenc\u00e9 ma carri\u00e8re dans les adh\u00e9sifs thermofusibles pour le march\u00e9 des rubans et \u00e9tiquettes, o\u00f9 j&rsquo;ai con\u00e7u des formulations sur mesure r\u00e9pondant aux exigences les plus strictes.<br>Depuis 3 ans, je mets mes comp\u00e9tences au service de Henkel en tant que chimiste en d\u00e9veloppement de produits, jouant un r\u00f4le cl\u00e9 dans la conception et l&rsquo;optimisation de mastics pour l&#8217;emballage m\u00e9tallique utilis\u00e9s dans les applications alimentaires et non alimentaires.<br>Anim\u00e9e par une passion pour l&rsquo;innovation, je m&rsquo;efforce de transformer des d\u00e9fis industriels complexes en opportunit\u00e9s de croissance durable et performante.<\/p>\n","protected":false},"excerpt":{"rendered":"<p>Bonjour, je m&rsquo;appelle Laura. Je suis chimiste sp\u00e9cialis\u00e9e en formulation, avec plus de 5 ans d&rsquo;exp\u00e9rience dans le d\u00e9veloppement de solutions innovantes.J&rsquo;ai commenc\u00e9 ma carri\u00e8re dans les adh\u00e9sifs thermofusibles pour le march\u00e9 des rubans et \u00e9tiquettes, o\u00f9 j&rsquo;ai con\u00e7u des formulations sur mesure r\u00e9pondant aux exigences les plus strictes.Depuis 3 ans, je mets mes comp\u00e9tences [&hellip;]<\/p>\n","protected":false},"featured_media":427005,"template":"","meta":{"_seopress_robots_primary_cat":"","_seopress_titles_title":"Global Aerosol &amp; Dispensing Summit | Laura Dos Santos, Product Development \u2013 Metal Packaging Can Sealants EMEA, Henkel Adhesives Technologies","_seopress_titles_desc":"","_seopress_robots_index":"","_company_name":"Henkel Adhesives Technologies","_job_title":"Product Development \u2013 Metal Packaging Can Sealants EMEA","_visit_me":"","_email":"","_linkedin":"","_twitter":"","_facebook":"","_instagram":"","_youtube":"","_imdb":"","footnotes":""},"edition":[924],"guest_type":[923],"work":[],"class_list":["post-427002","guest","type-guest","status-publish","has-post-thumbnail","hentry","edition-paris-packaging-week-2025","guest_type-global-aerosol-dispensing-summit-2025"],"_cover_image":null,"_links":{"self":[{"href":"https:\/\/www.parispackagingweek.com\/fr\/wp-json\/wp\/v2\/guest\/427002","targetHints":{"allow":["GET"]}}],"collection":[{"href":"https:\/\/www.parispackagingweek.com\/fr\/wp-json\/wp\/v2\/guest"}],"about":[{"href":"https:\/\/www.parispackagingweek.com\/fr\/wp-json\/wp\/v2\/types\/guest"}],"version-history":[{"count":1,"href":"https:\/\/www.parispackagingweek.com\/fr\/wp-json\/wp\/v2\/guest\/427002\/revisions"}],"predecessor-version":[{"id":427010,"href":"https:\/\/www.parispackagingweek.com\/fr\/wp-json\/wp\/v2\/guest\/427002\/revisions\/427010"}],"wp:featuredmedia":[{"embeddable":true,"href":"https:\/\/www.parispackagingweek.com\/fr\/wp-json\/wp\/v2\/media\/427005"}],"wp:attachment":[{"href":"https:\/\/www.parispackagingweek.com\/fr\/wp-json\/wp\/v2\/media?parent=427002"}],"wp:term":[{"taxonomy":"edition","embeddable":true,"href":"https:\/\/www.parispackagingweek.com\/fr\/wp-json\/wp\/v2\/edition?post=427002"},{"taxonomy":"guest_type","embeddable":true,"href":"https:\/\/www.parispackagingweek.com\/fr\/wp-json\/wp\/v2\/guest_type?post=427002"},{"taxonomy":"work","embeddable":true,"href":"https:\/\/www.parispackagingweek.com\/fr\/wp-json\/wp\/v2\/work?post=427002"}],"curies":[{"name":"wp","href":"https:\/\/api.w.org\/{rel}","templated":true}]}}

<p>Bonjour, je m&rsquo;appelle Laura. Je suis chimiste spécialisée en formulation, avec plus de 5 ans d&rsquo;expérience dans le développement de solutions innovantes.<br>J&rsquo;ai commencé ma carrière dans les adhésifs thermofusibles pour le marché des rubans et étiquettes, où j&rsquo;ai conçu des formulations sur mesure répondant aux exigences les plus strictes.<br>Depuis 3 ans, je mets mes compétences au service de Henkel en tant que chimiste en développement de produits, jouant un rôle clé dans la conception et l&rsquo;optimisation de mastics pour l&#8217;emballage métallique utilisés dans les applications alimentaires et non alimentaires.<br>Animée par une passion pour l&rsquo;innovation, je m&rsquo;efforce de transformer des défis industriels complexes en opportunités de croissance durable et performante.</p>

<p>Bonjour, je m&rsquo;appelle Laura. Je suis chimiste spécialisée en formulation, avec plus de 5 ans d&rsquo;expérience dans le développement de solutions innovantes.J&rsquo;ai commencé ma carrière dans les adhésifs thermofusibles pour le marché des rubans et étiquettes, où j&rsquo;ai conçu des formulations sur mesure répondant aux exigences les plus strictes.Depuis 3 ans, je mets mes compétences [&hellip;]</p>
