{"id":429664,"date":"2025-01-09T12:34:49","date_gmt":"2025-01-09T11:34:49","guid":{"rendered":"https:\/\/www.parispackagingweek.com\/?post_type=guest&#038;p=429664"},"modified":"2025-01-09T12:34:54","modified_gmt":"2025-01-09T11:34:54","slug":"thomas-merry","status":"publish","type":"guest","link":"https:\/\/www.parispackagingweek.com\/fr\/speaker\/thomas-merry\/","title":{"rendered":"Thomas Merry"},"content":{"rendered":"\n<p>Thomas Merry, Responsable Commercialisation &amp; Innovations, est responsable du d\u00e9veloppement de nouvelles technologies innovantes de recyclage, de la fourniture d&rsquo;analyses et de solutions de d\u00e9veloppement du march\u00e9 pour les clients, ainsi que de l&rsquo;analyse et du conseil sur les \u00e9volutions des politiques, des technologies et des strat\u00e9gies li\u00e9es \u00e0 la gestion des d\u00e9chets et \u00e0 la cha\u00eene de valeur \u00e9largie.<br>Fort de pr\u00e8s de quinze ans d&rsquo;exp\u00e9rience op\u00e9rationnelle, commerciale et en gestion de projets dans le secteur de la gestion des d\u00e9chets, Thomas se concentre sur l&rsquo;optimisation des d\u00e9chets en tant que ressource, l&rsquo;augmentation de la circularit\u00e9 des mat\u00e9riaux, la r\u00e9cup\u00e9ration de valeur \u00e0 partir des d\u00e9chets, ainsi que la mod\u00e9lisation et la pr\u00e9vision des volumes de d\u00e9chets.<\/p>\n","protected":false},"excerpt":{"rendered":"<p>Thomas Merry, Responsable Commercialisation &amp; Innovations, est responsable du d\u00e9veloppement de nouvelles technologies innovantes de recyclage, de la fourniture d&rsquo;analyses et de solutions de d\u00e9veloppement du march\u00e9 pour les clients, ainsi que de l&rsquo;analyse et du conseil sur les \u00e9volutions des politiques, des technologies et des strat\u00e9gies li\u00e9es \u00e0 la gestion des d\u00e9chets et \u00e0 [&hellip;]<\/p>\n","protected":false},"featured_media":429667,"template":"","meta":{"_seopress_robots_primary_cat":"","_seopress_titles_title":"Paris Packaging Week | Thomas Merry, Commercialisation &amp; Innovations Manager","_seopress_titles_desc":"","_seopress_robots_index":"","_company_name":"Suez Recycling and Recovery UK","_job_title":"Commercialisation & Innovations Manager","_visit_me":"","_email":"","_linkedin":"","_twitter":"","_facebook":"","_instagram":"","_youtube":"","_imdb":"","footnotes":""},"edition":[924],"guest_type":[923],"work":[],"class_list":["post-429664","guest","type-guest","status-publish","has-post-thumbnail","hentry","edition-paris-packaging-week-2025","guest_type-global-aerosol-dispensing-summit-2025"],"_cover_image":null,"_links":{"self":[{"href":"https:\/\/www.parispackagingweek.com\/fr\/wp-json\/wp\/v2\/guest\/429664","targetHints":{"allow":["GET"]}}],"collection":[{"href":"https:\/\/www.parispackagingweek.com\/fr\/wp-json\/wp\/v2\/guest"}],"about":[{"href":"https:\/\/www.parispackagingweek.com\/fr\/wp-json\/wp\/v2\/types\/guest"}],"version-history":[{"count":1,"href":"https:\/\/www.parispackagingweek.com\/fr\/wp-json\/wp\/v2\/guest\/429664\/revisions"}],"predecessor-version":[{"id":429669,"href":"https:\/\/www.parispackagingweek.com\/fr\/wp-json\/wp\/v2\/guest\/429664\/revisions\/429669"}],"wp:featuredmedia":[{"embeddable":true,"href":"https:\/\/www.parispackagingweek.com\/fr\/wp-json\/wp\/v2\/media\/429667"}],"wp:attachment":[{"href":"https:\/\/www.parispackagingweek.com\/fr\/wp-json\/wp\/v2\/media?parent=429664"}],"wp:term":[{"taxonomy":"edition","embeddable":true,"href":"https:\/\/www.parispackagingweek.com\/fr\/wp-json\/wp\/v2\/edition?post=429664"},{"taxonomy":"guest_type","embeddable":true,"href":"https:\/\/www.parispackagingweek.com\/fr\/wp-json\/wp\/v2\/guest_type?post=429664"},{"taxonomy":"work","embeddable":true,"href":"https:\/\/www.parispackagingweek.com\/fr\/wp-json\/wp\/v2\/work?post=429664"}],"curies":[{"name":"wp","href":"https:\/\/api.w.org\/{rel}","templated":true}]}}

<p>Thomas Merry, Responsable Commercialisation &amp; Innovations, est responsable du développement de nouvelles technologies innovantes de recyclage, de la fourniture d&rsquo;analyses et de solutions de développement du marché pour les clients, ainsi que de l&rsquo;analyse et du conseil sur les évolutions des politiques, des technologies et des stratégies liées à la gestion des déchets et à la chaîne de valeur élargie.<br>Fort de près de quinze ans d&rsquo;expérience opérationnelle, commerciale et en gestion de projets dans le secteur de la gestion des déchets, Thomas se concentre sur l&rsquo;optimisation des déchets en tant que ressource, l&rsquo;augmentation de la circularité des matériaux, la récupération de valeur à partir des déchets, ainsi que la modélisation et la prévision des volumes de déchets.</p>

<p>Thomas Merry, Responsable Commercialisation &amp; Innovations, est responsable du développement de nouvelles technologies innovantes de recyclage, de la fourniture d&rsquo;analyses et de solutions de développement du marché pour les clients, ainsi que de l&rsquo;analyse et du conseil sur les évolutions des politiques, des technologies et des stratégies liées à la gestion des déchets et à [&hellip;]</p>
