{"id":429672,"date":"2025-01-09T12:38:26","date_gmt":"2025-01-09T11:38:26","guid":{"rendered":"https:\/\/www.parispackagingweek.com\/?post_type=guest&#038;p=429672"},"modified":"2025-01-09T12:38:30","modified_gmt":"2025-01-09T11:38:30","slug":"andre-pastore-bertin","status":"publish","type":"guest","link":"https:\/\/www.parispackagingweek.com\/fr\/speaker\/andre-pastore-bertin\/","title":{"rendered":"Andr\u00e9 Pastore Bertin"},"content":{"rendered":"\n<p>Solide formation en ing\u00e9nierie et en affaires avec plus de 20 ans d&rsquo;exp\u00e9rience professionnelle internationale en gestion de projets et en d\u00e9veloppement d&#8217;emballages, soutenue par un MBA en Gestion Globale, un Post-Dipl\u00f4me en Technologie de l&rsquo;Emballage, une certification PMP et plusieurs lancements r\u00e9ussis de nouveaux produits (NPI) sur le march\u00e9.<\/p>\n\n\n\n<p>Responsable du d\u00e9veloppement de l&#8217;emballage R&amp;D des marques de beaut\u00e9 europ\u00e9ennes de Henkel Consumer Brands.<\/p>\n","protected":false},"excerpt":{"rendered":"<p>Solide formation en ing\u00e9nierie et en affaires avec plus de 20 ans d&rsquo;exp\u00e9rience professionnelle internationale en gestion de projets et en d\u00e9veloppement d&#8217;emballages, soutenue par un MBA en Gestion Globale, un Post-Dipl\u00f4me en Technologie de l&rsquo;Emballage, une certification PMP et plusieurs lancements r\u00e9ussis de nouveaux produits (NPI) sur le march\u00e9. Responsable du d\u00e9veloppement de l&#8217;emballage [&hellip;]<\/p>\n","protected":false},"featured_media":429675,"template":"","meta":{"_seopress_robots_primary_cat":"","_seopress_titles_title":"Paris Packaging Week | Andr\u00e9 Pastore Bertin, Commercialisation &amp; Innovations Manager","_seopress_titles_desc":"","_seopress_robots_index":"","_company_name":"Henkel","_job_title":"Commercialisation & Innovations Manager","_visit_me":"","_email":"","_linkedin":"","_twitter":"","_facebook":"","_instagram":"","_youtube":"","_imdb":"","footnotes":""},"edition":[924],"guest_type":[923],"work":[],"class_list":["post-429672","guest","type-guest","status-publish","has-post-thumbnail","hentry","edition-paris-packaging-week-2025","guest_type-global-aerosol-dispensing-summit-2025"],"_cover_image":null,"_links":{"self":[{"href":"https:\/\/www.parispackagingweek.com\/fr\/wp-json\/wp\/v2\/guest\/429672","targetHints":{"allow":["GET"]}}],"collection":[{"href":"https:\/\/www.parispackagingweek.com\/fr\/wp-json\/wp\/v2\/guest"}],"about":[{"href":"https:\/\/www.parispackagingweek.com\/fr\/wp-json\/wp\/v2\/types\/guest"}],"version-history":[{"count":1,"href":"https:\/\/www.parispackagingweek.com\/fr\/wp-json\/wp\/v2\/guest\/429672\/revisions"}],"predecessor-version":[{"id":429677,"href":"https:\/\/www.parispackagingweek.com\/fr\/wp-json\/wp\/v2\/guest\/429672\/revisions\/429677"}],"wp:featuredmedia":[{"embeddable":true,"href":"https:\/\/www.parispackagingweek.com\/fr\/wp-json\/wp\/v2\/media\/429675"}],"wp:attachment":[{"href":"https:\/\/www.parispackagingweek.com\/fr\/wp-json\/wp\/v2\/media?parent=429672"}],"wp:term":[{"taxonomy":"edition","embeddable":true,"href":"https:\/\/www.parispackagingweek.com\/fr\/wp-json\/wp\/v2\/edition?post=429672"},{"taxonomy":"guest_type","embeddable":true,"href":"https:\/\/www.parispackagingweek.com\/fr\/wp-json\/wp\/v2\/guest_type?post=429672"},{"taxonomy":"work","embeddable":true,"href":"https:\/\/www.parispackagingweek.com\/fr\/wp-json\/wp\/v2\/work?post=429672"}],"curies":[{"name":"wp","href":"https:\/\/api.w.org\/{rel}","templated":true}]}}

André Pastore Bertin

<p>Solide formation en ingénierie et en affaires avec plus de 20 ans d&rsquo;expérience professionnelle internationale en gestion de projets et en développement d&#8217;emballages, soutenue par un MBA en Gestion Globale, un Post-Diplôme en Technologie de l&rsquo;Emballage, une certification PMP et plusieurs lancements réussis de nouveaux produits (NPI) sur le marché.</p>



<p>Responsable du développement de l&#8217;emballage R&amp;D des marques de beauté européennes de Henkel Consumer Brands.</p>

<p>Solide formation en ingénierie et en affaires avec plus de 20 ans d&rsquo;expérience professionnelle internationale en gestion de projets et en développement d&#8217;emballages, soutenue par un MBA en Gestion Globale, un Post-Diplôme en Technologie de l&rsquo;Emballage, une certification PMP et plusieurs lancements réussis de nouveaux produits (NPI) sur le marché. Responsable du développement de l&#8217;emballage [&hellip;]</p>

Paris Packaging Week | André Pastore Bertin, Commercialisation &amp; Innovations Manager
