{"id":429680,"date":"2025-01-09T12:44:16","date_gmt":"2025-01-09T11:44:16","guid":{"rendered":"https:\/\/www.parispackagingweek.com\/?post_type=guest&#038;p=429680"},"modified":"2025-01-09T12:44:20","modified_gmt":"2025-01-09T11:44:20","slug":"tom-giddings","status":"publish","type":"guest","link":"https:\/\/www.parispackagingweek.com\/fr\/speaker\/tom-giddings\/","title":{"rendered":"Tom Giddings"},"content":{"rendered":"\n<p>Tom a travaill\u00e9 dans l&#8217;emballage et le recyclage tout au long de sa carri\u00e8re. Chez DS Smith, fabricant et recycleur de papier et de carton, il a d&rsquo;abord occup\u00e9 le poste d&rsquo;analyste dans leur fonction de recyclage et papier avant de prendre un r\u00f4le en strat\u00e9gie de durabilit\u00e9 et reporting au si\u00e8ge de l&rsquo;entreprise. Apr\u00e8s avoir fait le saut dans le secteur de l&rsquo;aluminium, il dirige maintenant Alupro pour favoriser davantage l&rsquo;inclusion de l&#8217;emballage en aluminium dans des boucles circulaires.<\/p>\n","protected":false},"excerpt":{"rendered":"<p>Tom a travaill\u00e9 dans l&#8217;emballage et le recyclage tout au long de sa carri\u00e8re. Chez DS Smith, fabricant et recycleur de papier et de carton, il a d&rsquo;abord occup\u00e9 le poste d&rsquo;analyste dans leur fonction de recyclage et papier avant de prendre un r\u00f4le en strat\u00e9gie de durabilit\u00e9 et reporting au si\u00e8ge de l&rsquo;entreprise. Apr\u00e8s [&hellip;]<\/p>\n","protected":false},"featured_media":429683,"template":"","meta":{"_seopress_robots_primary_cat":"","_seopress_titles_title":"Paris Packaging Week | Tom Giddings, Executive Director","_seopress_titles_desc":"","_seopress_robots_index":"","_company_name":"Alupro Ltd","_job_title":"Executive Director","_visit_me":"","_email":"","_linkedin":"","_twitter":"","_facebook":"","_instagram":"","_youtube":"","_imdb":"","footnotes":""},"edition":[924],"guest_type":[923],"work":[],"class_list":["post-429680","guest","type-guest","status-publish","has-post-thumbnail","hentry","edition-paris-packaging-week-2025","guest_type-global-aerosol-dispensing-summit-2025"],"_cover_image":null,"_links":{"self":[{"href":"https:\/\/www.parispackagingweek.com\/fr\/wp-json\/wp\/v2\/guest\/429680","targetHints":{"allow":["GET"]}}],"collection":[{"href":"https:\/\/www.parispackagingweek.com\/fr\/wp-json\/wp\/v2\/guest"}],"about":[{"href":"https:\/\/www.parispackagingweek.com\/fr\/wp-json\/wp\/v2\/types\/guest"}],"version-history":[{"count":1,"href":"https:\/\/www.parispackagingweek.com\/fr\/wp-json\/wp\/v2\/guest\/429680\/revisions"}],"predecessor-version":[{"id":429685,"href":"https:\/\/www.parispackagingweek.com\/fr\/wp-json\/wp\/v2\/guest\/429680\/revisions\/429685"}],"wp:featuredmedia":[{"embeddable":true,"href":"https:\/\/www.parispackagingweek.com\/fr\/wp-json\/wp\/v2\/media\/429683"}],"wp:attachment":[{"href":"https:\/\/www.parispackagingweek.com\/fr\/wp-json\/wp\/v2\/media?parent=429680"}],"wp:term":[{"taxonomy":"edition","embeddable":true,"href":"https:\/\/www.parispackagingweek.com\/fr\/wp-json\/wp\/v2\/edition?post=429680"},{"taxonomy":"guest_type","embeddable":true,"href":"https:\/\/www.parispackagingweek.com\/fr\/wp-json\/wp\/v2\/guest_type?post=429680"},{"taxonomy":"work","embeddable":true,"href":"https:\/\/www.parispackagingweek.com\/fr\/wp-json\/wp\/v2\/work?post=429680"}],"curies":[{"name":"wp","href":"https:\/\/api.w.org\/{rel}","templated":true}]}}

<p>Tom a travaillé dans l&#8217;emballage et le recyclage tout au long de sa carrière. Chez DS Smith, fabricant et recycleur de papier et de carton, il a d&rsquo;abord occupé le poste d&rsquo;analyste dans leur fonction de recyclage et papier avant de prendre un rôle en stratégie de durabilité et reporting au siège de l&rsquo;entreprise. Après avoir fait le saut dans le secteur de l&rsquo;aluminium, il dirige maintenant Alupro pour favoriser davantage l&rsquo;inclusion de l&#8217;emballage en aluminium dans des boucles circulaires.</p>

<p>Tom a travaillé dans l&#8217;emballage et le recyclage tout au long de sa carrière. Chez DS Smith, fabricant et recycleur de papier et de carton, il a d&rsquo;abord occupé le poste d&rsquo;analyste dans leur fonction de recyclage et papier avant de prendre un rôle en stratégie de durabilité et reporting au siège de l&rsquo;entreprise. Après [&hellip;]</p>
