{"id":431742,"date":"2025-01-14T09:46:07","date_gmt":"2025-01-14T08:46:07","guid":{"rendered":"https:\/\/www.parispackagingweek.com\/?post_type=guest&#038;p=431742"},"modified":"2025-01-22T14:22:47","modified_gmt":"2025-01-22T13:22:47","slug":"shay-moradi","status":"publish","type":"guest","link":"https:\/\/www.parispackagingweek.com\/fr\/speaker\/shay-moradi\/","title":{"rendered":"Shay Moradi"},"content":{"rendered":"\n<p><strong>Shay Moradi<\/strong> est un designer britannique-iranien dont la carri\u00e8re s&rsquo;\u00e9tend \u00e0 la conception interactive, la recherche acad\u00e9mique, l&rsquo;enseignement du design et la cr\u00e9ativit\u00e9 computationnelle.<\/p>\n\n\n\n<p>Actuellement, il travaille dans les domaines du prototypage automobile, du design industriel et du conseil en innovation. Il se concentre particuli\u00e8rement sur la mani\u00e8re dont les diff\u00e9rentes disciplines du design peuvent int\u00e9grer de mani\u00e8re significative l\u2019IA g\u00e9n\u00e9rative afin d\u2019am\u00e9liorer leurs flux de travail et d\u2019enrichir leur cr\u00e9ativit\u00e9. Alliant innovation cr\u00e9ative et expertise technique, Shay adopte une approche multidisciplinaire pour r\u00e9soudre des d\u00e9fis complexes de design, tels que ceux li\u00e9s \u00e0 l&rsquo;innovation en amont et au design d&#8217;emballage.<\/p>\n","protected":false},"excerpt":{"rendered":"<p>Shay Moradi est un designer britannique-iranien dont la carri\u00e8re s&rsquo;\u00e9tend \u00e0 la conception interactive, la recherche acad\u00e9mique, l&rsquo;enseignement du design et la cr\u00e9ativit\u00e9 computationnelle. Actuellement, il travaille dans les domaines du prototypage automobile, du design industriel et du conseil en innovation. Il se concentre particuli\u00e8rement sur la mani\u00e8re dont les diff\u00e9rentes disciplines du design peuvent [&hellip;]<\/p>\n","protected":false},"featured_media":435206,"template":"","meta":{"_seopress_robots_primary_cat":"","_seopress_titles_title":"Paris Packaging Week | Shay Moradi, VITAL ","_seopress_titles_desc":"","_seopress_robots_index":"","_company_name":"VITAL & OIAI","_job_title":"VP innovation VITAL - Co-founder OIAI","_visit_me":"","_email":"","_linkedin":"","_twitter":"","_facebook":"","_instagram":"","_youtube":"","_imdb":"","footnotes":""},"edition":[924],"guest_type":[922],"work":[],"class_list":["post-431742","guest","type-guest","status-publish","has-post-thumbnail","hentry","edition-paris-packaging-week-2025","guest_type-future-innovation-forum-2025"],"_cover_image":null,"_links":{"self":[{"href":"https:\/\/www.parispackagingweek.com\/fr\/wp-json\/wp\/v2\/guest\/431742","targetHints":{"allow":["GET"]}}],"collection":[{"href":"https:\/\/www.parispackagingweek.com\/fr\/wp-json\/wp\/v2\/guest"}],"about":[{"href":"https:\/\/www.parispackagingweek.com\/fr\/wp-json\/wp\/v2\/types\/guest"}],"version-history":[{"count":1,"href":"https:\/\/www.parispackagingweek.com\/fr\/wp-json\/wp\/v2\/guest\/431742\/revisions"}],"predecessor-version":[{"id":431747,"href":"https:\/\/www.parispackagingweek.com\/fr\/wp-json\/wp\/v2\/guest\/431742\/revisions\/431747"}],"wp:featuredmedia":[{"embeddable":true,"href":"https:\/\/www.parispackagingweek.com\/fr\/wp-json\/wp\/v2\/media\/435206"}],"wp:attachment":[{"href":"https:\/\/www.parispackagingweek.com\/fr\/wp-json\/wp\/v2\/media?parent=431742"}],"wp:term":[{"taxonomy":"edition","embeddable":true,"href":"https:\/\/www.parispackagingweek.com\/fr\/wp-json\/wp\/v2\/edition?post=431742"},{"taxonomy":"guest_type","embeddable":true,"href":"https:\/\/www.parispackagingweek.com\/fr\/wp-json\/wp\/v2\/guest_type?post=431742"},{"taxonomy":"work","embeddable":true,"href":"https:\/\/www.parispackagingweek.com\/fr\/wp-json\/wp\/v2\/work?post=431742"}],"curies":[{"name":"wp","href":"https:\/\/api.w.org\/{rel}","templated":true}]}}

<p><strong>Shay Moradi</strong> est un designer britannique-iranien dont la carrière s&rsquo;étend à la conception interactive, la recherche académique, l&rsquo;enseignement du design et la créativité computationnelle.</p>



<p>Actuellement, il travaille dans les domaines du prototypage automobile, du design industriel et du conseil en innovation. Il se concentre particulièrement sur la manière dont les différentes disciplines du design peuvent intégrer de manière significative l’IA générative afin d’améliorer leurs flux de travail et d’enrichir leur créativité. Alliant innovation créative et expertise technique, Shay adopte une approche multidisciplinaire pour résoudre des défis complexes de design, tels que ceux liés à l&rsquo;innovation en amont et au design d&#8217;emballage.</p>

<p>Shay Moradi est un designer britannique-iranien dont la carrière s&rsquo;étend à la conception interactive, la recherche académique, l&rsquo;enseignement du design et la créativité computationnelle. Actuellement, il travaille dans les domaines du prototypage automobile, du design industriel et du conseil en innovation. Il se concentre particulièrement sur la manière dont les différentes disciplines du design peuvent [&hellip;]</p>
