{"id":438189,"date":"2025-01-22T11:16:44","date_gmt":"2025-01-22T10:16:44","guid":{"rendered":"https:\/\/www.parispackagingweek.com\/?post_type=guest&#038;p=438189"},"modified":"2025-01-22T11:23:16","modified_gmt":"2025-01-22T10:23:16","slug":"eric-heurtier","status":"publish","type":"guest","link":"https:\/\/www.parispackagingweek.com\/fr\/speaker\/eric-heurtier\/","title":{"rendered":"Eric Heurtier"},"content":{"rendered":"\n<p>55 ans, Fondateur de la soci\u00e9t\u00e9 Ary, Inventeur, cr\u00e9ateur de concept technologique, sp\u00e9cialiste de la technologie RFID.<\/p>\n","protected":false},"excerpt":{"rendered":"<p>55 ans, Fondateur de la soci\u00e9t\u00e9 Ary, Inventeur, cr\u00e9ateur de concept technologique, sp\u00e9cialiste de la technologie RFID.<\/p>\n","protected":false},"featured_media":438207,"template":"","meta":{"_seopress_titles_title":"Paris Packaging Week | Eric Heurtier, Founder, Ary ","_seopress_titles_desc":"","_seopress_robots_index":"","_seopress_robots_follow":"","_seopress_robots_imageindex":"","_seopress_robots_snippet":"","_seopress_robots_primary_cat":"","_seopress_robots_breadcrumbs":"","_seopress_robots_freeze_modified_date":"","_seopress_robots_custom_modified_date":"","_seopress_robots_canonical":"","_seopress_social_fb_title":"Paris Packaging Week | Eric Heurtier, Founder, Ary ","_seopress_social_fb_desc":"","_seopress_social_fb_img":"https:\/\/easyfairsassets.com\/sites\/61\/2025\/01\/Eric-Heurtier.png","_seopress_social_fb_img_attachment_id":438207,"_seopress_social_fb_img_width":500,"_seopress_social_fb_img_height":500,"_seopress_social_twitter_title":"Paris Packaging Week | Eric Heurtier, Founder, Ary ","_seopress_social_twitter_desc":"","_seopress_social_twitter_img":"https:\/\/easyfairsassets.com\/sites\/61\/2025\/01\/Eric-Heurtier.png","_seopress_social_twitter_img_attachment_id":438207,"_seopress_social_twitter_img_width":500,"_seopress_social_twitter_img_height":500,"_seopress_redirections_value":"","_seopress_redirections_enabled":"","_seopress_redirections_enabled_regex":"","_seopress_redirections_logged_status":"both","_seopress_redirections_param":"","_seopress_redirections_type":301,"_seopress_analysis_target_kw":"","_seopress_news_disabled":"","_seopress_video_disabled":"","_seopress_video":[{"url":"","title":"","desc":"","thumbnail":"","duration":"","rating":"","view_count":"","tag":""}],"_seopress_pro_schemas_manual":[],"_seopress_pro_rich_snippets_disable_all":"","_seopress_pro_rich_snippets_disable":[],"_seopress_pro_schemas":[],"_company_name":"Ary","_job_title":"CEO & Founder","_visit_me":"","_email":"","_linkedin":"","_twitter":"","_facebook":"","_instagram":"","_youtube":"","_imdb":"","footnotes":""},"edition":[924],"guest_type":[970],"work":[],"class_list":["post-438189","guest","type-guest","status-publish","has-post-thumbnail","hentry","edition-paris-packaging-week-2025","guest_type-discovery-zone-2025"],"_cover_image":null,"_links":{"self":[{"href":"https:\/\/www.parispackagingweek.com\/fr\/wp-json\/wp\/v2\/guest\/438189","targetHints":{"allow":["GET"]}}],"collection":[{"href":"https:\/\/www.parispackagingweek.com\/fr\/wp-json\/wp\/v2\/guest"}],"about":[{"href":"https:\/\/www.parispackagingweek.com\/fr\/wp-json\/wp\/v2\/types\/guest"}],"version-history":[{"count":0,"href":"https:\/\/www.parispackagingweek.com\/fr\/wp-json\/wp\/v2\/guest\/438189\/revisions"}],"wp:featuredmedia":[{"embeddable":true,"href":"https:\/\/www.parispackagingweek.com\/fr\/wp-json\/wp\/v2\/media\/438207"}],"wp:attachment":[{"href":"https:\/\/www.parispackagingweek.com\/fr\/wp-json\/wp\/v2\/media?parent=438189"}],"wp:term":[{"taxonomy":"edition","embeddable":true,"href":"https:\/\/www.parispackagingweek.com\/fr\/wp-json\/wp\/v2\/edition?post=438189"},{"taxonomy":"guest_type","embeddable":true,"href":"https:\/\/www.parispackagingweek.com\/fr\/wp-json\/wp\/v2\/guest_type?post=438189"},{"taxonomy":"work","embeddable":true,"href":"https:\/\/www.parispackagingweek.com\/fr\/wp-json\/wp\/v2\/work?post=438189"}],"curies":[{"name":"wp","href":"https:\/\/api.w.org\/{rel}","templated":true}]}}

<p>55 ans, Fondateur de la société Ary, Inventeur, créateur de concept technologique, spécialiste de la technologie RFID.</p>
