{"id":438189,"date":"2025-01-22T11:16:44","date_gmt":"2025-01-22T10:16:44","guid":{"rendered":"https:\/\/www.parispackagingweek.com\/?post_type=guest&#038;p=438189"},"modified":"2025-01-22T11:23:16","modified_gmt":"2025-01-22T10:23:16","slug":"eric-heurtier","status":"publish","type":"guest","link":"https:\/\/www.parispackagingweek.com\/fr\/speaker\/eric-heurtier\/","title":{"rendered":"Eric Heurtier"},"content":{"rendered":"\n<p>55 ans, Fondateur de la soci\u00e9t\u00e9 Ary, Inventeur, cr\u00e9ateur de concept technologique, sp\u00e9cialiste de la technologie RFID.<\/p>\n","protected":false},"excerpt":{"rendered":"<p>55 ans, Fondateur de la soci\u00e9t\u00e9 Ary, Inventeur, cr\u00e9ateur de concept technologique, sp\u00e9cialiste de la technologie RFID.<\/p>\n","protected":false},"featured_media":438207,"template":"","meta":{"_seopress_robots_primary_cat":"","_seopress_titles_title":"Paris Packaging Week | Eric Heurtier, Founder, Ary ","_seopress_titles_desc":"","_seopress_robots_index":"","_company_name":"Ary","_job_title":"CEO & Founder","_visit_me":"","_email":"","_linkedin":"","_twitter":"","_facebook":"","_instagram":"","_youtube":"","_imdb":"","footnotes":""},"edition":[924],"guest_type":[970],"work":[],"class_list":["post-438189","guest","type-guest","status-publish","has-post-thumbnail","hentry","edition-paris-packaging-week-2025","guest_type-discovery-zone-2025"],"_cover_image":null,"_links":{"self":[{"href":"https:\/\/www.parispackagingweek.com\/fr\/wp-json\/wp\/v2\/guest\/438189","targetHints":{"allow":["GET"]}}],"collection":[{"href":"https:\/\/www.parispackagingweek.com\/fr\/wp-json\/wp\/v2\/guest"}],"about":[{"href":"https:\/\/www.parispackagingweek.com\/fr\/wp-json\/wp\/v2\/types\/guest"}],"version-history":[{"count":1,"href":"https:\/\/www.parispackagingweek.com\/fr\/wp-json\/wp\/v2\/guest\/438189\/revisions"}],"predecessor-version":[{"id":438199,"href":"https:\/\/www.parispackagingweek.com\/fr\/wp-json\/wp\/v2\/guest\/438189\/revisions\/438199"}],"wp:featuredmedia":[{"embeddable":true,"href":"https:\/\/www.parispackagingweek.com\/fr\/wp-json\/wp\/v2\/media\/438207"}],"wp:attachment":[{"href":"https:\/\/www.parispackagingweek.com\/fr\/wp-json\/wp\/v2\/media?parent=438189"}],"wp:term":[{"taxonomy":"edition","embeddable":true,"href":"https:\/\/www.parispackagingweek.com\/fr\/wp-json\/wp\/v2\/edition?post=438189"},{"taxonomy":"guest_type","embeddable":true,"href":"https:\/\/www.parispackagingweek.com\/fr\/wp-json\/wp\/v2\/guest_type?post=438189"},{"taxonomy":"work","embeddable":true,"href":"https:\/\/www.parispackagingweek.com\/fr\/wp-json\/wp\/v2\/work?post=438189"}],"curies":[{"name":"wp","href":"https:\/\/api.w.org\/{rel}","templated":true}]}}

<p>55 ans, Fondateur de la société Ary, Inventeur, créateur de concept technologique, spécialiste de la technologie RFID.</p>
