{"id":456198,"date":"2025-04-14T15:21:22","date_gmt":"2025-04-14T13:21:22","guid":{"rendered":"https:\/\/www.parispackagingweek.com\/?post_type=guest&#038;p=456198"},"modified":"2025-05-13T10:36:35","modified_gmt":"2025-05-13T08:36:35","slug":"andrea-messali","status":"publish","type":"guest","link":"https:\/\/www.parispackagingweek.com\/fr\/speaker\/andrea-messali\/","title":{"rendered":"Andr\u00e9a Messali"},"content":{"rendered":"\n<p>J\u2019ai d\u00e9but\u00e9 ma carri\u00e8re chez Nestl\u00e9, comme acheteuse packaging avant de rejoindre l\u2019industrie de la parfumerie et de la cosm\u00e9tique chez LMVH o\u00f9 je me suis occup\u00e9e pendant plus de 5 ans des achats maquillage pour la maison Guerlain.<\/p>\n\n\n\n<p>J\u2019ai rejoint Diptyque fin 2021, en tant que Head of Procurement, en charge des achats directs (packaging, Sous-traitance, concentr\u00e9 parfums et POSM), dans un contexte de forte croissance.<\/p>\n","protected":false},"excerpt":{"rendered":"<p>J\u2019ai d\u00e9but\u00e9 ma carri\u00e8re chez Nestl\u00e9, comme acheteuse packaging avant de rejoindre l\u2019industrie de la parfumerie et de la cosm\u00e9tique chez LMVH o\u00f9 je me suis occup\u00e9e pendant plus de 5 ans des achats maquillage pour la maison Guerlain. J\u2019ai rejoint Diptyque fin 2021, en tant que Head of Procurement, en charge des achats directs [&hellip;]<\/p>\n","protected":false},"featured_media":456201,"template":"","meta":{"_seopress_robots_primary_cat":"","_seopress_titles_title":"Paris Packaging Week | Andr\u00e9a Messali","_seopress_titles_desc":"","_seopress_robots_index":"","_company_name":"Diptyque","_job_title":"Head of Procurement","_visit_me":"","_email":"","_linkedin":"","_twitter":"","_facebook":"","_instagram":"","_youtube":"","_imdb":"","footnotes":""},"edition":[],"guest_type":[971],"work":[],"class_list":["post-456198","guest","type-guest","status-publish","has-post-thumbnail","hentry","guest_type-packaging-premiere-jury"],"_cover_image":null,"_links":{"self":[{"href":"https:\/\/www.parispackagingweek.com\/fr\/wp-json\/wp\/v2\/guest\/456198","targetHints":{"allow":["GET"]}}],"collection":[{"href":"https:\/\/www.parispackagingweek.com\/fr\/wp-json\/wp\/v2\/guest"}],"about":[{"href":"https:\/\/www.parispackagingweek.com\/fr\/wp-json\/wp\/v2\/types\/guest"}],"version-history":[{"count":1,"href":"https:\/\/www.parispackagingweek.com\/fr\/wp-json\/wp\/v2\/guest\/456198\/revisions"}],"predecessor-version":[{"id":456203,"href":"https:\/\/www.parispackagingweek.com\/fr\/wp-json\/wp\/v2\/guest\/456198\/revisions\/456203"}],"wp:featuredmedia":[{"embeddable":true,"href":"https:\/\/www.parispackagingweek.com\/fr\/wp-json\/wp\/v2\/media\/456201"}],"wp:attachment":[{"href":"https:\/\/www.parispackagingweek.com\/fr\/wp-json\/wp\/v2\/media?parent=456198"}],"wp:term":[{"taxonomy":"edition","embeddable":true,"href":"https:\/\/www.parispackagingweek.com\/fr\/wp-json\/wp\/v2\/edition?post=456198"},{"taxonomy":"guest_type","embeddable":true,"href":"https:\/\/www.parispackagingweek.com\/fr\/wp-json\/wp\/v2\/guest_type?post=456198"},{"taxonomy":"work","embeddable":true,"href":"https:\/\/www.parispackagingweek.com\/fr\/wp-json\/wp\/v2\/work?post=456198"}],"curies":[{"name":"wp","href":"https:\/\/api.w.org\/{rel}","templated":true}]}}

Andréa Messali

<p>J’ai débuté ma carrière chez Nestlé, comme acheteuse packaging avant de rejoindre l’industrie de la parfumerie et de la cosmétique chez LMVH où je me suis occupée pendant plus de 5 ans des achats maquillage pour la maison Guerlain.</p>



<p>J’ai rejoint Diptyque fin 2021, en tant que Head of Procurement, en charge des achats directs (packaging, Sous-traitance, concentré parfums et POSM), dans un contexte de forte croissance.</p>

<p>J’ai débuté ma carrière chez Nestlé, comme acheteuse packaging avant de rejoindre l’industrie de la parfumerie et de la cosmétique chez LMVH où je me suis occupée pendant plus de 5 ans des achats maquillage pour la maison Guerlain. J’ai rejoint Diptyque fin 2021, en tant que Head of Procurement, en charge des achats directs [&hellip;]</p>

Paris Packaging Week | Andréa Messali
