{"id":488152,"date":"2025-12-01T17:32:22","date_gmt":"2025-12-01T16:32:22","guid":{"rendered":"https:\/\/www.parispackagingweek.com\/?post_type=guest&#038;p=488152"},"modified":"2025-12-01T17:32:23","modified_gmt":"2025-12-01T16:32:23","slug":"tina-touli","status":"publish","type":"guest","link":"https:\/\/www.parispackagingweek.com\/fr\/speaker\/tina-touli\/","title":{"rendered":"Tina Touli"},"content":{"rendered":"\n<p>Tina Touli est <strong>directrice cr\u00e9ative<\/strong>, <strong>designer en communication graphique<\/strong>, <strong>conf\u00e9renci\u00e8re<\/strong> et <strong>enseignante<\/strong> bas\u00e9e \u00e0 Londres. Elle excelle dans la cr\u00e9ation de travaux multidisciplinaires faisant appel \u00e0 une grande vari\u00e9t\u00e9 de techniques, pr\u00e9sent\u00e9s sur diff\u00e9rents supports et m\u00e9dias, toujours avec une attention particuli\u00e8re port\u00e9e aux d\u00e9tails. Sa pratique englobe le design digital et imprim\u00e9, la typographie, l&rsquo;identit\u00e9 visuelle, le graphisme, l\u2019animation et bien plus encore, explorant en profondeur les besoins de chaque projet afin d\u2019offrir la solution de design la plus adapt\u00e9e.<\/p>\n\n\n\n<p>Son travail est largement reconnu pour sa capacit\u00e9 \u00e0 <strong>m\u00e9langer les univers analogiques et num\u00e9riques<\/strong>, en combinant divers mat\u00e9riaux et techniques. Sa client\u00e8le vari\u00e9e inclut, entre autres, <strong>Adobe, Dell, HP, Wondermind de Selena Gomez, The New Yorker, C\u00eeroc Vodka, Tate, Converse, Glo, Dropbox, LinkedIn et Pentawards<\/strong>.<\/p>\n\n\n\n<p>D\u00e9j\u00e0 tr\u00e8s exp\u00e9riment\u00e9e dans l\u2019art de la prise de parole en public, elle est intervenue dans de nombreux festivals et conf\u00e9rences, notamment <strong>OFFF Festival, Adobe MAX, Graphika Manila, FITC Amsterdam, Toca Me Festival<\/strong> et <strong>Typomania Festival<\/strong>.<\/p>\n","protected":false},"excerpt":{"rendered":"<p>Tina Touli est directrice cr\u00e9ative, designer en communication graphique, conf\u00e9renci\u00e8re et enseignante bas\u00e9e \u00e0 Londres. Elle excelle dans la cr\u00e9ation de travaux multidisciplinaires faisant appel \u00e0 une grande vari\u00e9t\u00e9 de techniques, pr\u00e9sent\u00e9s sur diff\u00e9rents supports et m\u00e9dias, toujours avec une attention particuli\u00e8re port\u00e9e aux d\u00e9tails. Sa pratique englobe le design digital et imprim\u00e9, la typographie, [&hellip;]<\/p>\n","protected":false},"featured_media":488147,"template":"","meta":{"_seopress_robots_primary_cat":"","_seopress_titles_title":"Tina Touli | Paris Packaging Week","_seopress_titles_desc":"Tina Touli est directrice cr\u00e9ative, designer en communication graphique, conf\u00e9renci\u00e8re et enseignante bas\u00e9e \u00e0 Londres. Elle excelle dans la cr\u00e9ation de travaux multidisciplinaires faisant appel \u00e0 une grande vari\u00e9t\u00e9 de techniques, pr\u00e9sent\u00e9s sur diff\u00e9rents supports et m\u00e9dias, toujours avec une attention particuli\u00e8re port\u00e9e aux d\u00e9tails. Sa pratique englobe le design digital et imprim\u00e9, la typographie, l'identit\u00e9 visuelle, le graphisme, l\u2019animation et bien plus encore, explorant en profondeur les besoins de chaque projet afin d\u2019offrir la solution de design la plus adapt\u00e9e.","_seopress_robots_index":"","_company_name":"Tina Touli","_job_title":"Creative director, graphic communication designer, speaker and educator","_visit_me":"","_email":"","_linkedin":"","_twitter":"","_facebook":"","_instagram":"","_youtube":"","_imdb":"","footnotes":""},"edition":[1084],"guest_type":[1082],"work":[],"class_list":["post-488152","guest","type-guest","status-publish","has-post-thumbnail","hentry","edition-paris-packaging-week-2026","guest_type-pentawards-festival-stage-2026"],"_cover_image":null,"_links":{"self":[{"href":"https:\/\/www.parispackagingweek.com\/fr\/wp-json\/wp\/v2\/guest\/488152","targetHints":{"allow":["GET"]}}],"collection":[{"href":"https:\/\/www.parispackagingweek.com\/fr\/wp-json\/wp\/v2\/guest"}],"about":[{"href":"https:\/\/www.parispackagingweek.com\/fr\/wp-json\/wp\/v2\/types\/guest"}],"version-history":[{"count":1,"href":"https:\/\/www.parispackagingweek.com\/fr\/wp-json\/wp\/v2\/guest\/488152\/revisions"}],"predecessor-version":[{"id":488155,"href":"https:\/\/www.parispackagingweek.com\/fr\/wp-json\/wp\/v2\/guest\/488152\/revisions\/488155"}],"wp:featuredmedia":[{"embeddable":true,"href":"https:\/\/www.parispackagingweek.com\/fr\/wp-json\/wp\/v2\/media\/488147"}],"wp:attachment":[{"href":"https:\/\/www.parispackagingweek.com\/fr\/wp-json\/wp\/v2\/media?parent=488152"}],"wp:term":[{"taxonomy":"edition","embeddable":true,"href":"https:\/\/www.parispackagingweek.com\/fr\/wp-json\/wp\/v2\/edition?post=488152"},{"taxonomy":"guest_type","embeddable":true,"href":"https:\/\/www.parispackagingweek.com\/fr\/wp-json\/wp\/v2\/guest_type?post=488152"},{"taxonomy":"work","embeddable":true,"href":"https:\/\/www.parispackagingweek.com\/fr\/wp-json\/wp\/v2\/work?post=488152"}],"curies":[{"name":"wp","href":"https:\/\/api.w.org\/{rel}","templated":true}]}}

<p>Tina Touli est <strong>directrice créative</strong>, <strong>designer en communication graphique</strong>, <strong>conférencière</strong> et <strong>enseignante</strong> basée à Londres. Elle excelle dans la création de travaux multidisciplinaires faisant appel à une grande variété de techniques, présentés sur différents supports et médias, toujours avec une attention particulière portée aux détails. Sa pratique englobe le design digital et imprimé, la typographie, l&rsquo;identité visuelle, le graphisme, l’animation et bien plus encore, explorant en profondeur les besoins de chaque projet afin d’offrir la solution de design la plus adaptée.</p>



<p>Son travail est largement reconnu pour sa capacité à <strong>mélanger les univers analogiques et numériques</strong>, en combinant divers matériaux et techniques. Sa clientèle variée inclut, entre autres, <strong>Adobe, Dell, HP, Wondermind de Selena Gomez, The New Yorker, Cîroc Vodka, Tate, Converse, Glo, Dropbox, LinkedIn et Pentawards</strong>.</p>



<p>Déjà très expérimentée dans l’art de la prise de parole en public, elle est intervenue dans de nombreux festivals et conférences, notamment <strong>OFFF Festival, Adobe MAX, Graphika Manila, FITC Amsterdam, Toca Me Festival</strong> et <strong>Typomania Festival</strong>.</p>

<p>Tina Touli est directrice créative, designer en communication graphique, conférencière et enseignante basée à Londres. Elle excelle dans la création de travaux multidisciplinaires faisant appel à une grande variété de techniques, présentés sur différents supports et médias, toujours avec une attention particulière portée aux détails. Sa pratique englobe le design digital et imprimé, la typographie, [&hellip;]</p>

Tina Touli est directrice créative, designer en communication graphique, conférencière et enseignante basée à Londres. Elle excelle dans la création de travaux multidisciplinaires faisant appel à une grande variété de techniques, présentés sur différents supports et médias, toujours avec une attention particulière portée aux détails. Sa pratique englobe le design digital et imprimé, la typographie, l'identité visuelle, le graphisme, l’animation et bien plus encore, explorant en profondeur les besoins de chaque projet afin d’offrir la solution de design la plus adaptée.
