{"id":488861,"date":"2025-12-03T11:54:01","date_gmt":"2025-12-03T10:54:01","guid":{"rendered":"https:\/\/www.parispackagingweek.com\/?post_type=guest&#038;p=488861"},"modified":"2026-01-26T15:55:23","modified_gmt":"2026-01-26T14:55:23","slug":"ana-gomes","status":"publish","type":"guest","link":"https:\/\/www.parispackagingweek.com\/fr\/speaker\/ana-gomes\/","title":{"rendered":"Ana Gomes"},"content":{"rendered":"\n<p>Ana Gomes a plus de 15 ans d\u2019exp\u00e9rience dans l\u2019industrie de l\u2019emballage m\u00e9tallique, o\u00f9 elle a travaill\u00e9 comme contr\u00f4leur industriel chez Colep Packaging. Titulaire d\u2019un dipl\u00f4me en gestion et d\u2019un MBA en finance, elle a collabor\u00e9 de pr\u00e8s avec les \u00e9quipes op\u00e9rationnelles, ce qui lui a permis d\u2019acqu\u00e9rir une vision compl\u00e8te des processus et du fonctionnement de l\u2019entreprise. Anim\u00e9e par une forte curiosit\u00e9 pour la mani\u00e8re dont la performance se construit, elle \u00e9volue aujourd\u2019hui vers un r\u00f4le de PMO. Elle y pilote le projet d\u2019impression num\u00e9rique sur fer-blanc et en accompagne le d\u00e9ploiement strat\u00e9gique<\/p>\n\n\n\n<p><\/p>\n","protected":false},"excerpt":{"rendered":"<p>Ana Gomes a plus de 15 ans d\u2019exp\u00e9rience dans l\u2019industrie de l\u2019emballage m\u00e9tallique, o\u00f9 elle a travaill\u00e9 comme contr\u00f4leur industriel chez Colep Packaging. Titulaire d\u2019un dipl\u00f4me en gestion et d\u2019un MBA en finance, elle a collabor\u00e9 de pr\u00e8s avec les \u00e9quipes op\u00e9rationnelles, ce qui lui a permis d\u2019acqu\u00e9rir une vision compl\u00e8te des processus et du [&hellip;]<\/p>\n","protected":false},"featured_media":494615,"template":"","meta":{"_seopress_robots_primary_cat":"","_seopress_titles_title":"Printing the Future: Digital Innovation for Aluminum and Tinplate Aerosols","_seopress_titles_desc":"Drawing on years of hands-on expertise with digital printing for aluminum and, more recently, for tinplate, Colep Packaging\u2019s specialists share key learnings from pioneering three digital printing lines. From market adoption, technology evolution, and real offset-versus-digital examples, the session will also cover each method\u2019s strengths and how digital can accelerate differentiation, flexibility, and future brand innovation.","_seopress_robots_index":"","_company_name":"Colep Packaging","_job_title":"Project Manager, Digital Printing","_visit_me":"","_email":"","_linkedin":"","_twitter":"","_facebook":"","_instagram":"","_youtube":"","_imdb":"","footnotes":""},"edition":[1084],"guest_type":[1080],"work":[],"class_list":["post-488861","guest","type-guest","status-publish","has-post-thumbnail","hentry","edition-paris-packaging-week-2026","guest_type-global-aerosol-dispensing-forum-2026"],"_cover_image":null,"_links":{"self":[{"href":"https:\/\/www.parispackagingweek.com\/fr\/wp-json\/wp\/v2\/guest\/488861","targetHints":{"allow":["GET"]}}],"collection":[{"href":"https:\/\/www.parispackagingweek.com\/fr\/wp-json\/wp\/v2\/guest"}],"about":[{"href":"https:\/\/www.parispackagingweek.com\/fr\/wp-json\/wp\/v2\/types\/guest"}],"version-history":[{"count":1,"href":"https:\/\/www.parispackagingweek.com\/fr\/wp-json\/wp\/v2\/guest\/488861\/revisions"}],"predecessor-version":[{"id":488877,"href":"https:\/\/www.parispackagingweek.com\/fr\/wp-json\/wp\/v2\/guest\/488861\/revisions\/488877"}],"wp:featuredmedia":[{"embeddable":true,"href":"https:\/\/www.parispackagingweek.com\/fr\/wp-json\/wp\/v2\/media\/494615"}],"wp:attachment":[{"href":"https:\/\/www.parispackagingweek.com\/fr\/wp-json\/wp\/v2\/media?parent=488861"}],"wp:term":[{"taxonomy":"edition","embeddable":true,"href":"https:\/\/www.parispackagingweek.com\/fr\/wp-json\/wp\/v2\/edition?post=488861"},{"taxonomy":"guest_type","embeddable":true,"href":"https:\/\/www.parispackagingweek.com\/fr\/wp-json\/wp\/v2\/guest_type?post=488861"},{"taxonomy":"work","embeddable":true,"href":"https:\/\/www.parispackagingweek.com\/fr\/wp-json\/wp\/v2\/work?post=488861"}],"curies":[{"name":"wp","href":"https:\/\/api.w.org\/{rel}","templated":true}]}}

<p>Ana Gomes a plus de 15 ans d’expérience dans l’industrie de l’emballage métallique, où elle a travaillé comme contrôleur industriel chez Colep Packaging. Titulaire d’un diplôme en gestion et d’un MBA en finance, elle a collaboré de près avec les équipes opérationnelles, ce qui lui a permis d’acquérir une vision complète des processus et du fonctionnement de l’entreprise. Animée par une forte curiosité pour la manière dont la performance se construit, elle évolue aujourd’hui vers un rôle de PMO. Elle y pilote le projet d’impression numérique sur fer-blanc et en accompagne le déploiement stratégique</p>



<p></p>

<p>Ana Gomes a plus de 15 ans d’expérience dans l’industrie de l’emballage métallique, où elle a travaillé comme contrôleur industriel chez Colep Packaging. Titulaire d’un diplôme en gestion et d’un MBA en finance, elle a collaboré de près avec les équipes opérationnelles, ce qui lui a permis d’acquérir une vision complète des processus et du [&hellip;]</p>
