{"id":488864,"date":"2025-12-03T11:52:23","date_gmt":"2025-12-03T10:52:23","guid":{"rendered":"https:\/\/www.parispackagingweek.com\/?post_type=guest&#038;p=488864"},"modified":"2025-12-03T11:52:25","modified_gmt":"2025-12-03T10:52:25","slug":"pauline-de-rodellec","status":"publish","type":"guest","link":"https:\/\/www.parispackagingweek.com\/fr\/speaker\/pauline-de-rodellec\/","title":{"rendered":"Pauline de Rodellec"},"content":{"rendered":"\n<p>Pauline de Rodellec est directrice RSE chez Diptyque, depuis Mai 2022, une Maison de cr\u00e9atrice de parfums pour soi, parfums et bougies pour la maison, de soins parfum\u00e9s et d\u2019objets de d\u00e9coration. Elle avait pr\u00e9c\u00e9demment responsable du p\u00f4le innovation durable au sein de l\u2019\u00e9quipe D\u00e9veloppement Durable chez Guerlain. Auparavant, elle a \u00e9galement occup\u00e9 des postes en marketing d\u00e9veloppement produit dans l\u2019univers de la beaut\u00e9, au sein du groupe LVMH et chez Coty.<\/p>\n","protected":false},"excerpt":{"rendered":"<p>Pauline de Rodellec est directrice RSE chez Diptyque, depuis Mai 2022, une Maison de cr\u00e9atrice de parfums pour soi, parfums et bougies pour la maison, de soins parfum\u00e9s et d\u2019objets de d\u00e9coration. Elle avait pr\u00e9c\u00e9demment responsable du p\u00f4le innovation durable au sein de l\u2019\u00e9quipe D\u00e9veloppement Durable chez Guerlain. Auparavant, elle a \u00e9galement occup\u00e9 des postes [&hellip;]<\/p>\n","protected":false},"featured_media":488867,"template":"","meta":{"_seopress_robots_primary_cat":"","_seopress_titles_title":"Pauline de Rodellec | Paris Packaging Week","_seopress_titles_desc":"Pauline de Rodellec est directrice RSE chez Diptyque, depuis Mai 2022, une Maison de cr\u00e9atrice de parfums pour soi, parfums et bougies pour la maison, de soins parfum\u00e9s et d\u2019objets de d\u00e9coration. Elle avait pr\u00e9c\u00e9demment responsable du p\u00f4le innovation durable au sein de l\u2019\u00e9quipe D\u00e9veloppement Durable chez Guerlain. Auparavant, elle a \u00e9galement occup\u00e9 des postes en marketing d\u00e9veloppement produit dans l\u2019univers de la beaut\u00e9, au sein du groupe LVMH et chez Coty.","_seopress_robots_index":"","_company_name":"Diptyque","_job_title":"Directrice RSE","_visit_me":"","_email":"","_linkedin":"","_twitter":"","_facebook":"","_instagram":"","_youtube":"","_imdb":"","footnotes":""},"edition":[1084],"guest_type":[1079],"work":[],"class_list":["post-488864","guest","type-guest","status-publish","has-post-thumbnail","hentry","edition-paris-packaging-week-2026","guest_type-circular-economy-stage-2026"],"_cover_image":null,"_links":{"self":[{"href":"https:\/\/www.parispackagingweek.com\/fr\/wp-json\/wp\/v2\/guest\/488864","targetHints":{"allow":["GET"]}}],"collection":[{"href":"https:\/\/www.parispackagingweek.com\/fr\/wp-json\/wp\/v2\/guest"}],"about":[{"href":"https:\/\/www.parispackagingweek.com\/fr\/wp-json\/wp\/v2\/types\/guest"}],"version-history":[{"count":1,"href":"https:\/\/www.parispackagingweek.com\/fr\/wp-json\/wp\/v2\/guest\/488864\/revisions"}],"predecessor-version":[{"id":488869,"href":"https:\/\/www.parispackagingweek.com\/fr\/wp-json\/wp\/v2\/guest\/488864\/revisions\/488869"}],"wp:featuredmedia":[{"embeddable":true,"href":"https:\/\/www.parispackagingweek.com\/fr\/wp-json\/wp\/v2\/media\/488867"}],"wp:attachment":[{"href":"https:\/\/www.parispackagingweek.com\/fr\/wp-json\/wp\/v2\/media?parent=488864"}],"wp:term":[{"taxonomy":"edition","embeddable":true,"href":"https:\/\/www.parispackagingweek.com\/fr\/wp-json\/wp\/v2\/edition?post=488864"},{"taxonomy":"guest_type","embeddable":true,"href":"https:\/\/www.parispackagingweek.com\/fr\/wp-json\/wp\/v2\/guest_type?post=488864"},{"taxonomy":"work","embeddable":true,"href":"https:\/\/www.parispackagingweek.com\/fr\/wp-json\/wp\/v2\/work?post=488864"}],"curies":[{"name":"wp","href":"https:\/\/api.w.org\/{rel}","templated":true}]}}

<p>Pauline de Rodellec est directrice RSE chez Diptyque, depuis Mai 2022, une Maison de créatrice de parfums pour soi, parfums et bougies pour la maison, de soins parfumés et d’objets de décoration. Elle avait précédemment responsable du pôle innovation durable au sein de l’équipe Développement Durable chez Guerlain. Auparavant, elle a également occupé des postes en marketing développement produit dans l’univers de la beauté, au sein du groupe LVMH et chez Coty.</p>

<p>Pauline de Rodellec est directrice RSE chez Diptyque, depuis Mai 2022, une Maison de créatrice de parfums pour soi, parfums et bougies pour la maison, de soins parfumés et d’objets de décoration. Elle avait précédemment responsable du pôle innovation durable au sein de l’équipe Développement Durable chez Guerlain. Auparavant, elle a également occupé des postes [&hellip;]</p>

Pauline de Rodellec est directrice RSE chez Diptyque, depuis Mai 2022, une Maison de créatrice de parfums pour soi, parfums et bougies pour la maison, de soins parfumés et d’objets de décoration. Elle avait précédemment responsable du pôle innovation durable au sein de l’équipe Développement Durable chez Guerlain. Auparavant, elle a également occupé des postes en marketing développement produit dans l’univers de la beauté, au sein du groupe LVMH et chez Coty.
