{"id":488927,"date":"2025-12-03T12:48:26","date_gmt":"2025-12-03T11:48:26","guid":{"rendered":"https:\/\/www.parispackagingweek.com\/speaker\/alfeo-tecchiolli\/"},"modified":"2026-01-26T17:45:33","modified_gmt":"2026-01-26T16:45:33","slug":"alfeo-tecchiolli","status":"publish","type":"guest","link":"https:\/\/www.parispackagingweek.com\/fr\/speaker\/alfeo-tecchiolli\/","title":{"rendered":"Alfeo Tecchiolli"},"content":{"rendered":"\n<p>Alfeo est dipl\u00f4m\u00e9 en ing\u00e9nierie des mat\u00e9riaux. Il a rejoint Coster en 1998 en tant qu\u2019expert des lasers et des mat\u00e9riaux, apr\u00e8s deux ann\u00e9es de collaboration de recherche sur les mat\u00e9riaux composites avec le d\u00e9partement des mat\u00e9riaux de l\u2019Universit\u00e9 de Trente. En 2003, il prend la responsabilit\u00e9 du laboratoire R&amp;D de Coster. Tout au long de sa carri\u00e8re, il s\u2019est sp\u00e9cialis\u00e9 dans les emballages pour a\u00e9rosols et syst\u00e8mes de distribution, les mat\u00e9riaux et leurs principes, et a men\u00e9 plusieurs projets innovants en tant que responsable Discovery &amp; Innovation.<br\/><br\/>Il occupe aujourd\u2019hui le poste de Head of Group Product Technical Management, o\u00f9 il dirige l\u2019interface technique avec les clients et coordonne l\u2019assistance et l\u2019expertise au sein du groupe.<\/p>\n\n<p><\/p>\n","protected":false},"excerpt":{"rendered":"<p>Alfeo est dipl\u00f4m\u00e9 en ing\u00e9nierie des mat\u00e9riaux. Il a rejoint Coster en 1998 en tant qu\u2019expert des lasers et des mat\u00e9riaux, apr\u00e8s deux ann\u00e9es de collaboration de recherche sur les mat\u00e9riaux composites avec le d\u00e9partement des mat\u00e9riaux de l\u2019Universit\u00e9 de Trente. En 2003, il prend la responsabilit\u00e9 du laboratoire R&amp;D de Coster. Tout au long [&hellip;]<\/p>\n","protected":false},"featured_media":494637,"template":"","meta":{"_seopress_robots_primary_cat":"","_seopress_titles_title":"Compressed Gases: Technical Challenges & Opportunities","_seopress_titles_desc":"Compressed gases are reshaping the future of packaging. This session explores their evolving role in sustainable product delivery, the challenges brands face, and the innovations enabling new applications (especially for complex formulations) without compromising performance or sustainability.","_seopress_robots_index":"","_company_name":"Coster Group","_job_title":"Head of Group Product Technical Management","_visit_me":"","_email":"","_linkedin":"","_twitter":"","_facebook":"","_instagram":"","_youtube":"","_imdb":"","footnotes":""},"edition":[1084],"guest_type":[1080],"work":[],"class_list":["post-488927","guest","type-guest","status-publish","has-post-thumbnail","hentry","edition-paris-packaging-week-2026","guest_type-global-aerosol-dispensing-forum-2026"],"_cover_image":null,"_links":{"self":[{"href":"https:\/\/www.parispackagingweek.com\/fr\/wp-json\/wp\/v2\/guest\/488927","targetHints":{"allow":["GET"]}}],"collection":[{"href":"https:\/\/www.parispackagingweek.com\/fr\/wp-json\/wp\/v2\/guest"}],"about":[{"href":"https:\/\/www.parispackagingweek.com\/fr\/wp-json\/wp\/v2\/types\/guest"}],"version-history":[{"count":3,"href":"https:\/\/www.parispackagingweek.com\/fr\/wp-json\/wp\/v2\/guest\/488927\/revisions"}],"predecessor-version":[{"id":488930,"href":"https:\/\/www.parispackagingweek.com\/fr\/wp-json\/wp\/v2\/guest\/488927\/revisions\/488930"}],"wp:featuredmedia":[{"embeddable":true,"href":"https:\/\/www.parispackagingweek.com\/fr\/wp-json\/wp\/v2\/media\/494637"}],"wp:attachment":[{"href":"https:\/\/www.parispackagingweek.com\/fr\/wp-json\/wp\/v2\/media?parent=488927"}],"wp:term":[{"taxonomy":"edition","embeddable":true,"href":"https:\/\/www.parispackagingweek.com\/fr\/wp-json\/wp\/v2\/edition?post=488927"},{"taxonomy":"guest_type","embeddable":true,"href":"https:\/\/www.parispackagingweek.com\/fr\/wp-json\/wp\/v2\/guest_type?post=488927"},{"taxonomy":"work","embeddable":true,"href":"https:\/\/www.parispackagingweek.com\/fr\/wp-json\/wp\/v2\/work?post=488927"}],"curies":[{"name":"wp","href":"https:\/\/api.w.org\/{rel}","templated":true}]}}

<p>Alfeo est diplômé en ingénierie des matériaux. Il a rejoint Coster en 1998 en tant qu’expert des lasers et des matériaux, après deux années de collaboration de recherche sur les matériaux composites avec le département des matériaux de l’Université de Trente. En 2003, il prend la responsabilité du laboratoire R&amp;D de Coster. Tout au long de sa carrière, il s’est spécialisé dans les emballages pour aérosols et systèmes de distribution, les matériaux et leurs principes, et a mené plusieurs projets innovants en tant que responsable Discovery &amp; Innovation.<br/><br/>Il occupe aujourd’hui le poste de Head of Group Product Technical Management, où il dirige l’interface technique avec les clients et coordonne l’assistance et l’expertise au sein du groupe.</p>

<p></p>

<p>Alfeo est diplômé en ingénierie des matériaux. Il a rejoint Coster en 1998 en tant qu’expert des lasers et des matériaux, après deux années de collaboration de recherche sur les matériaux composites avec le département des matériaux de l’Université de Trente. En 2003, il prend la responsabilité du laboratoire R&amp;D de Coster. Tout au long [&hellip;]</p>
