{"id":489074,"date":"2025-12-03T15:13:18","date_gmt":"2025-12-03T14:13:18","guid":{"rendered":"https:\/\/www.parispackagingweek.com\/speaker\/thierry-kauffman\/"},"modified":"2026-01-19T11:40:32","modified_gmt":"2026-01-19T10:40:32","slug":"thierry-kauffman","status":"publish","type":"guest","link":"https:\/\/www.parispackagingweek.com\/fr\/speaker\/thierry-kauffman\/","title":{"rendered":"Thierry Kauffmann"},"content":{"rendered":"\n<p><strong>Thierry Kauffmann repr\u00e9sente des cr\u00e9ateurs aux \u00e9critures artistiques affirm\u00e9es. Pr\u00e9curseur dans la mise en valeur des m\u00e9tiers d\u2019Art, ce positionnement s\u2019est impos\u00e9 depuis de nombreuses ann\u00e9es au c\u0153ur de l\u2019Agence.<\/strong><\/p>\n\n\n\n<p><strong>Nous d\u00e9veloppons des collaborations avec les plus grandes maisons du Luxe, autour de projets de marketing cr\u00e9atif, de pi\u00e8ces d\u2019exception, de vitrines d\u2019artistes, ainsi que de r\u00e9alisations architecturales et Retail.<\/strong><\/p>\n\n\n\n<p><strong>Bas\u00e9e \u00e0 Paris, l\u2019agence con\u00e7oit et r\u00e9alise majoritairement des projets \u00e0 port\u00e9e internationale.<\/strong><\/p>\n","protected":false},"excerpt":{"rendered":"<p>Thierry Kauffmann repr\u00e9sente des cr\u00e9ateurs aux \u00e9critures artistiques affirm\u00e9es. Pr\u00e9curseur dans la mise en valeur des m\u00e9tiers d\u2019Art, ce positionnement s\u2019est impos\u00e9 depuis de nombreuses ann\u00e9es au c\u0153ur de l\u2019Agence. Nous d\u00e9veloppons des collaborations avec les plus grandes maisons du Luxe, autour de projets de marketing cr\u00e9atif, de pi\u00e8ces d\u2019exception, de vitrines d\u2019artistes, ainsi que [&hellip;]<\/p>\n","protected":false},"featured_media":489062,"template":"","meta":{"_seopress_robots_primary_cat":"","_seopress_titles_title":"Quand le packaging devient une \u0153uvre collaborative","_seopress_titles_desc":"Thierry Kauffmann repr\u00e9sente des cr\u00e9ateurs aux \u00e9critures artistiques affirm\u00e9es. Pr\u00e9curseur dans la mise en valeur des m\u00e9tiers d\u2019Art, ce positionnement s\u2019est impos\u00e9 depuis de nombreuses ann\u00e9es au c\u0153ur de l\u2019Agence.\r\nNous d\u00e9veloppons des collaborations avec les plus grandes maisons du Luxe, autour de projets de marketing cr\u00e9atif, de pi\u00e8ces d\u2019exception, de vitrines d\u2019artistes, ainsi que de r\u00e9alisations architecturales et Retail.\r\nBas\u00e9e \u00e0 Paris, l\u2019agence con\u00e7oit et r\u00e9alise majoritairement des projets \u00e0 port\u00e9e internationale.","_seopress_robots_index":"","_company_name":"ThierryKauffmann","_job_title":"Artists Representatives","_visit_me":"","_email":"","_linkedin":"","_twitter":"","_facebook":"","_instagram":"","_youtube":"","_imdb":"","footnotes":""},"edition":[1084],"guest_type":[1079],"work":[],"class_list":["post-489074","guest","type-guest","status-publish","has-post-thumbnail","hentry","edition-paris-packaging-week-2026","guest_type-circular-economy-stage-2026"],"_cover_image":null,"_links":{"self":[{"href":"https:\/\/www.parispackagingweek.com\/fr\/wp-json\/wp\/v2\/guest\/489074","targetHints":{"allow":["GET"]}}],"collection":[{"href":"https:\/\/www.parispackagingweek.com\/fr\/wp-json\/wp\/v2\/guest"}],"about":[{"href":"https:\/\/www.parispackagingweek.com\/fr\/wp-json\/wp\/v2\/types\/guest"}],"version-history":[{"count":2,"href":"https:\/\/www.parispackagingweek.com\/fr\/wp-json\/wp\/v2\/guest\/489074\/revisions"}],"predecessor-version":[{"id":493859,"href":"https:\/\/www.parispackagingweek.com\/fr\/wp-json\/wp\/v2\/guest\/489074\/revisions\/493859"}],"wp:featuredmedia":[{"embeddable":true,"href":"https:\/\/www.parispackagingweek.com\/fr\/wp-json\/wp\/v2\/media\/489062"}],"wp:attachment":[{"href":"https:\/\/www.parispackagingweek.com\/fr\/wp-json\/wp\/v2\/media?parent=489074"}],"wp:term":[{"taxonomy":"edition","embeddable":true,"href":"https:\/\/www.parispackagingweek.com\/fr\/wp-json\/wp\/v2\/edition?post=489074"},{"taxonomy":"guest_type","embeddable":true,"href":"https:\/\/www.parispackagingweek.com\/fr\/wp-json\/wp\/v2\/guest_type?post=489074"},{"taxonomy":"work","embeddable":true,"href":"https:\/\/www.parispackagingweek.com\/fr\/wp-json\/wp\/v2\/work?post=489074"}],"curies":[{"name":"wp","href":"https:\/\/api.w.org\/{rel}","templated":true}]}}

<p><strong>Thierry Kauffmann représente des créateurs aux écritures artistiques affirmées. Précurseur dans la mise en valeur des métiers d’Art, ce positionnement s’est imposé depuis de nombreuses années au cœur de l’Agence.</strong></p>



<p><strong>Nous développons des collaborations avec les plus grandes maisons du Luxe, autour de projets de marketing créatif, de pièces d’exception, de vitrines d’artistes, ainsi que de réalisations architecturales et Retail.</strong></p>



<p><strong>Basée à Paris, l’agence conçoit et réalise majoritairement des projets à portée internationale.</strong></p>

<p>Thierry Kauffmann représente des créateurs aux écritures artistiques affirmées. Précurseur dans la mise en valeur des métiers d’Art, ce positionnement s’est imposé depuis de nombreuses années au cœur de l’Agence. Nous développons des collaborations avec les plus grandes maisons du Luxe, autour de projets de marketing créatif, de pièces d’exception, de vitrines d’artistes, ainsi que [&hellip;]</p>

Quand le packaging devient une œuvre collaborative

Thierry Kauffmann représente des créateurs aux écritures artistiques affirmées. Précurseur dans la mise en valeur des métiers d’Art, ce positionnement s’est imposé depuis de nombreuses années au cœur de l’Agence.
Nous développons des collaborations avec les plus grandes maisons du Luxe, autour de projets de marketing créatif, de pièces d’exception, de vitrines d’artistes, ainsi que de réalisations architecturales et Retail.
Basée à Paris, l’agence conçoit et réalise majoritairement des projets à portée internationale.
