{"id":489413,"date":"2025-12-03T18:31:08","date_gmt":"2025-12-03T17:31:08","guid":{"rendered":"https:\/\/www.parispackagingweek.com\/?post_type=guest&#038;p=489413"},"modified":"2025-12-03T18:31:09","modified_gmt":"2025-12-03T17:31:09","slug":"jan-de-roeck-2","status":"publish","type":"guest","link":"https:\/\/www.parispackagingweek.com\/fr\/speaker\/jan-de-roeck-2\/","title":{"rendered":"Jan de Roeck"},"content":{"rendered":"\n<p>Membre de l&rsquo;\u00e9quipe marketing d&rsquo;Esko, Jan De Roeck d\u00e9veloppe le contenu et messages externes, g\u00e8re les relations avec l\u2019industrie et coordonne les activit\u00e9s d\u2019\u00e9tude de march\u00e9.<\/p>\n\n\n\n<p>Ses parents g\u00e9rant une imprimerie locale, Jan a litt\u00e9ralement grandi au milieu de l&rsquo;encre, du papier et des presses d\u2019imprimerie. Il d\u00e9tient une licence en impression et pr\u00e9presse, ainsi qu&rsquo;une sp\u00e9cialisation en graphisme. Il a compl\u00e9t\u00e9 sa formation en arts graphiques avec Advanced Management \u00e0 la Vlerick Business School de Gand-Leuven en 2007.<\/p>\n\n\n\n<p>Jan a commenc\u00e9 sa carri\u00e8re en 1989 dans le d\u00e9partement service client de Barco, un groupe technologique belge \u00e0 l&rsquo;origine d\u2019Esko. \u00c0 travers diverses missions de gestion et de marketing de produits, Jan a d\u00e9velopp\u00e9 un int\u00e9r\u00eat particulier, une acuit\u00e9 et une expertise dans les solutions pr\u00e9presse pour la production d&#8217;emballages et d&rsquo;\u00e9tiquettes.<\/p>\n\n\n\n<p>Jan est tr\u00e8s respect\u00e9 et reconnu pour sa connaissance de l&rsquo;industrie des arts graphiques et son niveau de compr\u00e9hension des flux de travail des clients et des exigences du march\u00e9. Il est fr\u00e9quemment sollicit\u00e9 comme conf\u00e9rencier et mod\u00e9rateur lors de divers \u00e9v\u00e9nements internationaux, et repr\u00e9sente Esko dans diverses associations professionnelles.<\/p>\n","protected":false},"excerpt":{"rendered":"<p>Membre de l&rsquo;\u00e9quipe marketing d&rsquo;Esko, Jan De Roeck d\u00e9veloppe le contenu et messages externes, g\u00e8re les relations avec l\u2019industrie et coordonne les activit\u00e9s d\u2019\u00e9tude de march\u00e9. Ses parents g\u00e9rant une imprimerie locale, Jan a litt\u00e9ralement grandi au milieu de l&rsquo;encre, du papier et des presses d\u2019imprimerie. Il d\u00e9tient une licence en impression et pr\u00e9presse, ainsi [&hellip;]<\/p>\n","protected":false},"featured_media":489416,"template":"","meta":{"_seopress_robots_primary_cat":"","_seopress_titles_title":"Jan de Roeck | Paris Packaging Week","_seopress_titles_desc":"Jan De Roeck, membre de l'\u00e9quipe marketing d'Esko, est respect\u00e9 et reconnu pour sa connaissance de l'industrie des arts graphiques et son niveau de compr\u00e9hension des flux de travail des clients et des exigences du march\u00e9. Il est fr\u00e9quemment invit\u00e9 \u00e0 prendre la parole lors d'\u00e9v\u00e9nements internationaux et repr\u00e9sente Esko aupr\u00e8s de diff\u00e9rentes associations professionnelles.","_seopress_robots_index":"","_company_name":"Esko","_job_title":"Marketing Director, Industry Relations","_visit_me":"","_email":"","_linkedin":"","_twitter":"","_facebook":"","_instagram":"","_youtube":"","_imdb":"","footnotes":""},"edition":[1084],"guest_type":[1078],"work":[],"class_list":["post-489413","guest","type-guest","status-publish","has-post-thumbnail","hentry","edition-paris-packaging-week-2026","guest_type-future-innovation-forum-2026"],"_cover_image":null,"_links":{"self":[{"href":"https:\/\/www.parispackagingweek.com\/fr\/wp-json\/wp\/v2\/guest\/489413","targetHints":{"allow":["GET"]}}],"collection":[{"href":"https:\/\/www.parispackagingweek.com\/fr\/wp-json\/wp\/v2\/guest"}],"about":[{"href":"https:\/\/www.parispackagingweek.com\/fr\/wp-json\/wp\/v2\/types\/guest"}],"version-history":[{"count":1,"href":"https:\/\/www.parispackagingweek.com\/fr\/wp-json\/wp\/v2\/guest\/489413\/revisions"}],"predecessor-version":[{"id":489418,"href":"https:\/\/www.parispackagingweek.com\/fr\/wp-json\/wp\/v2\/guest\/489413\/revisions\/489418"}],"wp:featuredmedia":[{"embeddable":true,"href":"https:\/\/www.parispackagingweek.com\/fr\/wp-json\/wp\/v2\/media\/489416"}],"wp:attachment":[{"href":"https:\/\/www.parispackagingweek.com\/fr\/wp-json\/wp\/v2\/media?parent=489413"}],"wp:term":[{"taxonomy":"edition","embeddable":true,"href":"https:\/\/www.parispackagingweek.com\/fr\/wp-json\/wp\/v2\/edition?post=489413"},{"taxonomy":"guest_type","embeddable":true,"href":"https:\/\/www.parispackagingweek.com\/fr\/wp-json\/wp\/v2\/guest_type?post=489413"},{"taxonomy":"work","embeddable":true,"href":"https:\/\/www.parispackagingweek.com\/fr\/wp-json\/wp\/v2\/work?post=489413"}],"curies":[{"name":"wp","href":"https:\/\/api.w.org\/{rel}","templated":true}]}}

<p>Membre de l&rsquo;équipe marketing d&rsquo;Esko, Jan De Roeck développe le contenu et messages externes, gère les relations avec l’industrie et coordonne les activités d’étude de marché.</p>



<p>Ses parents gérant une imprimerie locale, Jan a littéralement grandi au milieu de l&rsquo;encre, du papier et des presses d’imprimerie. Il détient une licence en impression et prépresse, ainsi qu&rsquo;une spécialisation en graphisme. Il a complété sa formation en arts graphiques avec Advanced Management à la Vlerick Business School de Gand-Leuven en 2007.</p>



<p>Jan a commencé sa carrière en 1989 dans le département service client de Barco, un groupe technologique belge à l&rsquo;origine d’Esko. À travers diverses missions de gestion et de marketing de produits, Jan a développé un intérêt particulier, une acuité et une expertise dans les solutions prépresse pour la production d&#8217;emballages et d&rsquo;étiquettes.</p>



<p>Jan est très respecté et reconnu pour sa connaissance de l&rsquo;industrie des arts graphiques et son niveau de compréhension des flux de travail des clients et des exigences du marché. Il est fréquemment sollicité comme conférencier et modérateur lors de divers événements internationaux, et représente Esko dans diverses associations professionnelles.</p>

<p>Membre de l&rsquo;équipe marketing d&rsquo;Esko, Jan De Roeck développe le contenu et messages externes, gère les relations avec l’industrie et coordonne les activités d’étude de marché. Ses parents gérant une imprimerie locale, Jan a littéralement grandi au milieu de l&rsquo;encre, du papier et des presses d’imprimerie. Il détient une licence en impression et prépresse, ainsi [&hellip;]</p>

Jan De Roeck, membre de l'équipe marketing d'Esko, est respecté et reconnu pour sa connaissance de l'industrie des arts graphiques et son niveau de compréhension des flux de travail des clients et des exigences du marché. Il est fréquemment invité à prendre la parole lors d'événements internationaux et représente Esko auprès de différentes associations professionnelles.
