{"id":489548,"date":"2025-12-04T11:47:16","date_gmt":"2025-12-04T10:47:16","guid":{"rendered":"https:\/\/www.parispackagingweek.com\/?post_type=guest&#038;p=489548"},"modified":"2025-12-04T12:22:34","modified_gmt":"2025-12-04T11:22:34","slug":"constance-granier","status":"publish","type":"guest","link":"https:\/\/www.parispackagingweek.com\/fr\/speaker\/constance-granier\/","title":{"rendered":"Constance Granier"},"content":{"rendered":"\n<p>Constance Granier dirige les travaux de la Fondation Ellen MacArthur sur le Global Commitment, une initiative mondiale rassemblant entreprises, gouvernements, ONG et investisseurs autour d\u2019une vision commune pour une \u00e9conomie circulaire du plastique. Avant de rejoindre la Fondation, Constance a travaill\u00e9 chez Litterati, une startup am\u00e9ricaine, o\u00f9 elle a d\u00e9velopp\u00e9 des partenariats \u00e0 travers l\u2019Europe pour aider les villes \u00e0 lutter contre les d\u00e9chets et la pollution, et \u00e0 pr\u00e9venir la dispersion des d\u00e9tritus dans l\u2019environnement gr\u00e2ce \u00e0 des solutions bas\u00e9es sur l\u2019IA.<\/p>\n\n\n\n<p><\/p>\n","protected":false},"excerpt":{"rendered":"<p>Constance Granier dirige les travaux de la Fondation Ellen MacArthur sur le Global Commitment, une initiative mondiale rassemblant entreprises, gouvernements, ONG et investisseurs autour d\u2019une vision commune pour une \u00e9conomie circulaire du plastique. Avant de rejoindre la Fondation, Constance a travaill\u00e9 chez Litterati, une startup am\u00e9ricaine, o\u00f9 elle a d\u00e9velopp\u00e9 des partenariats \u00e0 travers l\u2019Europe [&hellip;]<\/p>\n","protected":false},"featured_media":489551,"template":"","meta":{"_seopress_robots_primary_cat":"","_seopress_titles_title":"Constance Granier | Paris Packaging Week","_seopress_titles_desc":"Constance Granier dirige les travaux de la Fondation Ellen MacArthur sur le Global Commitment, une initiative mondiale rassemblant entreprises, gouvernements, ONG et investisseurs autour d\u2019une vision commune pour une \u00e9conomie circulaire du plastique. Avant de rejoindre la Fondation, Constance a travaill\u00e9 chez Litterati, une startup am\u00e9ricaine, o\u00f9 elle a d\u00e9velopp\u00e9 des partenariats \u00e0 travers l\u2019Europe pour aider les villes \u00e0 lutter contre les d\u00e9chets et la pollution, et \u00e0 pr\u00e9venir la dispersion des d\u00e9tritus dans l\u2019environnement gr\u00e2ce \u00e0 des solutions bas\u00e9es sur l\u2019IA.","_seopress_robots_index":"","_company_name":"The Ellen MacArthur Foundation","_job_title":"Programme Manager, Global Commitment","_visit_me":"","_email":"","_linkedin":"","_twitter":"","_facebook":"","_instagram":"","_youtube":"","_imdb":"","footnotes":""},"edition":[1084],"guest_type":[1079],"work":[],"class_list":["post-489548","guest","type-guest","status-publish","has-post-thumbnail","hentry","edition-paris-packaging-week-2026","guest_type-circular-economy-stage-2026"],"_cover_image":null,"_links":{"self":[{"href":"https:\/\/www.parispackagingweek.com\/fr\/wp-json\/wp\/v2\/guest\/489548","targetHints":{"allow":["GET"]}}],"collection":[{"href":"https:\/\/www.parispackagingweek.com\/fr\/wp-json\/wp\/v2\/guest"}],"about":[{"href":"https:\/\/www.parispackagingweek.com\/fr\/wp-json\/wp\/v2\/types\/guest"}],"version-history":[{"count":2,"href":"https:\/\/www.parispackagingweek.com\/fr\/wp-json\/wp\/v2\/guest\/489548\/revisions"}],"predecessor-version":[{"id":489603,"href":"https:\/\/www.parispackagingweek.com\/fr\/wp-json\/wp\/v2\/guest\/489548\/revisions\/489603"}],"wp:featuredmedia":[{"embeddable":true,"href":"https:\/\/www.parispackagingweek.com\/fr\/wp-json\/wp\/v2\/media\/489551"}],"wp:attachment":[{"href":"https:\/\/www.parispackagingweek.com\/fr\/wp-json\/wp\/v2\/media?parent=489548"}],"wp:term":[{"taxonomy":"edition","embeddable":true,"href":"https:\/\/www.parispackagingweek.com\/fr\/wp-json\/wp\/v2\/edition?post=489548"},{"taxonomy":"guest_type","embeddable":true,"href":"https:\/\/www.parispackagingweek.com\/fr\/wp-json\/wp\/v2\/guest_type?post=489548"},{"taxonomy":"work","embeddable":true,"href":"https:\/\/www.parispackagingweek.com\/fr\/wp-json\/wp\/v2\/work?post=489548"}],"curies":[{"name":"wp","href":"https:\/\/api.w.org\/{rel}","templated":true}]}}

<p>Constance Granier dirige les travaux de la Fondation Ellen MacArthur sur le Global Commitment, une initiative mondiale rassemblant entreprises, gouvernements, ONG et investisseurs autour d’une vision commune pour une économie circulaire du plastique. Avant de rejoindre la Fondation, Constance a travaillé chez Litterati, une startup américaine, où elle a développé des partenariats à travers l’Europe pour aider les villes à lutter contre les déchets et la pollution, et à prévenir la dispersion des détritus dans l’environnement grâce à des solutions basées sur l’IA.</p>



<p></p>

<p>Constance Granier dirige les travaux de la Fondation Ellen MacArthur sur le Global Commitment, une initiative mondiale rassemblant entreprises, gouvernements, ONG et investisseurs autour d’une vision commune pour une économie circulaire du plastique. Avant de rejoindre la Fondation, Constance a travaillé chez Litterati, une startup américaine, où elle a développé des partenariats à travers l’Europe [&hellip;]</p>

Constance Granier dirige les travaux de la Fondation Ellen MacArthur sur le Global Commitment, une initiative mondiale rassemblant entreprises, gouvernements, ONG et investisseurs autour d’une vision commune pour une économie circulaire du plastique. Avant de rejoindre la Fondation, Constance a travaillé chez Litterati, une startup américaine, où elle a développé des partenariats à travers l’Europe pour aider les villes à lutter contre les déchets et la pollution, et à prévenir la dispersion des détritus dans l’environnement grâce à des solutions basées sur l’IA.
