{"id":489575,"date":"2025-12-04T12:12:38","date_gmt":"2025-12-04T11:12:38","guid":{"rendered":"https:\/\/www.parispackagingweek.com\/speaker\/margarita-sidorova\/"},"modified":"2025-12-11T12:00:33","modified_gmt":"2025-12-11T11:00:33","slug":"margarita-sidorova","status":"publish","type":"guest","link":"https:\/\/www.parispackagingweek.com\/fr\/speaker\/margarita-sidorova\/","title":{"rendered":"Margarita Sidorova ( mod\u00e9ratrice)"},"content":{"rendered":"\n<p><p data-start=\"77\" data-end=\"668\">Margarita Sidorova apporte une perspective multisectorielle reliant le marketing, l\u2019innovation et la science des mat\u00e9riaux. En tant que fondatrice du Canadian Cosmetic Cluster, elle a construit un r\u00e9seau international reliant les industries de la beaut\u00e9, du packaging et de la durabilit\u00e9 \u00e0 travers des missions commerciales, des symposiums et des programmes d\u2019innovation. Son travail consiste \u00e0 transformer les concepts de durabilit\u00e9 en strat\u00e9gies commercialement viables, en reliant start-up biotechnologiques, fournisseurs d\u2019emballages et grandes marques dans des collaborations concr\u00e8tes.<\/p><br\/><p data-start=\"670\" data-end=\"1240\">En tant que cofondatrice de MediSea Biotech, bas\u00e9e en France, Margarita participe activement au d\u00e9veloppement de syst\u00e8mes d\u2019aquaculture r\u00e9g\u00e9n\u00e9rative et \u00e0 la transformation des algues en bioproduits \u00e0 haute valeur ajout\u00e9e, notamment des mat\u00e9riaux d\u2019emballage et des actifs cosm\u00e9tiques. Cette double casquette la place \u00e0 l\u2019intersection des ambitions marketing et des r\u00e9alit\u00e9s industrielles, lui donnant une compr\u00e9hension unique de la mani\u00e8re dont les nouveaux mat\u00e9riaux peuvent \u2014 ou ne peuvent pas encore \u2014 s\u2019int\u00e9grer aux syst\u00e8mes de fabrication et de recyclage existants.<\/p><\/p>\n","protected":false},"excerpt":{"rendered":"<p>Margarita Sidorova apporte une perspective multisectorielle reliant le marketing, l\u2019innovation et la science des mat\u00e9riaux. En tant que fondatrice du Canadian Cosmetic Cluster, elle a construit un r\u00e9seau international reliant les industries de la beaut\u00e9, du packaging et de la durabilit\u00e9 \u00e0 travers des missions commerciales, des symposiums et des programmes d\u2019innovation. Son travail consiste [&hellip;]<\/p>\n","protected":false},"featured_media":489808,"template":"","meta":{"_seopress_robots_primary_cat":"","_seopress_titles_title":"","_seopress_titles_desc":"","_seopress_robots_index":"","_company_name":"the Canadian Cosmetic Cluster","_job_title":"Founder","_visit_me":"","_email":"","_linkedin":"","_twitter":"","_facebook":"","_instagram":"","_youtube":"","_imdb":"","footnotes":""},"edition":[1084],"guest_type":[1079],"work":[],"class_list":["post-489575","guest","type-guest","status-publish","has-post-thumbnail","hentry","edition-paris-packaging-week-2026","guest_type-circular-economy-stage-2026"],"_cover_image":null,"_links":{"self":[{"href":"https:\/\/www.parispackagingweek.com\/fr\/wp-json\/wp\/v2\/guest\/489575","targetHints":{"allow":["GET"]}}],"collection":[{"href":"https:\/\/www.parispackagingweek.com\/fr\/wp-json\/wp\/v2\/guest"}],"about":[{"href":"https:\/\/www.parispackagingweek.com\/fr\/wp-json\/wp\/v2\/types\/guest"}],"version-history":[{"count":5,"href":"https:\/\/www.parispackagingweek.com\/fr\/wp-json\/wp\/v2\/guest\/489575\/revisions"}],"predecessor-version":[{"id":490747,"href":"https:\/\/www.parispackagingweek.com\/fr\/wp-json\/wp\/v2\/guest\/489575\/revisions\/490747"}],"wp:featuredmedia":[{"embeddable":true,"href":"https:\/\/www.parispackagingweek.com\/fr\/wp-json\/wp\/v2\/media\/489808"}],"wp:attachment":[{"href":"https:\/\/www.parispackagingweek.com\/fr\/wp-json\/wp\/v2\/media?parent=489575"}],"wp:term":[{"taxonomy":"edition","embeddable":true,"href":"https:\/\/www.parispackagingweek.com\/fr\/wp-json\/wp\/v2\/edition?post=489575"},{"taxonomy":"guest_type","embeddable":true,"href":"https:\/\/www.parispackagingweek.com\/fr\/wp-json\/wp\/v2\/guest_type?post=489575"},{"taxonomy":"work","embeddable":true,"href":"https:\/\/www.parispackagingweek.com\/fr\/wp-json\/wp\/v2\/work?post=489575"}],"curies":[{"name":"wp","href":"https:\/\/api.w.org\/{rel}","templated":true}]}}

Margarita Sidorova ( modératrice)

<p><p data-start="77" data-end="668">Margarita Sidorova apporte une perspective multisectorielle reliant le marketing, l’innovation et la science des matériaux. En tant que fondatrice du Canadian Cosmetic Cluster, elle a construit un réseau international reliant les industries de la beauté, du packaging et de la durabilité à travers des missions commerciales, des symposiums et des programmes d’innovation. Son travail consiste à transformer les concepts de durabilité en stratégies commercialement viables, en reliant start-up biotechnologiques, fournisseurs d’emballages et grandes marques dans des collaborations concrètes.</p><br/><p data-start="670" data-end="1240">En tant que cofondatrice de MediSea Biotech, basée en France, Margarita participe activement au développement de systèmes d’aquaculture régénérative et à la transformation des algues en bioproduits à haute valeur ajoutée, notamment des matériaux d’emballage et des actifs cosmétiques. Cette double casquette la place à l’intersection des ambitions marketing et des réalités industrielles, lui donnant une compréhension unique de la manière dont les nouveaux matériaux peuvent — ou ne peuvent pas encore — s’intégrer aux systèmes de fabrication et de recyclage existants.</p></p>

<p>Margarita Sidorova apporte une perspective multisectorielle reliant le marketing, l’innovation et la science des matériaux. En tant que fondatrice du Canadian Cosmetic Cluster, elle a construit un réseau international reliant les industries de la beauté, du packaging et de la durabilité à travers des missions commerciales, des symposiums et des programmes d’innovation. Son travail consiste [&hellip;]</p>
