{"id":490273,"date":"2025-12-09T11:13:46","date_gmt":"2025-12-09T10:13:46","guid":{"rendered":"https:\/\/www.parispackagingweek.com\/speaker\/manon-pascal\/"},"modified":"2026-01-26T16:17:33","modified_gmt":"2026-01-26T15:17:33","slug":"manon-pascal","status":"publish","type":"guest","link":"https:\/\/www.parispackagingweek.com\/fr\/speaker\/manon-pascal\/","title":{"rendered":"Manon Pascal"},"content":{"rendered":"\n<p>Manon est ing\u00e9nieure en science des mat\u00e9riaux et sp\u00e9cialiste des affaires r\u00e9glementaires, avec plus de trois ans d\u2019exp\u00e9rience dans la gestion de la conformit\u00e9 r\u00e9glementaire du portefeuille de LINDAL, la conduite de projets internationaux et la garantie de communications strat\u00e9giques sur des sujets critiques.<\/p>\n\n<p><\/p>\n","protected":false},"excerpt":{"rendered":"<p>Manon est ing\u00e9nieure en science des mat\u00e9riaux et sp\u00e9cialiste des affaires r\u00e9glementaires, avec plus de trois ans d\u2019exp\u00e9rience dans la gestion de la conformit\u00e9 r\u00e9glementaire du portefeuille de LINDAL, la conduite de projets internationaux et la garantie de communications strat\u00e9giques sur des sujets critiques.<\/p>\n","protected":false},"featured_media":494625,"template":"","meta":{"_seopress_robots_primary_cat":"","_seopress_titles_title":"From Compliance to Innovation: Rethinking Aerosols in the PPWR Era","_seopress_titles_desc":"A dive into PPWR requirements and how challenging obligations can turn into amazing innovation opportunities for the aerosol industry.","_seopress_robots_index":"","_company_name":"LINDAL Group","_job_title":"Regulatory Affairs Manager","_visit_me":"","_email":"","_linkedin":"","_twitter":"","_facebook":"","_instagram":"","_youtube":"","_imdb":"","footnotes":""},"edition":[1084],"guest_type":[1080],"work":[],"class_list":["post-490273","guest","type-guest","status-publish","has-post-thumbnail","hentry","edition-paris-packaging-week-2026","guest_type-global-aerosol-dispensing-forum-2026"],"_cover_image":null,"_links":{"self":[{"href":"https:\/\/www.parispackagingweek.com\/fr\/wp-json\/wp\/v2\/guest\/490273","targetHints":{"allow":["GET"]}}],"collection":[{"href":"https:\/\/www.parispackagingweek.com\/fr\/wp-json\/wp\/v2\/guest"}],"about":[{"href":"https:\/\/www.parispackagingweek.com\/fr\/wp-json\/wp\/v2\/types\/guest"}],"version-history":[{"count":3,"href":"https:\/\/www.parispackagingweek.com\/fr\/wp-json\/wp\/v2\/guest\/490273\/revisions"}],"predecessor-version":[{"id":490276,"href":"https:\/\/www.parispackagingweek.com\/fr\/wp-json\/wp\/v2\/guest\/490273\/revisions\/490276"}],"wp:featuredmedia":[{"embeddable":true,"href":"https:\/\/www.parispackagingweek.com\/fr\/wp-json\/wp\/v2\/media\/494625"}],"wp:attachment":[{"href":"https:\/\/www.parispackagingweek.com\/fr\/wp-json\/wp\/v2\/media?parent=490273"}],"wp:term":[{"taxonomy":"edition","embeddable":true,"href":"https:\/\/www.parispackagingweek.com\/fr\/wp-json\/wp\/v2\/edition?post=490273"},{"taxonomy":"guest_type","embeddable":true,"href":"https:\/\/www.parispackagingweek.com\/fr\/wp-json\/wp\/v2\/guest_type?post=490273"},{"taxonomy":"work","embeddable":true,"href":"https:\/\/www.parispackagingweek.com\/fr\/wp-json\/wp\/v2\/work?post=490273"}],"curies":[{"name":"wp","href":"https:\/\/api.w.org\/{rel}","templated":true}]}}

<p>Manon est ingénieure en science des matériaux et spécialiste des affaires réglementaires, avec plus de trois ans d’expérience dans la gestion de la conformité réglementaire du portefeuille de LINDAL, la conduite de projets internationaux et la garantie de communications stratégiques sur des sujets critiques.</p>

<p></p>

<p>Manon est ingénieure en science des matériaux et spécialiste des affaires réglementaires, avec plus de trois ans d’expérience dans la gestion de la conformité réglementaire du portefeuille de LINDAL, la conduite de projets internationaux et la garantie de communications stratégiques sur des sujets critiques.</p>
