{"id":491964,"date":"2025-12-19T11:31:39","date_gmt":"2025-12-19T10:31:39","guid":{"rendered":"https:\/\/www.parispackagingweek.com\/?post_type=guest&#038;p=491964"},"modified":"2026-01-21T15:06:14","modified_gmt":"2026-01-21T14:06:14","slug":"andreas-kopplin","status":"publish","type":"guest","link":"https:\/\/www.parispackagingweek.com\/fr\/speaker\/andreas-kopplin\/","title":{"rendered":"Andreas K\u00f6pplin"},"content":{"rendered":"\n<p>Andreas K\u00f6pplin est Directeur du d\u00e9veloppement packaging chez La Prairie, une marque de soins ultra-luxe reconnue pour ses produits haut de gamme, scientifiquement avanc\u00e9s, ax\u00e9s sur l\u2019anti-\u00e2ge et la r\u00e9g\u00e9n\u00e9ration de la peau. \u00c0 ce poste, il supervise l\u2019innovation packaging, le d\u00e9veloppement et la gestion du cycle de vie des emballages, les initiatives en mati\u00e8re de durabilit\u00e9, la conformit\u00e9 r\u00e9glementaire, ainsi que l\u2019ing\u00e9nierie des proc\u00e9d\u00e9s et la compatibilit\u00e9 produit-emballage.<\/p>\n\n\n\n<p>Fort de pr\u00e8s de 20 ans d\u2019exp\u00e9rience dans le d\u00e9veloppement packaging, principalement au sein de l\u2019industrie cosm\u00e9tique et couvrant \u00e0 la fois les fonctions R&amp;D et supply chain, Andreas apporte une approche strat\u00e9gique et multidisciplinaire. Il \u0153uvre \u00e0 la cr\u00e9ation de solutions packaging \u00e0 la fois techniquement irr\u00e9prochables et esth\u00e9tiquement raffin\u00e9es, avec une sensibilit\u00e9 aigu\u00eb au design, \u00e0 la durabilit\u00e9 et \u00e0 la dimension \u00e9motionnelle du packaging dans l\u2019univers des soins de luxe.<\/p>\n","protected":false},"excerpt":{"rendered":"<p>Andreas K\u00f6pplin est Directeur du d\u00e9veloppement packaging chez La Prairie, une marque de soins ultra-luxe reconnue pour ses produits haut de gamme, scientifiquement avanc\u00e9s, ax\u00e9s sur l\u2019anti-\u00e2ge et la r\u00e9g\u00e9n\u00e9ration de la peau. \u00c0 ce poste, il supervise l\u2019innovation packaging, le d\u00e9veloppement et la gestion du cycle de vie des emballages, les initiatives en mati\u00e8re [&hellip;]<\/p>\n","protected":false},"featured_media":491967,"template":"","meta":{"_seopress_robots_primary_cat":"","_seopress_titles_title":"Andreas K\u00f6pplin | Paris Packaging Week","_seopress_titles_desc":"Andreas K\u00f6pplin est Directeur du d\u00e9veloppement packaging chez La Prairie, une marque de soins ultra-luxe reconnue pour ses produits haut de gamme, scientifiquement avanc\u00e9s, ax\u00e9s sur l\u2019anti-\u00e2ge et la r\u00e9g\u00e9n\u00e9ration de la peau. \u00c0 ce poste, il supervise l\u2019innovation packaging, le d\u00e9veloppement et la gestion du cycle de vie des emballages, les initiatives en mati\u00e8re de durabilit\u00e9, la conformit\u00e9 r\u00e9glementaire, ainsi que l\u2019ing\u00e9nierie des proc\u00e9d\u00e9s et la compatibilit\u00e9 produit-emballage.\r\n\r\nFort de pr\u00e8s de 20 ans d\u2019exp\u00e9rience dans le d\u00e9veloppement packaging, principalement au sein de l\u2019industrie cosm\u00e9tique et couvrant \u00e0 la fois les fonctions R&D et supply chain, Andreas apporte une approche strat\u00e9gique et multidisciplinaire. Il \u0153uvre \u00e0 la cr\u00e9ation de solutions packaging \u00e0 la fois techniquement irr\u00e9prochables et esth\u00e9tiquement raffin\u00e9es, avec une sensibilit\u00e9 aigu\u00eb au design, \u00e0 la durabilit\u00e9 et \u00e0 la dimension \u00e9motionnelle du packaging dans l\u2019univers des soins de luxe.","_seopress_robots_index":"","_company_name":"La Prairie","_job_title":"Director Packaging Development","_visit_me":"","_email":"","_linkedin":"","_twitter":"","_facebook":"","_instagram":"","_youtube":"","_imdb":"","footnotes":""},"edition":[1084],"guest_type":[1079,1083],"work":[],"class_list":["post-491964","guest","type-guest","status-publish","has-post-thumbnail","hentry","edition-paris-packaging-week-2026","guest_type-circular-economy-stage-2026","guest_type-homepage-2026"],"_cover_image":null,"_links":{"self":[{"href":"https:\/\/www.parispackagingweek.com\/fr\/wp-json\/wp\/v2\/guest\/491964","targetHints":{"allow":["GET"]}}],"collection":[{"href":"https:\/\/www.parispackagingweek.com\/fr\/wp-json\/wp\/v2\/guest"}],"about":[{"href":"https:\/\/www.parispackagingweek.com\/fr\/wp-json\/wp\/v2\/types\/guest"}],"version-history":[{"count":1,"href":"https:\/\/www.parispackagingweek.com\/fr\/wp-json\/wp\/v2\/guest\/491964\/revisions"}],"predecessor-version":[{"id":491969,"href":"https:\/\/www.parispackagingweek.com\/fr\/wp-json\/wp\/v2\/guest\/491964\/revisions\/491969"}],"wp:featuredmedia":[{"embeddable":true,"href":"https:\/\/www.parispackagingweek.com\/fr\/wp-json\/wp\/v2\/media\/491967"}],"wp:attachment":[{"href":"https:\/\/www.parispackagingweek.com\/fr\/wp-json\/wp\/v2\/media?parent=491964"}],"wp:term":[{"taxonomy":"edition","embeddable":true,"href":"https:\/\/www.parispackagingweek.com\/fr\/wp-json\/wp\/v2\/edition?post=491964"},{"taxonomy":"guest_type","embeddable":true,"href":"https:\/\/www.parispackagingweek.com\/fr\/wp-json\/wp\/v2\/guest_type?post=491964"},{"taxonomy":"work","embeddable":true,"href":"https:\/\/www.parispackagingweek.com\/fr\/wp-json\/wp\/v2\/work?post=491964"}],"curies":[{"name":"wp","href":"https:\/\/api.w.org\/{rel}","templated":true}]}}

Andreas Köpplin

<p>Andreas Köpplin est Directeur du développement packaging chez La Prairie, une marque de soins ultra-luxe reconnue pour ses produits haut de gamme, scientifiquement avancés, axés sur l’anti-âge et la régénération de la peau. À ce poste, il supervise l’innovation packaging, le développement et la gestion du cycle de vie des emballages, les initiatives en matière de durabilité, la conformité réglementaire, ainsi que l’ingénierie des procédés et la compatibilité produit-emballage.</p>



<p>Fort de près de 20 ans d’expérience dans le développement packaging, principalement au sein de l’industrie cosmétique et couvrant à la fois les fonctions R&amp;D et supply chain, Andreas apporte une approche stratégique et multidisciplinaire. Il œuvre à la création de solutions packaging à la fois techniquement irréprochables et esthétiquement raffinées, avec une sensibilité aiguë au design, à la durabilité et à la dimension émotionnelle du packaging dans l’univers des soins de luxe.</p>

<p>Andreas Köpplin est Directeur du développement packaging chez La Prairie, une marque de soins ultra-luxe reconnue pour ses produits haut de gamme, scientifiquement avancés, axés sur l’anti-âge et la régénération de la peau. À ce poste, il supervise l’innovation packaging, le développement et la gestion du cycle de vie des emballages, les initiatives en matière [&hellip;]</p>

Andreas Köpplin | Paris Packaging Week

Andreas Köpplin est Directeur du développement packaging chez La Prairie, une marque de soins ultra-luxe reconnue pour ses produits haut de gamme, scientifiquement avancés, axés sur l’anti-âge et la régénération de la peau. À ce poste, il supervise l’innovation packaging, le développement et la gestion du cycle de vie des emballages, les initiatives en matière de durabilité, la conformité réglementaire, ainsi que l’ingénierie des procédés et la compatibilité produit-emballage.

Fort de près de 20 ans d’expérience dans le développement packaging, principalement au sein de l’industrie cosmétique et couvrant à la fois les fonctions R&D et supply chain, Andreas apporte une approche stratégique et multidisciplinaire. Il œuvre à la création de solutions packaging à la fois techniquement irréprochables et esthétiquement raffinées, avec une sensibilité aiguë au design, à la durabilité et à la dimension émotionnelle du packaging dans l’univers des soins de luxe.
