{"id":493840,"date":"2026-01-19T10:29:49","date_gmt":"2026-01-19T09:29:49","guid":{"rendered":"https:\/\/www.parispackagingweek.com\/?post_type=guest&#038;p=493840"},"modified":"2026-01-21T15:03:32","modified_gmt":"2026-01-21T14:03:32","slug":"jeanette-coombs-lanot","status":"publish","type":"guest","link":"https:\/\/www.parispackagingweek.com\/fr\/speaker\/jeanette-coombs-lanot\/","title":{"rendered":"Jeanette Coombs-Lanot"},"content":{"rendered":"\n<p>Jeanette Coombs-Lanot est Directrice du D\u00e9veloppement Durable de Chanel Parfums &amp; Beaut\u00e9. \u00c0 ce titre, elle d\u00e9finit et pilote la vision et la strat\u00e9gie de durabilit\u00e9 de la division, avec pour ambition de donner corps aux engagements de la Maison, de cr\u00e9er de la valeur pour l\u2019entreprise et de maximiser son impact positif, en agissant tant sur les enjeux environnementaux et sociaux que sur l\u2019influence singuli\u00e8re de la marque.<\/p>\n\n\n\n<p>Avant de rejoindre Chanel, Jeanette a occup\u00e9 plusieurs postes de direction dans les domaines du d\u00e9veloppement durable et des relations ext\u00e9rieures, notamment au sein du groupe Danone. Elle y a contribu\u00e9 \u00e0 structurer la strat\u00e9gie et la transformation en mati\u00e8re de durabilit\u00e9, supervis\u00e9 le parcours de certification B Corp \u00e0 l\u2019\u00e9chelle mondiale, et impuls\u00e9 des coalitions pionni\u00e8res au niveau sectoriel, telles que Business for Inclusive Growth (lanc\u00e9e \u00e0 l\u2019occasion du G7) et la Dairy Methane Action Alliance. Elle a \u00e9galement exerc\u00e9 auparavant des fonctions en affaires publiques et en plaidoyer aupr\u00e8s d\u2019organisations internationales et de gouvernements.<\/p>\n\n\n\n<p>Jeanette est dipl\u00f4m\u00e9e de Georgetown University, de Sciences Po Paris et de la London School of Economics, et a suivi un programme de formation ex\u00e9cutive \u00e0 Harvard. Elle est par ailleurs membre d\u2019IMAGINE, un r\u00e9seau de dirigeants internationaux engag\u00e9s dans l\u2019acc\u00e9l\u00e9ration du leadership transformationnel et de l\u2019innovation. Originaire de Birmingham, en Alabama, elle vit aujourd\u2019hui \u00e0 Paris avec son mari et leurs deux enfants.<\/p>\n","protected":false},"excerpt":{"rendered":"<p>Jeanette Coombs-Lanot est Directrice du D\u00e9veloppement Durable de Chanel Parfums &amp; Beaut\u00e9. \u00c0 ce titre, elle d\u00e9finit et pilote la vision et la strat\u00e9gie de durabilit\u00e9 de la division, avec pour ambition de donner corps aux engagements de la Maison, de cr\u00e9er de la valeur pour l\u2019entreprise et de maximiser son impact positif, en agissant [&hellip;]<\/p>\n","protected":false},"featured_media":493843,"template":"","meta":{"_seopress_robots_primary_cat":"","_seopress_titles_title":"Jeanette Coombs-Lanot | Paris Packaging Week","_seopress_titles_desc":"Jeanette Coombs-Lanot est Directrice du D\u00e9veloppement Durable de Chanel Parfums & Beaut\u00e9. \u00c0 ce titre, elle d\u00e9finit et pilote la vision et la strat\u00e9gie de durabilit\u00e9 de la division, avec pour ambition de donner corps aux engagements de la Maison, de cr\u00e9er de la valeur pour l\u2019entreprise et de maximiser son impact positif, en agissant tant sur les enjeux environnementaux et sociaux que sur l\u2019influence singuli\u00e8re de la marque.\r\nAvant de rejoindre Chanel, Jeanette a occup\u00e9 plusieurs postes de direction dans les domaines du d\u00e9veloppement durable et des relations ext\u00e9rieures, notamment au sein du groupe Danone. Elle y a contribu\u00e9 \u00e0 structurer la strat\u00e9gie et la transformation en mati\u00e8re de durabilit\u00e9, supervis\u00e9 le parcours de certification B Corp \u00e0 l\u2019\u00e9chelle mondiale, et impuls\u00e9 des coalitions pionni\u00e8res au niveau sectoriel, telles que Business for Inclusive Growth (lanc\u00e9e \u00e0 l\u2019occasion du G7) et la Dairy Methane Action Alliance. Elle a \u00e9galement exerc\u00e9 auparavant des fonctions en affaires publiques et en plaidoyer aupr\u00e8s d\u2019organisations internationales et de gouvernements.\r\nJeanette est dipl\u00f4m\u00e9e de Georgetown University, de Sciences Po Paris et de la London School of Economics, et a suivi un programme de formation ex\u00e9cutive \u00e0 Harvard. Elle est par ailleurs membre d\u2019IMAGINE, un r\u00e9seau de dirigeants internationaux engag\u00e9s dans l\u2019acc\u00e9l\u00e9ration du leadership transformationnel et de l\u2019innovation. Originaire de Birmingham, en Alabama, elle vit aujourd\u2019hui \u00e0 Paris avec son mari et leurs deux enfants.","_seopress_robots_index":"","_company_name":"Chanel Fragrance & Beauty","_job_title":"Sustainability Director","_visit_me":"","_email":"","_linkedin":"","_twitter":"","_facebook":"","_instagram":"","_youtube":"","_imdb":"","footnotes":""},"edition":[1084],"guest_type":[1079,1083],"work":[],"class_list":["post-493840","guest","type-guest","status-publish","has-post-thumbnail","hentry","edition-paris-packaging-week-2026","guest_type-circular-economy-stage-2026","guest_type-homepage-2026"],"_cover_image":null,"_links":{"self":[{"href":"https:\/\/www.parispackagingweek.com\/fr\/wp-json\/wp\/v2\/guest\/493840","targetHints":{"allow":["GET"]}}],"collection":[{"href":"https:\/\/www.parispackagingweek.com\/fr\/wp-json\/wp\/v2\/guest"}],"about":[{"href":"https:\/\/www.parispackagingweek.com\/fr\/wp-json\/wp\/v2\/types\/guest"}],"version-history":[{"count":1,"href":"https:\/\/www.parispackagingweek.com\/fr\/wp-json\/wp\/v2\/guest\/493840\/revisions"}],"predecessor-version":[{"id":493845,"href":"https:\/\/www.parispackagingweek.com\/fr\/wp-json\/wp\/v2\/guest\/493840\/revisions\/493845"}],"wp:featuredmedia":[{"embeddable":true,"href":"https:\/\/www.parispackagingweek.com\/fr\/wp-json\/wp\/v2\/media\/493843"}],"wp:attachment":[{"href":"https:\/\/www.parispackagingweek.com\/fr\/wp-json\/wp\/v2\/media?parent=493840"}],"wp:term":[{"taxonomy":"edition","embeddable":true,"href":"https:\/\/www.parispackagingweek.com\/fr\/wp-json\/wp\/v2\/edition?post=493840"},{"taxonomy":"guest_type","embeddable":true,"href":"https:\/\/www.parispackagingweek.com\/fr\/wp-json\/wp\/v2\/guest_type?post=493840"},{"taxonomy":"work","embeddable":true,"href":"https:\/\/www.parispackagingweek.com\/fr\/wp-json\/wp\/v2\/work?post=493840"}],"curies":[{"name":"wp","href":"https:\/\/api.w.org\/{rel}","templated":true}]}}

<p>Jeanette Coombs-Lanot est Directrice du Développement Durable de Chanel Parfums &amp; Beauté. À ce titre, elle définit et pilote la vision et la stratégie de durabilité de la division, avec pour ambition de donner corps aux engagements de la Maison, de créer de la valeur pour l’entreprise et de maximiser son impact positif, en agissant tant sur les enjeux environnementaux et sociaux que sur l’influence singulière de la marque.</p>



<p>Avant de rejoindre Chanel, Jeanette a occupé plusieurs postes de direction dans les domaines du développement durable et des relations extérieures, notamment au sein du groupe Danone. Elle y a contribué à structurer la stratégie et la transformation en matière de durabilité, supervisé le parcours de certification B Corp à l’échelle mondiale, et impulsé des coalitions pionnières au niveau sectoriel, telles que Business for Inclusive Growth (lancée à l’occasion du G7) et la Dairy Methane Action Alliance. Elle a également exercé auparavant des fonctions en affaires publiques et en plaidoyer auprès d’organisations internationales et de gouvernements.</p>



<p>Jeanette est diplômée de Georgetown University, de Sciences Po Paris et de la London School of Economics, et a suivi un programme de formation exécutive à Harvard. Elle est par ailleurs membre d’IMAGINE, un réseau de dirigeants internationaux engagés dans l’accélération du leadership transformationnel et de l’innovation. Originaire de Birmingham, en Alabama, elle vit aujourd’hui à Paris avec son mari et leurs deux enfants.</p>

<p>Jeanette Coombs-Lanot est Directrice du Développement Durable de Chanel Parfums &amp; Beauté. À ce titre, elle définit et pilote la vision et la stratégie de durabilité de la division, avec pour ambition de donner corps aux engagements de la Maison, de créer de la valeur pour l’entreprise et de maximiser son impact positif, en agissant [&hellip;]</p>

Jeanette Coombs-Lanot est Directrice du Développement Durable de Chanel Parfums & Beauté. À ce titre, elle définit et pilote la vision et la stratégie de durabilité de la division, avec pour ambition de donner corps aux engagements de la Maison, de créer de la valeur pour l’entreprise et de maximiser son impact positif, en agissant tant sur les enjeux environnementaux et sociaux que sur l’influence singulière de la marque.
Avant de rejoindre Chanel, Jeanette a occupé plusieurs postes de direction dans les domaines du développement durable et des relations extérieures, notamment au sein du groupe Danone. Elle y a contribué à structurer la stratégie et la transformation en matière de durabilité, supervisé le parcours de certification B Corp à l’échelle mondiale, et impulsé des coalitions pionnières au niveau sectoriel, telles que Business for Inclusive Growth (lancée à l’occasion du G7) et la Dairy Methane Action Alliance. Elle a également exercé auparavant des fonctions en affaires publiques et en plaidoyer auprès d’organisations internationales et de gouvernements.
Jeanette est diplômée de Georgetown University, de Sciences Po Paris et de la London School of Economics, et a suivi un programme de formation exécutive à Harvard. Elle est par ailleurs membre d’IMAGINE, un réseau de dirigeants internationaux engagés dans l’accélération du leadership transformationnel et de l’innovation. Originaire de Birmingham, en Alabama, elle vit aujourd’hui à Paris avec son mari et leurs deux enfants.
