{"id":493888,"date":"2026-01-19T18:55:13","date_gmt":"2026-01-19T17:55:13","guid":{"rendered":"https:\/\/www.parispackagingweek.com\/?post_type=guest&#038;p=493888"},"modified":"2026-01-21T14:55:23","modified_gmt":"2026-01-21T13:55:23","slug":"katia-de-martino","status":"publish","type":"guest","link":"https:\/\/www.parispackagingweek.com\/fr\/speaker\/katia-de-martino\/","title":{"rendered":"Katia de Martino"},"content":{"rendered":"\n<p><strong>Katia de Martino<\/strong> est la fondatrice et CEO d\u2019<strong>Essentia<\/strong>, une entreprise italienne forte de plus de 25 ans d\u2019expertise dans le d\u00e9veloppement de lignes de parfums et de cosm\u00e9tiques. Sp\u00e9cialis\u00e9e dans des solutions cl\u00e9s en main et full service, Essentia est reconnue pour son approche audacieuse et r\u00e9solument tourn\u00e9e vers l\u2019innovation.<\/p>\n\n\n\n<p>Anim\u00e9e par une vision centr\u00e9e sur le consommateur et guid\u00e9e par des engagements forts en mati\u00e8re de durabilit\u00e9, l\u2019entreprise contribue activement \u00e0 faire \u00e9voluer l\u2019industrie de la beaut\u00e9 \u00e0 travers des innovations en packaging, formulation et technologie. Ces d\u00e9veloppements, con\u00e7us pour r\u00e9pondre \u00e0 des besoins consommateurs encore non satisfaits, ont \u00e9t\u00e9 r\u00e9compens\u00e9s \u00e0 de nombreuses reprises par des prix de l\u2019industrie.<\/p>\n\n\n\n<p><\/p>\n","protected":false},"excerpt":{"rendered":"<p>Katia de Martino est la fondatrice et CEO d\u2019Essentia, une entreprise italienne forte de plus de 25 ans d\u2019expertise dans le d\u00e9veloppement de lignes de parfums et de cosm\u00e9tiques. Sp\u00e9cialis\u00e9e dans des solutions cl\u00e9s en main et full service, Essentia est reconnue pour son approche audacieuse et r\u00e9solument tourn\u00e9e vers l\u2019innovation. Anim\u00e9e par une vision [&hellip;]<\/p>\n","protected":false},"featured_media":493891,"template":"","meta":{"_seopress_robots_primary_cat":"","_seopress_titles_title":"Katia de Martino | Paris Packaging Week","_seopress_titles_desc":"Katia de Martino est la fondatrice et CEO d\u2019Essentia, une entreprise italienne forte de plus de 25 ans d\u2019expertise dans le d\u00e9veloppement de lignes de parfums et de cosm\u00e9tiques. Sp\u00e9cialis\u00e9e dans des solutions cl\u00e9s en main et full service, Essentia est reconnue pour son approche audacieuse et r\u00e9solument tourn\u00e9e vers l\u2019innovation.\r\n\r\nAnim\u00e9e par une vision centr\u00e9e sur le consommateur et guid\u00e9e par des engagements forts en mati\u00e8re de durabilit\u00e9, l\u2019entreprise contribue activement \u00e0 faire \u00e9voluer l\u2019industrie de la beaut\u00e9 \u00e0 travers des innovations en packaging, formulation et technologie. Ces d\u00e9veloppements, con\u00e7us pour r\u00e9pondre \u00e0 des besoins consommateurs encore non satisfaits, ont \u00e9t\u00e9 r\u00e9compens\u00e9s \u00e0 de nombreuses reprises par des prix de l\u2019industrie.","_seopress_robots_index":"","_company_name":"Essentia","_job_title":"Founder and CEO","_visit_me":"","_email":"","_linkedin":"","_twitter":"","_facebook":"","_instagram":"","_youtube":"","_imdb":"","footnotes":""},"edition":[1084],"guest_type":[1078,1083],"work":[],"class_list":["post-493888","guest","type-guest","status-publish","has-post-thumbnail","hentry","edition-paris-packaging-week-2026","guest_type-future-innovation-forum-2026","guest_type-homepage-2026"],"_cover_image":null,"_links":{"self":[{"href":"https:\/\/www.parispackagingweek.com\/fr\/wp-json\/wp\/v2\/guest\/493888","targetHints":{"allow":["GET"]}}],"collection":[{"href":"https:\/\/www.parispackagingweek.com\/fr\/wp-json\/wp\/v2\/guest"}],"about":[{"href":"https:\/\/www.parispackagingweek.com\/fr\/wp-json\/wp\/v2\/types\/guest"}],"version-history":[{"count":1,"href":"https:\/\/www.parispackagingweek.com\/fr\/wp-json\/wp\/v2\/guest\/493888\/revisions"}],"predecessor-version":[{"id":493893,"href":"https:\/\/www.parispackagingweek.com\/fr\/wp-json\/wp\/v2\/guest\/493888\/revisions\/493893"}],"wp:featuredmedia":[{"embeddable":true,"href":"https:\/\/www.parispackagingweek.com\/fr\/wp-json\/wp\/v2\/media\/493891"}],"wp:attachment":[{"href":"https:\/\/www.parispackagingweek.com\/fr\/wp-json\/wp\/v2\/media?parent=493888"}],"wp:term":[{"taxonomy":"edition","embeddable":true,"href":"https:\/\/www.parispackagingweek.com\/fr\/wp-json\/wp\/v2\/edition?post=493888"},{"taxonomy":"guest_type","embeddable":true,"href":"https:\/\/www.parispackagingweek.com\/fr\/wp-json\/wp\/v2\/guest_type?post=493888"},{"taxonomy":"work","embeddable":true,"href":"https:\/\/www.parispackagingweek.com\/fr\/wp-json\/wp\/v2\/work?post=493888"}],"curies":[{"name":"wp","href":"https:\/\/api.w.org\/{rel}","templated":true}]}}

<p><strong>Katia de Martino</strong> est la fondatrice et CEO d’<strong>Essentia</strong>, une entreprise italienne forte de plus de 25 ans d’expertise dans le développement de lignes de parfums et de cosmétiques. Spécialisée dans des solutions clés en main et full service, Essentia est reconnue pour son approche audacieuse et résolument tournée vers l’innovation.</p>



<p>Animée par une vision centrée sur le consommateur et guidée par des engagements forts en matière de durabilité, l’entreprise contribue activement à faire évoluer l’industrie de la beauté à travers des innovations en packaging, formulation et technologie. Ces développements, conçus pour répondre à des besoins consommateurs encore non satisfaits, ont été récompensés à de nombreuses reprises par des prix de l’industrie.</p>



<p></p>

<p>Katia de Martino est la fondatrice et CEO d’Essentia, une entreprise italienne forte de plus de 25 ans d’expertise dans le développement de lignes de parfums et de cosmétiques. Spécialisée dans des solutions clés en main et full service, Essentia est reconnue pour son approche audacieuse et résolument tournée vers l’innovation. Animée par une vision [&hellip;]</p>

Katia de Martino est la fondatrice et CEO d’Essentia, une entreprise italienne forte de plus de 25 ans d’expertise dans le développement de lignes de parfums et de cosmétiques. Spécialisée dans des solutions clés en main et full service, Essentia est reconnue pour son approche audacieuse et résolument tournée vers l’innovation.

Animée par une vision centrée sur le consommateur et guidée par des engagements forts en matière de durabilité, l’entreprise contribue activement à faire évoluer l’industrie de la beauté à travers des innovations en packaging, formulation et technologie. Ces développements, conçus pour répondre à des besoins consommateurs encore non satisfaits, ont été récompensés à de nombreuses reprises par des prix de l’industrie.
