{"id":494067,"date":"2026-01-20T18:21:19","date_gmt":"2026-01-20T17:21:19","guid":{"rendered":"https:\/\/www.parispackagingweek.com\/speaker\/marie-astrid-gosse\/"},"modified":"2026-01-20T18:21:20","modified_gmt":"2026-01-20T17:21:20","slug":"marie-astrid-gosse","status":"publish","type":"guest","link":"https:\/\/www.parispackagingweek.com\/fr\/speaker\/marie-astrid-gosse\/","title":{"rendered":"Marie-Astrid Goss\u00e9\u00a0"},"content":{"rendered":"\n<p><p data-start=\"124\" data-end=\"309\">Marie-Astrid Goss\u00e9 est Directrice Marketing Groupe chez Verallia, leader europ\u00e9en et troisi\u00e8me producteur mondial d\u2019emballages en verre pour les boissons et les produits alimentaires.<\/p><br\/><p data-start=\"316\" data-end=\"658\">Elle a rejoint Verallia en 2021 en tant que Directrice Marketing de la filiale fran\u00e7aise, avant d\u2019\u00eatre nomm\u00e9e \u00e0 son poste actuel en 2024. Forte de plus de 20 ans d\u2019exp\u00e9rience en marketing strat\u00e9gique et op\u00e9rationnel, elle a occup\u00e9 des fonctions de direction au sein de grands groupes internationaux, notamment Danone et Britvic Soft Drinks.<\/p><br\/><p data-start=\"665\" data-end=\"879\">Dipl\u00f4m\u00e9e d\u2019un master en marketing de l\u2019EMLYON Business School, Marie-Astrid pilote chez Verallia la d\u00e9finition et le d\u00e9ploiement de la strat\u00e9gie marketing du Groupe, ainsi que l\u2019optimisation de l\u2019exp\u00e9rience client<\/p><\/p>\n\n<p><\/p>\n","protected":false},"excerpt":{"rendered":"<p>Marie-Astrid Goss\u00e9 est Directrice Marketing Groupe chez Verallia, leader europ\u00e9en et troisi\u00e8me producteur mondial d\u2019emballages en verre pour les boissons et les produits alimentaires. Elle a rejoint Verallia en 2021 en tant que Directrice Marketing de la filiale fran\u00e7aise, avant d\u2019\u00eatre nomm\u00e9e \u00e0 son poste actuel en 2024. Forte de plus de 20 ans d\u2019exp\u00e9rience [&hellip;]<\/p>\n","protected":false},"featured_media":494065,"template":"","meta":{"_seopress_robots_primary_cat":"","_seopress_titles_title":"Marie-Astrid Goss\u00e9\u00a0","_seopress_titles_desc":"Marie-Astrid Goss\u00e9 est Directrice Marketing Groupe chez Verallia, leader europ\u00e9en et troisi\u00e8me producteur mondial d\u2019emballages en verre pour les boissons et les produits alimentaires.\r\nElle a rejoint Verallia en 2021 en tant que Directrice Marketing de la filiale fran\u00e7aise, avant d\u2019\u00eatre nomm\u00e9e \u00e0 son poste actuel en 2024. Forte de plus de 20 ans d\u2019exp\u00e9rience en marketing strat\u00e9gique et op\u00e9rationnel, elle a occup\u00e9 des fonctions de direction au sein de grands groupes internationaux, notamment Danone et Britvic Soft Drinks.\r\nDipl\u00f4m\u00e9e d\u2019un master en marketing de l\u2019EMLYON Business School, Marie-Astrid pilote chez Verallia la d\u00e9finition et le d\u00e9ploiement de la strat\u00e9gie marketing du Groupe, ainsi que l\u2019optimisation de l\u2019exp\u00e9rience client","_seopress_robots_index":"","_company_name":"Verallia","_job_title":"Marketing Director","_visit_me":"","_email":"","_linkedin":"","_twitter":"","_facebook":"","_instagram":"","_youtube":"","_imdb":"","footnotes":""},"edition":[1084],"guest_type":[1081],"work":[],"class_list":["post-494067","guest","type-guest","status-publish","has-post-thumbnail","hentry","edition-paris-packaging-week-2026","guest_type-discovery-zone-stage-2026"],"_cover_image":null,"_links":{"self":[{"href":"https:\/\/www.parispackagingweek.com\/fr\/wp-json\/wp\/v2\/guest\/494067","targetHints":{"allow":["GET"]}}],"collection":[{"href":"https:\/\/www.parispackagingweek.com\/fr\/wp-json\/wp\/v2\/guest"}],"about":[{"href":"https:\/\/www.parispackagingweek.com\/fr\/wp-json\/wp\/v2\/types\/guest"}],"version-history":[{"count":1,"href":"https:\/\/www.parispackagingweek.com\/fr\/wp-json\/wp\/v2\/guest\/494067\/revisions"}],"predecessor-version":[{"id":494068,"href":"https:\/\/www.parispackagingweek.com\/fr\/wp-json\/wp\/v2\/guest\/494067\/revisions\/494068"}],"wp:featuredmedia":[{"embeddable":true,"href":"https:\/\/www.parispackagingweek.com\/fr\/wp-json\/wp\/v2\/media\/494065"}],"wp:attachment":[{"href":"https:\/\/www.parispackagingweek.com\/fr\/wp-json\/wp\/v2\/media?parent=494067"}],"wp:term":[{"taxonomy":"edition","embeddable":true,"href":"https:\/\/www.parispackagingweek.com\/fr\/wp-json\/wp\/v2\/edition?post=494067"},{"taxonomy":"guest_type","embeddable":true,"href":"https:\/\/www.parispackagingweek.com\/fr\/wp-json\/wp\/v2\/guest_type?post=494067"},{"taxonomy":"work","embeddable":true,"href":"https:\/\/www.parispackagingweek.com\/fr\/wp-json\/wp\/v2\/work?post=494067"}],"curies":[{"name":"wp","href":"https:\/\/api.w.org\/{rel}","templated":true}]}}

Marie-Astrid Gossé

<p><p data-start="124" data-end="309">Marie-Astrid Gossé est Directrice Marketing Groupe chez Verallia, leader européen et troisième producteur mondial d’emballages en verre pour les boissons et les produits alimentaires.</p><br/><p data-start="316" data-end="658">Elle a rejoint Verallia en 2021 en tant que Directrice Marketing de la filiale française, avant d’être nommée à son poste actuel en 2024. Forte de plus de 20 ans d’expérience en marketing stratégique et opérationnel, elle a occupé des fonctions de direction au sein de grands groupes internationaux, notamment Danone et Britvic Soft Drinks.</p><br/><p data-start="665" data-end="879">Diplômée d’un master en marketing de l’EMLYON Business School, Marie-Astrid pilote chez Verallia la définition et le déploiement de la stratégie marketing du Groupe, ainsi que l’optimisation de l’expérience client</p></p>

<p></p>

<p>Marie-Astrid Gossé est Directrice Marketing Groupe chez Verallia, leader européen et troisième producteur mondial d’emballages en verre pour les boissons et les produits alimentaires. Elle a rejoint Verallia en 2021 en tant que Directrice Marketing de la filiale française, avant d’être nommée à son poste actuel en 2024. Forte de plus de 20 ans d’expérience [&hellip;]</p>

Marie-Astrid Gossé est Directrice Marketing Groupe chez Verallia, leader européen et troisième producteur mondial d’emballages en verre pour les boissons et les produits alimentaires.
Elle a rejoint Verallia en 2021 en tant que Directrice Marketing de la filiale française, avant d’être nommée à son poste actuel en 2024. Forte de plus de 20 ans d’expérience en marketing stratégique et opérationnel, elle a occupé des fonctions de direction au sein de grands groupes internationaux, notamment Danone et Britvic Soft Drinks.
Diplômée d’un master en marketing de l’EMLYON Business School, Marie-Astrid pilote chez Verallia la définition et le déploiement de la stratégie marketing du Groupe, ainsi que l’optimisation de l’expérience client
