{"id":494137,"date":"2026-01-21T10:23:32","date_gmt":"2026-01-21T09:23:32","guid":{"rendered":"https:\/\/www.parispackagingweek.com\/speaker\/clara-hardy\/"},"modified":"2026-01-21T10:23:33","modified_gmt":"2026-01-21T09:23:33","slug":"clara-hardy","status":"publish","type":"guest","link":"https:\/\/www.parispackagingweek.com\/fr\/speaker\/clara-hardy\/","title":{"rendered":"Clara Hardy"},"content":{"rendered":"\n<p>Clara Hardy d\u00e9veloppe depuis 10 ans la soie Sericyne, une mati\u00e8re innovante et 100% issue d&rsquo;une fili\u00e8re int\u00e9gr\u00e9e, d\u00e9di\u00e9es \u00e0 l&rsquo;univers du luxe. SERICYNE collabore avec des acteurs de la maroquinerie, de la cosm\u00e9tique et du design pour proposer des produits durables et d\u2019excellence.<\/p>\n","protected":false},"excerpt":{"rendered":"<p>Clara Hardy d\u00e9veloppe depuis 10 ans la soie Sericyne, une mati\u00e8re innovante et 100% issue d&rsquo;une fili\u00e8re int\u00e9gr\u00e9e, d\u00e9di\u00e9es \u00e0 l&rsquo;univers du luxe. SERICYNE collabore avec des acteurs de la maroquinerie, de la cosm\u00e9tique et du design pour proposer des produits durables et d\u2019excellence.<\/p>\n","protected":false},"featured_media":494134,"template":"","meta":{"_seopress_robots_primary_cat":"","_seopress_titles_title":"Clara Hardy","_seopress_titles_desc":"Clara Hardy d\u00e9veloppe depuis 10 ans la soie Sericyne, une mati\u00e8re innovante et 100% issue d'une fili\u00e8re int\u00e9gr\u00e9e, d\u00e9di\u00e9es \u00e0 l'univers du luxe. SERICYNE collabore avec des acteurs de la maroquinerie, de la cosm\u00e9tique et du design pour proposer des produits durables et d\u2019excellence.","_seopress_robots_index":"","_company_name":"SERICYNE","_job_title":"Founder and CEO","_visit_me":"","_email":"","_linkedin":"","_twitter":"","_facebook":"","_instagram":"","_youtube":"","_imdb":"","footnotes":""},"edition":[1084],"guest_type":[1081],"work":[],"class_list":["post-494137","guest","type-guest","status-publish","has-post-thumbnail","hentry","edition-paris-packaging-week-2026","guest_type-discovery-zone-stage-2026"],"_cover_image":null,"_links":{"self":[{"href":"https:\/\/www.parispackagingweek.com\/fr\/wp-json\/wp\/v2\/guest\/494137","targetHints":{"allow":["GET"]}}],"collection":[{"href":"https:\/\/www.parispackagingweek.com\/fr\/wp-json\/wp\/v2\/guest"}],"about":[{"href":"https:\/\/www.parispackagingweek.com\/fr\/wp-json\/wp\/v2\/types\/guest"}],"version-history":[{"count":1,"href":"https:\/\/www.parispackagingweek.com\/fr\/wp-json\/wp\/v2\/guest\/494137\/revisions"}],"predecessor-version":[{"id":494138,"href":"https:\/\/www.parispackagingweek.com\/fr\/wp-json\/wp\/v2\/guest\/494137\/revisions\/494138"}],"wp:featuredmedia":[{"embeddable":true,"href":"https:\/\/www.parispackagingweek.com\/fr\/wp-json\/wp\/v2\/media\/494134"}],"wp:attachment":[{"href":"https:\/\/www.parispackagingweek.com\/fr\/wp-json\/wp\/v2\/media?parent=494137"}],"wp:term":[{"taxonomy":"edition","embeddable":true,"href":"https:\/\/www.parispackagingweek.com\/fr\/wp-json\/wp\/v2\/edition?post=494137"},{"taxonomy":"guest_type","embeddable":true,"href":"https:\/\/www.parispackagingweek.com\/fr\/wp-json\/wp\/v2\/guest_type?post=494137"},{"taxonomy":"work","embeddable":true,"href":"https:\/\/www.parispackagingweek.com\/fr\/wp-json\/wp\/v2\/work?post=494137"}],"curies":[{"name":"wp","href":"https:\/\/api.w.org\/{rel}","templated":true}]}}

<p>Clara Hardy développe depuis 10 ans la soie Sericyne, une matière innovante et 100% issue d&rsquo;une filière intégrée, dédiées à l&rsquo;univers du luxe. SERICYNE collabore avec des acteurs de la maroquinerie, de la cosmétique et du design pour proposer des produits durables et d’excellence.</p>

Clara Hardy développe depuis 10 ans la soie Sericyne, une matière innovante et 100% issue d'une filière intégrée, dédiées à l'univers du luxe. SERICYNE collabore avec des acteurs de la maroquinerie, de la cosmétique et du design pour proposer des produits durables et d’excellence.
