{"id":68164,"date":"2022-04-20T09:37:11","date_gmt":"2022-04-20T07:37:11","guid":{"rendered":"https:\/\/www.parispackagingweek.com\/?post_type=guest&#038;p=68164"},"modified":"2022-12-26T09:28:16","modified_gmt":"2022-12-26T08:28:16","slug":"nicolas-koutros","status":"publish","type":"guest","link":"https:\/\/www.parispackagingweek.com\/fr\/speaker\/nicolas-koutros\/","title":{"rendered":"Nicolas Koutros, Oberthur Solutions"},"content":{"rendered":"<p>Directeur g\u00e9n\u00e9ral adjoint du groupe Fran\u00e7ois-Charles Oberthur (FCO) et directeur g\u00e9n\u00e9ral de la soci\u00e9t\u00e9 Bioguard &amp; Co.<\/p>\n<p>Il a \u00e9t\u00e9 n\u00e9 en 1960, a obtenu un dipl\u00f4me d&rsquo;ing\u00e9nieur \u00e9lectricien de l&rsquo;\u00c9cole polytechnique F\u00e9d\u00e9rale de Lausanne. Il a ensuite obtenu un Master en Business Administration \u00e0 l&rsquo;INSEAD.<br \/>\nIl a commenc\u00e9 sa carri\u00e8re en 1984 en tant que chef de projet chez CIBA CEIGY En 1990, il a rejoint SICPA pour devenir directeur d&rsquo;usine, avant de s&rsquo;installer en France en 1997 pour rejoindre le groupe FCOF, en tant que directeur de division d&rsquo;Oberthur Fiduciaire Depuis qu&rsquo;il a rejoint le groupe FCOF, son objectif a \u00e9t\u00e9 de placer la soci\u00e9t\u00e9 \u00e0 la pointe de l&rsquo;innovation dans l&rsquo;industrie de l&rsquo;impression de s\u00e9curit\u00e9.<br \/>\nApr\u00e8s avoir dirig\u00e9 la division OF jusqu&rsquo;\u00e0 la fin de l&rsquo;ann\u00e9e 2020, M. Koutros est actuellement en charge du d\u00e9veloppement de la division Oberthur Solutions qui propose des solutions innovantes en mati\u00e8re de s\u00e9curit\u00e9.<br \/>\nOberthur Solutions qui propose des solutions innovantes pour les services num\u00e9riques et les documents s\u00e9curis\u00e9s.<br \/>\nEn 2021, il a \u00e9t\u00e9 nomm\u00e9 directeur g\u00e9n\u00e9ral de Bioguard Co, une soci\u00e9t\u00e9 nouvellement cr\u00e9\u00e9e dont l&rsquo;objectif est de d\u00e9ployer le syst\u00e8me Bioguard.<br \/>\nobjectif de d\u00e9ployer la technologie Bioguard\u2122 au-del\u00e0 de l&rsquo;impression fiduciaire La technologie Bioguard\u2122 est une solution qui peut \u00eatre utilis\u00e9e dans n&rsquo;importe quelle industrie pour prot\u00e9ger les produits, les surfaces, les emballages et le papier en offrant des des solutions personnalis\u00e9es. Nicolas Koutros est aujourd&rsquo;hui directeur g\u00e9n\u00e9ral adjoint du groupe Fran\u00e7ois Charles Oberthur et directeur g\u00e9n\u00e9ral de la soci\u00e9t\u00e9 Bioguard Co.<\/p>\n","protected":false},"excerpt":{"rendered":"<p>Directeur g\u00e9n\u00e9ral adjoint du groupe Fran\u00e7ois-Charles Oberthur (FCO) et directeur g\u00e9n\u00e9ral de la soci\u00e9t\u00e9 Bioguard &amp; Co. Il a \u00e9t\u00e9 n\u00e9 en 1960, a obtenu un dipl\u00f4me d&rsquo;ing\u00e9nieur \u00e9lectricien de l&rsquo;\u00c9cole polytechnique F\u00e9d\u00e9rale de Lausanne. Il a ensuite obtenu un Master en Business Administration \u00e0 l&rsquo;INSEAD. Il a commenc\u00e9 sa carri\u00e8re en 1984 en tant [&hellip;]<\/p>\n","protected":false},"featured_media":68172,"template":"","meta":{"_seopress_robots_primary_cat":"","_seopress_titles_title":"PLD Talks 2023 | Nicolas Koutros, Oberthur Solutions","_seopress_titles_desc":"","_seopress_robots_index":"","_company_name":"","_job_title":"","_visit_me":"","_email":"","_linkedin":"https:\/\/fr.linkedin.com\/in\/nicolas-koutros-a93b56228\/fr","_twitter":"","_facebook":"","_instagram":"","_youtube":"","_imdb":"","footnotes":""},"edition":[586],"guest_type":[445],"work":[],"class_list":["post-68164","guest","type-guest","status-publish","has-post-thumbnail","hentry","edition-paris-packaging-week-speakers-2022","guest_type-pcd-speakers-2022"],"_cover_image":null,"_links":{"self":[{"href":"https:\/\/www.parispackagingweek.com\/fr\/wp-json\/wp\/v2\/guest\/68164","targetHints":{"allow":["GET"]}}],"collection":[{"href":"https:\/\/www.parispackagingweek.com\/fr\/wp-json\/wp\/v2\/guest"}],"about":[{"href":"https:\/\/www.parispackagingweek.com\/fr\/wp-json\/wp\/v2\/types\/guest"}],"version-history":[{"count":5,"href":"https:\/\/www.parispackagingweek.com\/fr\/wp-json\/wp\/v2\/guest\/68164\/revisions"}],"predecessor-version":[{"id":223271,"href":"https:\/\/www.parispackagingweek.com\/fr\/wp-json\/wp\/v2\/guest\/68164\/revisions\/223271"}],"wp:featuredmedia":[{"embeddable":true,"href":"https:\/\/www.parispackagingweek.com\/fr\/wp-json\/wp\/v2\/media\/68172"}],"wp:attachment":[{"href":"https:\/\/www.parispackagingweek.com\/fr\/wp-json\/wp\/v2\/media?parent=68164"}],"wp:term":[{"taxonomy":"edition","embeddable":true,"href":"https:\/\/www.parispackagingweek.com\/fr\/wp-json\/wp\/v2\/edition?post=68164"},{"taxonomy":"guest_type","embeddable":true,"href":"https:\/\/www.parispackagingweek.com\/fr\/wp-json\/wp\/v2\/guest_type?post=68164"},{"taxonomy":"work","embeddable":true,"href":"https:\/\/www.parispackagingweek.com\/fr\/wp-json\/wp\/v2\/work?post=68164"}],"curies":[{"name":"wp","href":"https:\/\/api.w.org\/{rel}","templated":true}]}}

<p>Directeur général adjoint du groupe François-Charles Oberthur (FCO) et directeur général de la société Bioguard &amp; Co.</p>
<p>Il a été né en 1960, a obtenu un diplôme d&rsquo;ingénieur électricien de l&rsquo;École polytechnique Fédérale de Lausanne. Il a ensuite obtenu un Master en Business Administration à l&rsquo;INSEAD.<br />
Il a commencé sa carrière en 1984 en tant que chef de projet chez CIBA CEIGY En 1990, il a rejoint SICPA pour devenir directeur d&rsquo;usine, avant de s&rsquo;installer en France en 1997 pour rejoindre le groupe FCOF, en tant que directeur de division d&rsquo;Oberthur Fiduciaire Depuis qu&rsquo;il a rejoint le groupe FCOF, son objectif a été de placer la société à la pointe de l&rsquo;innovation dans l&rsquo;industrie de l&rsquo;impression de sécurité.<br />
Après avoir dirigé la division OF jusqu&rsquo;à la fin de l&rsquo;année 2020, M. Koutros est actuellement en charge du développement de la division Oberthur Solutions qui propose des solutions innovantes en matière de sécurité.<br />
Oberthur Solutions qui propose des solutions innovantes pour les services numériques et les documents sécurisés.<br />
En 2021, il a été nommé directeur général de Bioguard Co, une société nouvellement créée dont l&rsquo;objectif est de déployer le système Bioguard.<br />
objectif de déployer la technologie Bioguard™ au-delà de l&rsquo;impression fiduciaire La technologie Bioguard™ est une solution qui peut être utilisée dans n&rsquo;importe quelle industrie pour protéger les produits, les surfaces, les emballages et le papier en offrant des des solutions personnalisées. Nicolas Koutros est aujourd&rsquo;hui directeur général adjoint du groupe François Charles Oberthur et directeur général de la société Bioguard Co.</p>

<p>Directeur général adjoint du groupe François-Charles Oberthur (FCO) et directeur général de la société Bioguard &amp; Co. Il a été né en 1960, a obtenu un diplôme d&rsquo;ingénieur électricien de l&rsquo;École polytechnique Fédérale de Lausanne. Il a ensuite obtenu un Master en Business Administration à l&rsquo;INSEAD. Il a commencé sa carrière en 1984 en tant [&hellip;]</p>
