{"id":70231,"date":"2022-04-26T16:17:24","date_gmt":"2022-04-26T14:17:24","guid":{"rendered":"https:\/\/www.parispackagingweek.com\/?post_type=guest&#038;p=70231"},"modified":"2026-08-24T12:20:29","modified_gmt":"2026-08-24T10:20:29","slug":"thomas-gueller","status":"publish","type":"guest","link":"https:\/\/www.parispackagingweek.com\/fr\/speaker\/thomas-gueller\/","title":{"rendered":"Thomas Gueller"},"content":{"rendered":"<p>Journaliste sp\u00e9cialis\u00e9 dans l\u2019\u00e9conomie des vins, champagnes et spiritueux pour de nombreuses revues (Rayon Boissons, Viti, Formes de luxe\u2026), Thomas Gueller a fond\u00e9 en 2010 la lettre \u00e9conomique V&amp;S news, puis le magazine Cavistes &amp; e-commerce. Deux fois par an, la lettre V&amp;S news publie un hors-s\u00e9rie Carnet de tendances V&amp;S d\u00e9di\u00e9 aux innovations packaging, aux \u00e9volutions des modes de consommation et aux nouvelles techniques de communication.<\/p>\n","protected":false},"excerpt":{"rendered":"<p>Journaliste sp\u00e9cialis\u00e9 dans l\u2019\u00e9conomie des vins, champagnes et spiritueux pour de nombreuses revues (Rayon Boissons, Viti, Formes de luxe\u2026), Thomas Gueller a fond\u00e9 en 2010 la lettre \u00e9conomique V&amp;S news, puis le magazine Cavistes &amp; e-commerce. Deux fois par an, la lettre V&amp;S news publie un hors-s\u00e9rie Carnet de tendances V&amp;S d\u00e9di\u00e9 aux innovations packaging, [&hellip;]<\/p>\n","protected":false},"featured_media":276133,"template":"","meta":{"_seopress_titles_title":"PLD Paris | Thomas Gueller, V&amp;S News","_seopress_titles_desc":"","_seopress_robots_index":"","_seopress_robots_follow":"","_seopress_robots_imageindex":"","_seopress_robots_snippet":"","_seopress_robots_primary_cat":"","_seopress_robots_breadcrumbs":"","_seopress_robots_freeze_modified_date":"","_seopress_robots_custom_modified_date":"","_seopress_robots_canonical":"","_seopress_social_fb_title":"","_seopress_social_fb_desc":"","_seopress_social_fb_img":"","_seopress_social_fb_img_attachment_id":0,"_seopress_social_fb_img_width":0,"_seopress_social_fb_img_height":0,"_seopress_social_twitter_title":"","_seopress_social_twitter_desc":"","_seopress_social_twitter_img":"","_seopress_social_twitter_img_attachment_id":0,"_seopress_social_twitter_img_width":0,"_seopress_social_twitter_img_height":0,"_seopress_redirections_value":"","_seopress_redirections_enabled":"","_seopress_redirections_enabled_regex":"","_seopress_redirections_logged_status":"both","_seopress_redirections_param":"","_seopress_redirections_type":301,"_seopress_analysis_target_kw":"","_seopress_news_disabled":"","_seopress_video_disabled":"","_seopress_video":[{"url":"","title":"","desc":"","thumbnail":"","duration":"","rating":"","view_count":"","tag":""}],"_seopress_pro_schemas_manual":[],"_seopress_pro_rich_snippets_disable_all":"","_seopress_pro_rich_snippets_disable":[],"_seopress_pro_schemas":[],"_company_name":"V&S News","_job_title":"Chief Editor","_visit_me":"","_email":"","_linkedin":"https:\/\/www.linkedin.com\/in\/thomas-gueller-9a1ba125\/","_twitter":"","_facebook":"","_instagram":"","_youtube":"","_imdb":"","footnotes":""},"edition":[586,744],"guest_type":[],"work":[],"class_list":["post-70231","guest","type-guest","status-publish","has-post-thumbnail","hentry","edition-paris-packaging-week-speakers-2022","edition-paris-packaging-week-speakers-2024"],"_cover_image":null,"_links":{"self":[{"href":"https:\/\/www.parispackagingweek.com\/fr\/wp-json\/wp\/v2\/guest\/70231","targetHints":{"allow":["GET"]}}],"collection":[{"href":"https:\/\/www.parispackagingweek.com\/fr\/wp-json\/wp\/v2\/guest"}],"about":[{"href":"https:\/\/www.parispackagingweek.com\/fr\/wp-json\/wp\/v2\/types\/guest"}],"version-history":[{"count":0,"href":"https:\/\/www.parispackagingweek.com\/fr\/wp-json\/wp\/v2\/guest\/70231\/revisions"}],"wp:featuredmedia":[{"embeddable":true,"href":"https:\/\/www.parispackagingweek.com\/fr\/wp-json\/wp\/v2\/media\/276133"}],"wp:attachment":[{"href":"https:\/\/www.parispackagingweek.com\/fr\/wp-json\/wp\/v2\/media?parent=70231"}],"wp:term":[{"taxonomy":"edition","embeddable":true,"href":"https:\/\/www.parispackagingweek.com\/fr\/wp-json\/wp\/v2\/edition?post=70231"},{"taxonomy":"guest_type","embeddable":true,"href":"https:\/\/www.parispackagingweek.com\/fr\/wp-json\/wp\/v2\/guest_type?post=70231"},{"taxonomy":"work","embeddable":true,"href":"https:\/\/www.parispackagingweek.com\/fr\/wp-json\/wp\/v2\/work?post=70231"}],"curies":[{"name":"wp","href":"https:\/\/api.w.org\/{rel}","templated":true}]}}

<p>Journaliste spécialisé dans l’économie des vins, champagnes et spiritueux pour de nombreuses revues (Rayon Boissons, Viti, Formes de luxe…), Thomas Gueller a fondé en 2010 la lettre économique V&amp;S news, puis le magazine Cavistes &amp; e-commerce. Deux fois par an, la lettre V&amp;S news publie un hors-série Carnet de tendances V&amp;S dédié aux innovations packaging, aux évolutions des modes de consommation et aux nouvelles techniques de communication.</p>

<p>Journaliste spécialisé dans l’économie des vins, champagnes et spiritueux pour de nombreuses revues (Rayon Boissons, Viti, Formes de luxe…), Thomas Gueller a fondé en 2010 la lettre économique V&amp;S news, puis le magazine Cavistes &amp; e-commerce. Deux fois par an, la lettre V&amp;S news publie un hors-série Carnet de tendances V&amp;S dédié aux innovations packaging, [&hellip;]</p>
