{"id":70399,"date":"2022-04-27T10:33:37","date_gmt":"2022-04-27T08:33:37","guid":{"rendered":"https:\/\/www.parispackagingweek.com\/?post_type=guest&#038;p=70399"},"modified":"2022-10-31T13:13:03","modified_gmt":"2022-10-31T12:13:03","slug":"alban-bourcier-beiersdorf","status":"publish","type":"guest","link":"https:\/\/www.parispackagingweek.com\/fr\/speaker\/alban-bourcier-beiersdorf\/","title":{"rendered":"Alban Bourcier, Beiersdorf\u00a0"},"content":{"rendered":"<p><strong>Senior packaging specialist, Beiersdorf\u00a0<\/strong><\/p>\n<p>Ing\u00e9nieur packaging chez L&rsquo;Or\u00e9al packaging expertise center de 2013 \u00e0 2018. Depuis, il est \u00ab\u00a0<strong>Senior packaging specialist<\/strong>\u00a0\u00bb chez Beiersdorf Global Packaging Development.<\/p>\n","protected":false},"excerpt":{"rendered":"<p>Senior packaging specialist, Beiersdorf\u00a0 Ing\u00e9nieur packaging chez L&rsquo;Or\u00e9al packaging expertise center de 2013 \u00e0 2018. Depuis, il est \u00ab\u00a0Senior packaging specialist\u00a0\u00bb chez Beiersdorf Global Packaging Development.<\/p>\n","protected":false},"featured_media":70404,"template":"","meta":{"_seopress_titles_title":"Alban Bourcier | ADF Talks  ","_seopress_titles_desc":"","_seopress_robots_index":"","_seopress_robots_follow":"","_seopress_robots_imageindex":"","_seopress_robots_snippet":"","_seopress_robots_primary_cat":"","_seopress_robots_breadcrumbs":"","_seopress_robots_freeze_modified_date":"","_seopress_robots_custom_modified_date":"","_seopress_robots_canonical":"","_seopress_social_fb_title":"","_seopress_social_fb_desc":"","_seopress_social_fb_img":"","_seopress_social_fb_img_attachment_id":0,"_seopress_social_fb_img_width":0,"_seopress_social_fb_img_height":0,"_seopress_social_twitter_title":"","_seopress_social_twitter_desc":"","_seopress_social_twitter_img":"","_seopress_social_twitter_img_attachment_id":0,"_seopress_social_twitter_img_width":0,"_seopress_social_twitter_img_height":0,"_seopress_redirections_value":"","_seopress_redirections_enabled":"","_seopress_redirections_enabled_regex":"","_seopress_redirections_logged_status":"both","_seopress_redirections_param":"","_seopress_redirections_type":301,"_seopress_analysis_target_kw":"","_seopress_news_disabled":"","_seopress_video_disabled":"","_seopress_video":[],"_seopress_pro_schemas_manual":[],"_seopress_pro_rich_snippets_disable_all":"","_seopress_pro_rich_snippets_disable":[],"_seopress_pro_schemas":[],"_company_name":"","_job_title":"","_visit_me":"","_email":"","_linkedin":"https:\/\/www.linkedin.com\/in\/alban-bourcier\/","_twitter":"","_facebook":"","_instagram":"","_youtube":"","_imdb":"","footnotes":""},"edition":[586],"guest_type":[443],"work":[],"class_list":["post-70399","guest","type-guest","status-publish","has-post-thumbnail","hentry","edition-paris-packaging-week-speakers-2022","guest_type-adf-speakers-2022"],"_cover_image":null,"_links":{"self":[{"href":"https:\/\/www.parispackagingweek.com\/fr\/wp-json\/wp\/v2\/guest\/70399","targetHints":{"allow":["GET"]}}],"collection":[{"href":"https:\/\/www.parispackagingweek.com\/fr\/wp-json\/wp\/v2\/guest"}],"about":[{"href":"https:\/\/www.parispackagingweek.com\/fr\/wp-json\/wp\/v2\/types\/guest"}],"version-history":[{"count":0,"href":"https:\/\/www.parispackagingweek.com\/fr\/wp-json\/wp\/v2\/guest\/70399\/revisions"}],"wp:featuredmedia":[{"embeddable":true,"href":"https:\/\/www.parispackagingweek.com\/fr\/wp-json\/wp\/v2\/media\/70404"}],"wp:attachment":[{"href":"https:\/\/www.parispackagingweek.com\/fr\/wp-json\/wp\/v2\/media?parent=70399"}],"wp:term":[{"taxonomy":"edition","embeddable":true,"href":"https:\/\/www.parispackagingweek.com\/fr\/wp-json\/wp\/v2\/edition?post=70399"},{"taxonomy":"guest_type","embeddable":true,"href":"https:\/\/www.parispackagingweek.com\/fr\/wp-json\/wp\/v2\/guest_type?post=70399"},{"taxonomy":"work","embeddable":true,"href":"https:\/\/www.parispackagingweek.com\/fr\/wp-json\/wp\/v2\/work?post=70399"}],"curies":[{"name":"wp","href":"https:\/\/api.w.org\/{rel}","templated":true}]}}

<p><strong>Senior packaging specialist, Beiersdorf </strong></p>
<p>Ingénieur packaging chez L&rsquo;Oréal packaging expertise center de 2013 à 2018. Depuis, il est « <strong>Senior packaging specialist</strong> » chez Beiersdorf Global Packaging Development.</p>

<p>Senior packaging specialist, Beiersdorf  Ingénieur packaging chez L&rsquo;Oréal packaging expertise center de 2013 à 2018. Depuis, il est « Senior packaging specialist » chez Beiersdorf Global Packaging Development.</p>
