{"id":70803,"date":"2022-04-28T17:48:34","date_gmt":"2022-04-28T15:48:34","guid":{"rendered":"https:\/\/www.parispackagingweek.com\/?post_type=guest&#038;p=70803"},"modified":"2025-01-14T17:47:33","modified_gmt":"2025-01-14T16:47:33","slug":"franck-hennebelle-color-grail","status":"publish","type":"guest","link":"https:\/\/www.parispackagingweek.com\/fr\/speaker\/franck-hennebelle-color-grail\/","title":{"rendered":"Franck Hennebelle"},"content":{"rendered":"<p><strong>Fondateur &amp; CEO, Color Grail&nbsp;<\/strong><\/p>\n<p>Dipl\u00f4m\u00e9 en Mines ParisTech,M. Hennebelle a pass\u00e9 7 ans chez McKinsey dans les secteurs de l&rsquo;automobile, l&rsquo;\u00e9lectronique grand public et les produits de luxe. Ensuite il a fait 6 ans chez AXA en tant que responsable mondial des achats d&rsquo;assurance (sinistres). Il est aussi <strong>fondateur et PDG<\/strong> d&rsquo;AXA Alpha Scale (180M\u20ac de chiffre d&rsquo;affaires).<\/p>\n","protected":false},"excerpt":{"rendered":"<p>Fondateur &amp; CEO, Color Grail&nbsp; Dipl\u00f4m\u00e9 en Mines ParisTech,M. Hennebelle a pass\u00e9 7 ans chez McKinsey dans les secteurs de l&rsquo;automobile, l&rsquo;\u00e9lectronique grand public et les produits de luxe. Ensuite il a fait 6 ans chez AXA en tant que responsable mondial des achats d&rsquo;assurance (sinistres). Il est aussi fondateur et PDG d&rsquo;AXA Alpha Scale [&hellip;]<\/p>\n","protected":false},"featured_media":83422,"template":"","meta":{"_seopress_robots_primary_cat":"","_seopress_titles_title":"Franck Hennebelle | PLD Talks ","_seopress_titles_desc":"","_seopress_robots_index":"","_company_name":"Color Grail","_job_title":"Founder & CEO","_visit_me":"","_email":"","_linkedin":"","_twitter":"","_facebook":"","_instagram":"","_youtube":"","_imdb":"","footnotes":""},"edition":[924],"guest_type":[970],"work":[],"class_list":["post-70803","guest","type-guest","status-publish","has-post-thumbnail","hentry","edition-paris-packaging-week-2025","guest_type-discovery-zone-2025"],"_cover_image":null,"_links":{"self":[{"href":"https:\/\/www.parispackagingweek.com\/fr\/wp-json\/wp\/v2\/guest\/70803","targetHints":{"allow":["GET"]}}],"collection":[{"href":"https:\/\/www.parispackagingweek.com\/fr\/wp-json\/wp\/v2\/guest"}],"about":[{"href":"https:\/\/www.parispackagingweek.com\/fr\/wp-json\/wp\/v2\/types\/guest"}],"version-history":[{"count":5,"href":"https:\/\/www.parispackagingweek.com\/fr\/wp-json\/wp\/v2\/guest\/70803\/revisions"}],"predecessor-version":[{"id":432110,"href":"https:\/\/www.parispackagingweek.com\/fr\/wp-json\/wp\/v2\/guest\/70803\/revisions\/432110"}],"wp:featuredmedia":[{"embeddable":true,"href":"https:\/\/www.parispackagingweek.com\/fr\/wp-json\/wp\/v2\/media\/83422"}],"wp:attachment":[{"href":"https:\/\/www.parispackagingweek.com\/fr\/wp-json\/wp\/v2\/media?parent=70803"}],"wp:term":[{"taxonomy":"edition","embeddable":true,"href":"https:\/\/www.parispackagingweek.com\/fr\/wp-json\/wp\/v2\/edition?post=70803"},{"taxonomy":"guest_type","embeddable":true,"href":"https:\/\/www.parispackagingweek.com\/fr\/wp-json\/wp\/v2\/guest_type?post=70803"},{"taxonomy":"work","embeddable":true,"href":"https:\/\/www.parispackagingweek.com\/fr\/wp-json\/wp\/v2\/work?post=70803"}],"curies":[{"name":"wp","href":"https:\/\/api.w.org\/{rel}","templated":true}]}}

<p><strong>Fondateur &amp; CEO, Color Grail&nbsp;</strong></p>
<p>Diplômé en Mines ParisTech,M. Hennebelle a passé 7 ans chez McKinsey dans les secteurs de l&rsquo;automobile, l&rsquo;électronique grand public et les produits de luxe. Ensuite il a fait 6 ans chez AXA en tant que responsable mondial des achats d&rsquo;assurance (sinistres). Il est aussi <strong>fondateur et PDG</strong> d&rsquo;AXA Alpha Scale (180M€ de chiffre d&rsquo;affaires).</p>

<p>Fondateur &amp; CEO, Color Grail&nbsp; Diplômé en Mines ParisTech,M. Hennebelle a passé 7 ans chez McKinsey dans les secteurs de l&rsquo;automobile, l&rsquo;électronique grand public et les produits de luxe. Ensuite il a fait 6 ans chez AXA en tant que responsable mondial des achats d&rsquo;assurance (sinistres). Il est aussi fondateur et PDG d&rsquo;AXA Alpha Scale [&hellip;]</p>
