{"id":71910,"date":"2022-05-04T11:18:46","date_gmt":"2022-05-04T09:18:46","guid":{"rendered":"https:\/\/www.parispackagingweek.com\/?post_type=guest&#038;p=71910"},"modified":"2023-01-11T17:44:21","modified_gmt":"2023-01-11T16:44:21","slug":"emmanuel-guichard-febea","status":"publish","type":"guest","link":"https:\/\/www.parispackagingweek.com\/fr\/speaker\/emmanuel-guichard-febea\/","title":{"rendered":"Emmanuel Guichard, FEBEA"},"content":{"rendered":"<p>D\u00e9l\u00e9gu\u00e9 g\u00e9n\u00e9ral<\/p>\n<p>Ing\u00e9nieur agronome, \u00e2g\u00e9 de 44 ans, Emmanuel Guichard a d\u00e9but\u00e9 sa carri\u00e8re dans la recherche aux Etats-Unis et en Espagne, avant de rejoindre les associations professionnelles, en France comme \u00e0 Bruxelles.<\/p>\n<p>D\u2019abord charg\u00e9 d\u2019affaires \u00e9conomiques \u00e0 la Conf\u00e9d\u00e9ration g\u00e9n\u00e9rale des planteurs de betterave (CGB), il rejoint ensuite \u00e0 Bruxelles la COFALEC (Conf\u00e9d\u00e9ration de Fabricants de Levure de l\u2019Union europ\u00e9enne), comme Secr\u00e9taire g\u00e9n\u00e9ral.<\/p>\n<p>Depuis 2016, Emmanuel Guichard \u00e9tait D\u00e9l\u00e9gu\u00e9 g\u00e9n\u00e9ral d\u2019Elipso, l\u2019association professionnelle repr\u00e9sentant les fabricants d\u2019emballages en plastique. Dans ce secteur en transition, il a d\u00e9velopp\u00e9 une expertise sur l\u2019\u00e9conomie circulaire, de la conception au recyclage des emballages<\/p>\n<p>Depuis avril 2021, il est D\u00e9l\u00e9gu\u00e9 g\u00e9n\u00e9ral de la FEBEA (F\u00e9d\u00e9ration fran\u00e7aise des entreprises de la beaut\u00e9), le syndicat professionnel des entreprises du secteur cosm\u00e9tique. La FEBEA rassemble les marques de fabricants de produits de parfumerie, de maquillage, de soin, d\u2019hygi\u00e8ne, de toilette ou capillaires). Elle rassemble plus de 300 entreprises op\u00e9rant en France.<\/p>\n<p>En parall\u00e8le de ses activit\u00e9s professionnelles, Emmanuel Guichard est engag\u00e9 dans l\u2019enseignement \u00e0 Sciences Po Lille.<\/p>\n","protected":false},"excerpt":{"rendered":"<p>D\u00e9l\u00e9gu\u00e9 g\u00e9n\u00e9ral Ing\u00e9nieur agronome, \u00e2g\u00e9 de 44 ans, Emmanuel Guichard a d\u00e9but\u00e9 sa carri\u00e8re dans la recherche aux Etats-Unis et en Espagne, avant de rejoindre les associations professionnelles, en France comme \u00e0 Bruxelles. D\u2019abord charg\u00e9 d\u2019affaires \u00e9conomiques \u00e0 la Conf\u00e9d\u00e9ration g\u00e9n\u00e9rale des planteurs de betterave (CGB), il rejoint ensuite \u00e0 Bruxelles la COFALEC (Conf\u00e9d\u00e9ration de [&hellip;]<\/p>\n","protected":false},"featured_media":68030,"template":"","meta":{"_seopress_robots_primary_cat":"","_seopress_titles_title":" PCD Talks 2023 | Emmanuel Guichard, FEBEA","_seopress_titles_desc":"","_seopress_robots_index":"","_company_name":"","_job_title":"","_visit_me":"","_email":"","_linkedin":"https:\/\/www.linkedin.com\/in\/emmanuel-guichard-16563a30\/","_twitter":"","_facebook":"","_instagram":"","_youtube":"","_imdb":"","footnotes":""},"edition":[586,585],"guest_type":[445,578],"work":[],"class_list":["post-71910","guest","type-guest","status-publish","has-post-thumbnail","hentry","edition-paris-packaging-week-speakers-2022","edition-paris-packaging-week-speakers-2023","guest_type-pcd-speakers-2022","guest_type-pcd-speakers-2023"],"_cover_image":null,"_links":{"self":[{"href":"https:\/\/www.parispackagingweek.com\/fr\/wp-json\/wp\/v2\/guest\/71910","targetHints":{"allow":["GET"]}}],"collection":[{"href":"https:\/\/www.parispackagingweek.com\/fr\/wp-json\/wp\/v2\/guest"}],"about":[{"href":"https:\/\/www.parispackagingweek.com\/fr\/wp-json\/wp\/v2\/types\/guest"}],"version-history":[{"count":5,"href":"https:\/\/www.parispackagingweek.com\/fr\/wp-json\/wp\/v2\/guest\/71910\/revisions"}],"predecessor-version":[{"id":250509,"href":"https:\/\/www.parispackagingweek.com\/fr\/wp-json\/wp\/v2\/guest\/71910\/revisions\/250509"}],"wp:featuredmedia":[{"embeddable":true,"href":"https:\/\/www.parispackagingweek.com\/fr\/wp-json\/wp\/v2\/media\/68030"}],"wp:attachment":[{"href":"https:\/\/www.parispackagingweek.com\/fr\/wp-json\/wp\/v2\/media?parent=71910"}],"wp:term":[{"taxonomy":"edition","embeddable":true,"href":"https:\/\/www.parispackagingweek.com\/fr\/wp-json\/wp\/v2\/edition?post=71910"},{"taxonomy":"guest_type","embeddable":true,"href":"https:\/\/www.parispackagingweek.com\/fr\/wp-json\/wp\/v2\/guest_type?post=71910"},{"taxonomy":"work","embeddable":true,"href":"https:\/\/www.parispackagingweek.com\/fr\/wp-json\/wp\/v2\/work?post=71910"}],"curies":[{"name":"wp","href":"https:\/\/api.w.org\/{rel}","templated":true}]}}

<p>Délégué général</p>
<p>Ingénieur agronome, âgé de 44 ans, Emmanuel Guichard a débuté sa carrière dans la recherche aux Etats-Unis et en Espagne, avant de rejoindre les associations professionnelles, en France comme à Bruxelles.</p>
<p>D’abord chargé d’affaires économiques à la Confédération générale des planteurs de betterave (CGB), il rejoint ensuite à Bruxelles la COFALEC (Confédération de Fabricants de Levure de l’Union européenne), comme Secrétaire général.</p>
<p>Depuis 2016, Emmanuel Guichard était Délégué général d’Elipso, l’association professionnelle représentant les fabricants d’emballages en plastique. Dans ce secteur en transition, il a développé une expertise sur l’économie circulaire, de la conception au recyclage des emballages</p>
<p>Depuis avril 2021, il est Délégué général de la FEBEA (Fédération française des entreprises de la beauté), le syndicat professionnel des entreprises du secteur cosmétique. La FEBEA rassemble les marques de fabricants de produits de parfumerie, de maquillage, de soin, d’hygiène, de toilette ou capillaires). Elle rassemble plus de 300 entreprises opérant en France.</p>
<p>En parallèle de ses activités professionnelles, Emmanuel Guichard est engagé dans l’enseignement à Sciences Po Lille.</p>

<p>Délégué général Ingénieur agronome, âgé de 44 ans, Emmanuel Guichard a débuté sa carrière dans la recherche aux Etats-Unis et en Espagne, avant de rejoindre les associations professionnelles, en France comme à Bruxelles. D’abord chargé d’affaires économiques à la Confédération générale des planteurs de betterave (CGB), il rejoint ensuite à Bruxelles la COFALEC (Confédération de [&hellip;]</p>
