{"id":71914,"date":"2022-05-04T12:12:25","date_gmt":"2022-05-04T10:12:25","guid":{"rendered":"https:\/\/www.parispackagingweek.com\/?post_type=guest&#038;p=71914"},"modified":"2024-01-09T14:29:50","modified_gmt":"2024-01-09T13:29:50","slug":"michel-fontaine-cne","status":"publish","type":"guest","link":"https:\/\/www.parispackagingweek.com\/fr\/speaker\/michel-fontaine-cne\/","title":{"rendered":"Michel Fontaine"},"content":{"rendered":"<p>Dipl\u00f4m\u00e9 de Centrale Lyon, Michel Fontaine a pass\u00e9 38 ans chez l\u2019Or\u00e9al avec un double parcours : industriel pendant 18 ans (ing\u00e9nieur, directeur d\u2019usine, directeur industriel) puis directeur International du D\u00e9veloppement Produits et du Packaging pendant 20 ans. Il fut Pr\u00e9sident du Comit\u00e9 Fran\u00e7ais des A\u00e9rosols (CFA) de 2004 \u00e0 2011 et est, depuis 10 ans, Pr\u00e9sident du Conseil National de l&rsquo;Emballage (CNE). Ces exp\u00e9riences lui donnent une connaissance affirm\u00e9e des m\u00e9canismes de la grande consommation, de l\u2019expertise technique et de l\u2019innovation li\u00e9es aux emballages et une tr\u00e8s forte implication dans le d\u00e9veloppement durable et le respect de l\u2019environnement.<\/p>\n","protected":false},"excerpt":{"rendered":"<p>Dipl\u00f4m\u00e9 de Centrale Lyon, Michel Fontaine a pass\u00e9 38 ans chez l\u2019Or\u00e9al avec un double parcours : industriel pendant 18 ans (ing\u00e9nieur, directeur d\u2019usine, directeur industriel) puis directeur International du D\u00e9veloppement Produits et du Packaging pendant 20 ans. Il fut Pr\u00e9sident du Comit\u00e9 Fran\u00e7ais des A\u00e9rosols (CFA) de 2004 \u00e0 2011 et est, depuis 10 [&hellip;]<\/p>\n","protected":false},"featured_media":326227,"template":"","meta":{"_seopress_robots_primary_cat":"","_seopress_titles_title":"Circular Economy Stage | Michel Fontaine, Conseil National de l&#039;Emballage","_seopress_titles_desc":"","_seopress_robots_index":"","_company_name":"Conseil National de l'Emballage","_job_title":"President","_visit_me":"","_email":"","_linkedin":"https:\/\/www.linkedin.com\/in\/michel-fontaine-29643539\/","_twitter":"","_facebook":"","_instagram":"","_youtube":"","_imdb":"","footnotes":""},"edition":[744],"guest_type":[769,801],"work":[],"class_list":["post-71914","guest","type-guest","status-publish","has-post-thumbnail","hentry","edition-paris-packaging-week-speakers-2024","guest_type-circular-economy-stage","guest_type-the-future-innovation-forum-fr"],"_cover_image":null,"_links":{"self":[{"href":"https:\/\/www.parispackagingweek.com\/fr\/wp-json\/wp\/v2\/guest\/71914","targetHints":{"allow":["GET"]}}],"collection":[{"href":"https:\/\/www.parispackagingweek.com\/fr\/wp-json\/wp\/v2\/guest"}],"about":[{"href":"https:\/\/www.parispackagingweek.com\/fr\/wp-json\/wp\/v2\/types\/guest"}],"version-history":[{"count":4,"href":"https:\/\/www.parispackagingweek.com\/fr\/wp-json\/wp\/v2\/guest\/71914\/revisions"}],"predecessor-version":[{"id":310227,"href":"https:\/\/www.parispackagingweek.com\/fr\/wp-json\/wp\/v2\/guest\/71914\/revisions\/310227"}],"wp:featuredmedia":[{"embeddable":true,"href":"https:\/\/www.parispackagingweek.com\/fr\/wp-json\/wp\/v2\/media\/326227"}],"wp:attachment":[{"href":"https:\/\/www.parispackagingweek.com\/fr\/wp-json\/wp\/v2\/media?parent=71914"}],"wp:term":[{"taxonomy":"edition","embeddable":true,"href":"https:\/\/www.parispackagingweek.com\/fr\/wp-json\/wp\/v2\/edition?post=71914"},{"taxonomy":"guest_type","embeddable":true,"href":"https:\/\/www.parispackagingweek.com\/fr\/wp-json\/wp\/v2\/guest_type?post=71914"},{"taxonomy":"work","embeddable":true,"href":"https:\/\/www.parispackagingweek.com\/fr\/wp-json\/wp\/v2\/work?post=71914"}],"curies":[{"name":"wp","href":"https:\/\/api.w.org\/{rel}","templated":true}]}}

<p>Diplômé de Centrale Lyon, Michel Fontaine a passé 38 ans chez l’Oréal avec un double parcours : industriel pendant 18 ans (ingénieur, directeur d’usine, directeur industriel) puis directeur International du Développement Produits et du Packaging pendant 20 ans. Il fut Président du Comité Français des Aérosols (CFA) de 2004 à 2011 et est, depuis 10 ans, Président du Conseil National de l&rsquo;Emballage (CNE). Ces expériences lui donnent une connaissance affirmée des mécanismes de la grande consommation, de l’expertise technique et de l’innovation liées aux emballages et une très forte implication dans le développement durable et le respect de l’environnement.</p>

<p>Diplômé de Centrale Lyon, Michel Fontaine a passé 38 ans chez l’Oréal avec un double parcours : industriel pendant 18 ans (ingénieur, directeur d’usine, directeur industriel) puis directeur International du Développement Produits et du Packaging pendant 20 ans. Il fut Président du Comité Français des Aérosols (CFA) de 2004 à 2011 et est, depuis 10 [&hellip;]</p>
